419
CXUS51 KCAR 112131
CLMMLT


CLIMATE REPORT
NATIONAL WEATHER SERVICE CARIBOU, ME
430 PM EST THU DEC 11 2014

...................................

...THE MILLINOCKET ME CLIMATE SUMMARY FOR THE SEASON, FROM
9/1/2014 TO 11/30/2014...

CLIMATE NORMAL PERIOD 1981 TO 2010
CLIMATE RECORD PERIOD 1903 TO 2014

WEATHER         OBSERVED          NORMAL  DEPART  LAST YEAR`S
                 VALUE   DATE(S)  VALUE   FROM    VALUE  DATE(S)
                                          NORMAL
................................................................
TEMPERATURE (F)
RECORD
 HIGH              96   09/10/2002
 LOW              -10   11/29/1920
HIGHEST            85   09/28        MM      MM       87  09/11
                        09/05
LOWEST              8   11/30        MM      MM        9  11/30
                        11/28
                        11/29
AVG. MAXIMUM     56.2              54.8     1.4     56.2
AVG. MINIMUM     37.7              36.8     0.9     37.6
MEAN             46.9              45.8     1.1     46.9
DAYS MAX >= 90      0               0.3    -0.3        0
DAYS MAX <= 32      6               3.9     2.1        5
DAYS MIN <= 32     24              32.4    -8.4       32
DAYS MIN <= 0       0               0.1    -0.1        0

PRECIPITATION (INCHES)
RECORD
 MAXIMUM        16.85   2006
 MINIMUM         9.57   2011
TOTALS           8.33R                    -3.89
DAILY AVG.       0.09              0.13   -0.04     0.12
DAYS >= .01        28                MM      MM       31
DAYS >= .10        15                MM      MM       17
DAYS >= .50         6                MM      MM        8
DAYS >= 1.00        3                MM      MM        2
GREATEST
 24 HR. TOTAL    1.67   MM                       11/30 TO 11/30
                                                          11/30 TO 11/30
                                                          11/30 TO 11/30

SNOWFALL (INCHES)
RECORDS
 TOTAL             MM   MM
TOTALS             MM                MM      MM       MM
SINCE 7/1          MM                MM      MM      0.0
SNOWDEPTH AVG.     MM                MM      MM       MM
DAYS >= 1.0         0                MM      MM        0
GREATEST
 SNOW DEPTH        MM                                 MM  MM
 24 HR TOTAL       MM                                 MM

DEGREE_DAYS
HEATING TOTAL    1568              1765    -197     1647
 SINCE 7/1       1596              1843    -247     1692
COOLING TOTAL      47                17      30       28
 SINCE 1/1        375               268     107      380
.................................................

WIND (MPH)
AVERAGE WIND SPEED              4.9
HIGHEST WIND SPEED/DIRECTION    30/320    DATE  11/02
HIGHEST GUST SPEED/DIRECTION    43/320    DATE  11/02

SKY COVER
POSSIBLE SUNSHINE (PERCENT)   MM
AVERAGE SKY COVER           0.50
NUMBER OF DAYS FAIR           29
NUMBER OF DAYS PC             32
NUMBER OF DAYS CLOUDY         27

AVERAGE RH (PERCENT)     73

WEATHER CONDITIONS. NUMBER OF DAYS WITH
THUNDERSTORM              0     MIXED PRECIP               0
HEAVY RAIN                9     RAIN                      12
LIGHT RAIN               34     FREEZING RAIN              1
LT FREEZING RAIN          2     HAIL                       0
HEAVY SNOW                2     SNOW                       5
LIGHT SNOW               11     SLEET                      0
FOG                      52     FOG W/VIS <= 1/4 MILE      9
HAZE                      8

-  INDICATES NEGATIVE NUMBERS.
R  INDICATES RECORD WAS SET OR TIED.
MM INDICATES DATA IS MISSING.
T  INDICATES TRACE AMOUNT.

$$




U.S. Dept. of Commerce
NOAA National Weather Service
1325 East West Highway
Silver Spring, MD 20910
E-mail: w-nws.webmaster@noaa.gov
Page last modified: May 16, 2007
NATIONAL WEATHER SERVICE: for Safety, for Work, for Fun - FOR LIFE