109
CXUS51 KCAR 020552
CLMMLT


CLIMATE REPORT
NATIONAL WEATHER SERVICE CARIBOU, ME
149 AM EDT SAT AUG 2 2014

...................................

...THE MILLINOCKET ME CLIMATE SUMMARY FOR THE MONTH OF JULY 2014...

CLIMATE NORMAL PERIOD 1981 TO 2010
CLIMATE RECORD PERIOD 1903 TO 2014

WEATHER         OBSERVED          NORMAL  DEPART  LAST YEAR`S
                 VALUE   DATE(S)  VALUE   FROM    VALUE  DATE(S)
                                          NORMAL
................................................................
TEMPERATURE (F)
RECORD
 HIGH             100   07/07/1912
                        07/04/1912
 LOW               37   07/03/1933
HIGHEST            94   07/02        MM      MM       94  07/15
LOWEST             50   07/30        MM      MM       48  07/22
                        07/11
AVG. MAXIMUM     80.3              78.3     2.0     82.0
AVG. MINIMUM     59.7              57.7     2.0     60.5
MEAN             70.0              68.0     2.0     71.2
DAYS MAX >= 90      3               1.1     1.9        6
DAYS MAX <= 32      0               0.0     0.0        0
DAYS MIN <= 32      0               0.0     0.0        0
DAYS MIN <= 0       0               0.0     0.0        0

PRECIPITATION (INCHES)
RECORD
 MAXIMUM           MM   MM
 MINIMUM           MM   MM
TOTALS           4.41                      0.56
DAILY AVG.       0.14              0.12    0.02     0.12
DAYS >= .01        14                MM      MM       12
DAYS >= .10         6                MM      MM        7
DAYS >= .50         4                MM      MM        3
DAYS >= 1.00        2                MM      MM        1

SNOWFALL (INCHES)
RECORDS
 TOTAL             MM   MM
TOTALS             MM                MM      MM      0.0
SINCE 7/1          MM                MM      MM      0.0
SNOWDEPTH AVG.     MM                MM      MM        0
DAYS >= 1.0         0                MM      MM        0
GREATEST
 SNOW DEPTH        MM                                  0  MM
 24 HR TOTAL       MM                            07/27 TO 07/27
                                                          07/27 TO 07/27
                                                          07/27 TO 07/27

DEGREE_DAYS
HEATING TOTAL       9                24     -15       10
 SINCE 7/1          9                24     -15       10
COOLING TOTAL     174               117      57      213
 SINCE 1/1        234               172      62      282
........................................................

WIND (MPH)
AVERAGE WIND SPEED              3.9
HIGHEST WIND SPEED/DIRECTION    25/310    DATE  07/05
HIGHEST GUST SPEED/DIRECTION    41/330    DATE  07/05

SKY COVER
POSSIBLE SUNSHINE (PERCENT)   MM
AVERAGE SKY COVER           0.40
NUMBER OF DAYS FAIR           15
NUMBER OF DAYS PC             12
NUMBER OF DAYS CLOUDY          4

AVERAGE RH (PERCENT)     71

WEATHER CONDITIONS. NUMBER OF DAYS WITH
THUNDERSTORM              0     MIXED PRECIP               0
HEAVY RAIN                4     RAIN                       8
LIGHT RAIN               17     FREEZING RAIN              0
LT FREEZING RAIN          0     HAIL                       0
HEAVY SNOW                0     SNOW                       0
LIGHT SNOW                0     SLEET                      0
FOG                      20     FOG W/VIS <= 1/4 MILE      4
HAZE                      4

-  INDICATES NEGATIVE NUMBERS.
R  INDICATES RECORD WAS SET OR TIED.
MM INDICATES DATA IS MISSING.
T  INDICATES TRACE AMOUNT.

$$




U.S. Dept. of Commerce
NOAA National Weather Service
1325 East West Highway
Silver Spring, MD 20910
E-mail: w-nws.webmaster@noaa.gov
Page last modified: May 16, 2007
NATIONAL WEATHER SERVICE: for Safety, for Work, for Fun - FOR LIFE