548
CXUS53 KDVN 011309
CLMMLI

CLIMATE REPORT
NATIONAL WEATHER SERVICE QUAD CITIES IA IL
709 AM CST MON DEC 1 2014

...................................

...THE MOLINE CLIMATE SUMMARY FOR THE MONTH OF NOVEMBER 2014...

CLIMATE NORMAL PERIOD 1981 TO 2010
CLIMATE RECORD PERIOD 1872 TO 2014

WEATHER         OBSERVED          NORMAL  DEPART
                 VALUE   DATE(S)  VALUE   FROM
                                          NORMAL
................................................
TEMPERATURE (F)
RECORD
 HIGH              80   11/01/2000
 LOW              -10   11/29/1891
HIGHEST            68   11/03        57      11
LOWEST              5   11/21        24     -19
AVG. MAXIMUM     41.9              49.2    -7.3
AVG. MINIMUM     22.7              30.9    -8.2
MEAN             32.3              40.0    -7.7
DAYS MAX >= 90      0               0.0     0.0
DAYS MAX <= 32     12               2.3     9.7
DAYS MIN <= 32     24              16.6     7.4
DAYS MIN <= 0       0               0.0     0.0

PRECIPITATION (INCHES)
RECORD
 MAXIMUM         6.77   1992
 MINIMUM         0.18   1904
TOTALS           1.57              2.56   -0.99
DAILY AVG.       0.05              0.09   -0.04
DAYS >= .01        10               9.8     0.2
DAYS >= .10         4
DAYS >= .50         1
DAYS >= 1.00        0               0.4    -0.4
GREATEST
 24 HR. TOTAL    0.95   11/23 TO 11/24

SNOWFALL (INCHES)
RECORDS
 TOTAL           15.6   1974
TOTALS            4.6               1.2     3.4
SINCE 7/1         4.6               1.2     3.4
SNOWDEPTH AVG.      0
DAYS >= TRACE      13               1.7    11.3
DAYS >= 1.0         2               0.4     1.6
GREATEST
 SNOW DEPTH         2   11/25
                        11/16
 24 HR TOTAL      2.3   11/24 TO 11/24

DEGREE_DAYS
HEATING TOTAL     975               749     226
 SINCE 7/1       1505              1231     274
COOLING TOTAL       0                 1      -1
 SINCE 1/1        839              1004    -165
.................................................

WIND (MPH)
AVERAGE WIND SPEED              10.6
HIGHEST WIND SPEED/DIRECTION    33/270    DATE  11/24
HIGHEST GUST SPEED/DIRECTION    43/260    DATE  11/24

SKY COVER
POSSIBLE SUNSHINE (PERCENT)   MM
AVERAGE SKY COVER           0.50
NUMBER OF DAYS FAIR            9
NUMBER OF DAYS PC             13
NUMBER OF DAYS CLOUDY          8

AVERAGE RH (PERCENT)     69

WEATHER CONDITIONS. NUMBER OF DAYS WITH
THUNDERSTORM              0     HAIL                       0
SLEET                     0     FOG                       16
FOG W/VIS <= 1/4 MILE     1     HAZE                      12

-  INDICATES NEGATIVE NUMBERS.
R  INDICATES RECORD WAS SET OR TIED.
MM INDICATES DATA IS MISSING.
T  INDICATES TRACE AMOUNT.

$$

===================================================================

NOTE: SUPPLEMENTAL CLIMATE DATA WAS USED FROM A NEARBY
CLIMATOLOGICALLY REPRESENTATIVE STATION.

PARAMETER   DATE
---------   ----
   SNW      ALL OBSERVED SNW ABOVE
12Z DPTH    ALL OBSERVED 12Z DPTH ABOVE

===================================================================

GROSS









U.S. Dept. of Commerce
NOAA National Weather Service
1325 East West Highway
Silver Spring, MD 20910
E-mail: w-nws.webmaster@noaa.gov
Page last modified: May 16, 2007
NATIONAL WEATHER SERVICE: for Safety, for Work, for Fun - FOR LIFE