016
CXUS53 KDVN 011210
CLMMLI


CLIMATE REPORT
NATIONAL WEATHER SERVICE QUAD CITIES IA IL
710 AM CDT TUE APR 1 2014

...................................

...THE MOLINE CLIMATE SUMMARY FOR THE MONTH OF MARCH 2014...

CLIMATE NORMAL PERIOD 1981 TO 2010
CLIMATE RECORD PERIOD 1872 TO 2014

WEATHER         OBSERVED          NORMAL  DEPART
                 VALUE   DATE(S)  VALUE   FROM
                                          NORMAL
................................................
TEMPERATURE (F)
RECORD
 HIGH              88   03/29/1986
 LOW              -19   03/06/1960
HIGHEST            69   03/31        55      14
LOWEST            -12   03/03        23     -35
AVG. MAXIMUM     42.5              48.8    -6.3
AVG. MINIMUM     20.7              29.4    -8.7
MEAN             31.6              39.1    -7.5
DAYS MAX >= 90      0               0.0     0.0
DAYS MAX <= 32      8               2.8     5.2
DAYS MIN <= 32     27              19.1     7.9
DAYS MIN <= 0       2               0.1     1.9

PRECIPITATION (INCHES)
RECORD
 MAXIMUM         7.43   1973
 MINIMUM         0.17   1885
TOTALS           0.91              2.86   -1.95
DAILY AVG.       0.03              0.09   -0.06
DAYS >= .01        13              10.1     2.9
DAYS >= .10         4
DAYS >= .50         0
DAYS >= 1.00        0               0.6    -0.6
GREATEST
 24 HR. TOTAL    0.26   03/01 TO 03/02

SNOWFALL (INCHES)
RECORDS
 TOTAL           24.8   1923
TOTALS           10.3               4.0     6.3
SINCE 7/1        65.1              30.7    34.4
SNOWDEPTH AVG.      1
DAYS >= TRACE       8               3.2     4.8
DAYS >= 1.0         3               1.4     1.6
GREATEST
 SNOW DEPTH         4   03/06
                        03/03
                        03/02
 24 HR TOTAL      3.7   03/05 TO 03/05

DEGREE_DAYS
HEATING TOTAL    1026               804     222
 SINCE 7/1       6696              5602    1094
COOLING TOTAL       0                 1      -1
 SINCE 1/1          0                 1      -1
.................................................

WIND (MPH)
AVERAGE WIND SPEED              9.7
HIGHEST WIND SPEED/DIRECTION    33/170    DATE  03/31
HIGHEST GUST SPEED/DIRECTION    44/180    DATE  03/31

SKY COVER
POSSIBLE SUNSHINE (PERCENT)   MM
AVERAGE SKY COVER           0.40
NUMBER OF DAYS FAIR           16
NUMBER OF DAYS PC              9
NUMBER OF DAYS CLOUDY          6

AVERAGE RH (PERCENT)     66

WEATHER CONDITIONS. NUMBER OF DAYS WITH
THUNDERSTORM              2     HAIL                       0
SLEET                     0     FOG                       18
FOG W/VIS <= 1/4 MILE     2     HAZE                      16

-  INDICATES NEGATIVE NUMBERS.
R  INDICATES RECORD WAS SET OR TIED.
MM INDICATES DATA IS MISSING.
T  INDICATES TRACE AMOUNT.

$$






U.S. Dept. of Commerce
NOAA National Weather Service
1325 East West Highway
Silver Spring, MD 20910
E-mail: w-nws.webmaster@noaa.gov
Page last modified: May 16, 2007
NATIONAL WEATHER SERVICE: for Safety, for Work, for Fun - FOR LIFE