389
CXUS53 KDVN 011040
CLMMLI


CLIMATE REPORT
NATIONAL WEATHER SERVICE QUAD CITIES IA IL
540 AM CDT FRI AUG 1 2014

...................................

...THE MOLINE CLIMATE SUMMARY FOR THE MONTH OF JULY 2014...

CLIMATE NORMAL PERIOD 1981 TO 2010
CLIMATE RECORD PERIOD 1872 TO 2014

WEATHER         OBSERVED          NORMAL  DEPART
                 VALUE   DATE(S)  VALUE   FROM
                                          NORMAL
................................................
TEMPERATURE (F)
RECORD
 HIGH             111   07/14/1936
 LOW               46   07/31/1971
                        07/30/1971
                        07/22/1947
HIGHEST            90   07/22        87       3
LOWEST             51   07/29        63     -12
                        07/16
AVG. MAXIMUM     80.4              85.8    -5.4
AVG. MINIMUM     59.9              65.0    -5.1
MEAN             70.1              75.4    -5.3
DAYS MAX >= 90      1               7.7    -6.7
DAYS MAX <= 32      0               0.0     0.0
DAYS MIN <= 32      0               0.0     0.0
DAYS MIN <= 0       0               0.0     0.0

PRECIPITATION (INCHES)
RECORD
 MAXIMUM        11.76   1992
 MINIMUM         0.14   1936
TOTALS           1.78              4.29   -2.51
DAILY AVG.       0.06              0.14   -0.08
DAYS >= .01         4               9.8    -5.8
DAYS >= .10         3
DAYS >= .50         1
DAYS >= 1.00        1               1.0     0.0
GREATEST
 24 HR. TOTAL    1.13   07/12 TO 07/12

SNOWFALL (INCHES)
RECORDS
 TOTAL             MM   MM
TOTALS            0.0               0.0     0.0
SINCE 7/1         0.0               0.0     0.0
SNOWDEPTH AVG.      0
DAYS >= TRACE       0               0.0     0.0
DAYS >= 1.0         0               0.0     0.0
GREATEST
 SNOW DEPTH         0   MM
 24 HR TOTAL      0.0   MM

DEGREE_DAYS
HEATING TOTAL       4                 2       2
 SINCE 7/1          4                 2       2
COOLING TOTAL     170               324    -154
 SINCE 1/1        504               614    -110
.................................................

WIND (MPH)
AVERAGE WIND SPEED              6.7
HIGHEST WIND SPEED/DIRECTION    28/300    DATE  07/27
HIGHEST GUST SPEED/DIRECTION    38/300    DATE  07/27

SKY COVER
POSSIBLE SUNSHINE (PERCENT)   MM
AVERAGE SKY COVER           0.30
NUMBER OF DAYS FAIR           23
NUMBER OF DAYS PC              7
NUMBER OF DAYS CLOUDY          1

AVERAGE RH (PERCENT)     70

WEATHER CONDITIONS. NUMBER OF DAYS WITH
THUNDERSTORM              3     HAIL                       0
SLEET                     0     FOG                       12
FOG W/VIS <= 1/4 MILE     1     HAZE                       5

-  INDICATES NEGATIVE NUMBERS.
R  INDICATES RECORD WAS SET OR TIED.
MM INDICATES DATA IS MISSING.
T  INDICATES TRACE AMOUNT.

$$





U.S. Dept. of Commerce
NOAA National Weather Service
1325 East West Highway
Silver Spring, MD 20910
E-mail: w-nws.webmaster@noaa.gov
Page last modified: May 16, 2007
NATIONAL WEATHER SERVICE: for Safety, for Work, for Fun - FOR LIFE