335
CXUS53 KDVN 011459
CLMMLI


CLIMATE REPORT
NATIONAL WEATHER SERVICE QUAD CITIES IA IL
957 AM CDT MON SEP 1 2014

...................................

...THE MOLINE CLIMATE SUMMARY FOR THE MONTH OF AUGUST 2014...

CLIMATE NORMAL PERIOD 1981 TO 2010
CLIMATE RECORD PERIOD 1872 TO 2014

WEATHER         OBSERVED          NORMAL  DEPART
                 VALUE   DATE(S)  VALUE   FROM
                                          NORMAL
................................................
TEMPERATURE (F)
RECORD
 HIGH             106   08/18/1936
 LOW               40   08/28/1986
                        08/29/1934
                        08/30/1915
HIGHEST            94   08/25        85       9
LOWEST             51   08/13        60      -9
AVG. MAXIMUM     82.9              83.8    -0.9
AVG. MINIMUM     63.6              63.2     0.4
MEAN             73.2              73.5    -0.3
DAYS MAX >= 90      2               5.3    -3.3
DAYS MAX <= 32      0               0.0     0.0
DAYS MIN <= 32      0               0.0     0.0
DAYS MIN <= 0       0               0.0     0.0

PRECIPITATION (INCHES)
RECORD
 MAXIMUM        15.23   1987
 MINIMUM         0.35   1971
TOTALS           4.32              4.52   -0.20
DAILY AVG.       0.14              0.15   -0.01
DAYS >= .01        12               9.8     2.2
DAYS >= .10         7
DAYS >= .50         2
DAYS >= 1.00        1               1.5    -0.5
GREATEST
 24 HR. TOTAL    1.97   08/28 TO 08/28

SNOWFALL (INCHES)
RECORDS
 TOTAL            0.0   MM
TOTALS            0.0               0.0     0.0
SINCE 7/1         0.0               0.0     0.0
SNOWDEPTH AVG.      0
DAYS >= TRACE       0               0.0     0.0
DAYS >= 1.0         0               0.0     0.0
GREATEST
 SNOW DEPTH         0   MM
 24 HR TOTAL      0.0

DEGREE_DAYS
HEATING TOTAL       1                 6      -5
 SINCE 7/1          5                 8      -3
COOLING TOTAL     262               269      -7
 SINCE 1/1        766               883    -117
.................................................

WIND (MPH)
AVERAGE WIND SPEED              6.0
HIGHEST WIND SPEED/DIRECTION    28/280    DATE  08/22
HIGHEST GUST SPEED/DIRECTION    38/240    DATE  08/23

SKY COVER
POSSIBLE SUNSHINE (PERCENT)   MM
AVERAGE SKY COVER           0.30
NUMBER OF DAYS FAIR           19
NUMBER OF DAYS PC             11
NUMBER OF DAYS CLOUDY          1

AVERAGE RH (PERCENT)     74

WEATHER CONDITIONS. NUMBER OF DAYS WITH
THUNDERSTORM              0     HAIL                       0
SLEET                     0     FOG                       22
FOG W/VIS <= 1/4 MILE     1     HAZE                      12

-  INDICATES NEGATIVE NUMBERS.
R  INDICATES RECORD WAS SET OR TIED.
MM INDICATES DATA IS MISSING.
T  INDICATES TRACE AMOUNT.

$$





U.S. Dept. of Commerce
NOAA National Weather Service
1325 East West Highway
Silver Spring, MD 20910
E-mail: w-nws.webmaster@noaa.gov
Page last modified: May 16, 2007
NATIONAL WEATHER SERVICE: for Safety, for Work, for Fun - FOR LIFE