545
CXUS52 KMLB 011752
CLMMLB


CLIMATE REPORT
NATIONAL WEATHER SERVICE MELBOURNE FL
1237 PM EDT TUE JUL 1 2014

...................................

...THE MELBOURNE CLIMATE SUMMARY FOR THE MONTH OF JUNE 2014...

CLIMATE NORMAL PERIOD 1981 TO 2010
CLIMATE RECORD PERIOD 1939 TO 2014

WEATHER         OBSERVED          NORMAL  DEPART  LAST YEAR`S
                 VALUE   DATE(S)  VALUE   FROM    VALUE  DATE(S)
                                          NORMAL
................................................................
TEMPERATURE (F)
MONTHLY RECORD
 HOTTEST         85.0   1998
 COLDEST         77.0   1966
DAILY RECORD
 HIGH             101   06/14/1998
                        06/06/1998
 LOW               55   06/02/1984
JUNE 2014
HIGHEST            95   06/07                         94
LOWEST             67   06/05                         72
                        06/04
AVG. MAXIMUM     88.7              89.1    -0.4     88.2
AVG. MINIMUM     71.6              71.7    -0.1     74.3
MEAN             80.1              80.4    -0.3     81.3
DAYS MAX >= 90     16              11.8     4.2       10
DAYS MAX <= 32      0               0.0     0.0        0
DAYS MIN <= 32      0               0.0     0.0        0
DAYS MIN <= 0       0               0.0     0.0        0

PRECIPITATION (INCHES)
MONTHLY RECORD
 MAXIMUM        15.98   1966
 MINIMUM         0.16   1998
DAILY RECORD
 MAXIMUM         5.28   06/02/2007
JUNE 2014
TOTALS           6.06              6.71   -0.65     6.74
DAYS >= .01        15              12.9     2.1       17
DAYS >= .10        10               9.2     0.8       12
DAYS >= .50         5               4.6     0.4        5
DAYS >= 1.00        2               2.1    -0.1        2
GREATEST
 24 HR. TOTAL    1.07   06/11 TO 06/11

SNOWFALL (INCHES)
TOTALS            0.0               0.0     0.0      0.0
SINCE 7/1         0.0               0.0     0.0      0.0
DAYS >= TRACE       0                                  0

DEGREE_DAYS
HEATING TOTAL       0                 0       0        0
 SINCE 7/1        358               577    -219      463
COOLING TOTAL     461               462      -1      498
 SINCE 1/1       1354              1188     166     1359
.................................................................

WIND (MPH)
AVERAGE WIND SPEED              7.8
HIGHEST WIND SPEED/DIRECTION    37/260    DATE  06/12
HIGHEST GUST SPEED/DIRECTION    47/260    DATE  06/12

SKY COVER
POSSIBLE SUNSHINE (PERCENT)   MM
AVERAGE SKY COVER           0.20
NUMBER OF DAYS FAIR           25
NUMBER OF DAYS PC              5
NUMBER OF DAYS CLOUDY          0

AVERAGE RH (PERCENT)     74

WEATHER CONDITIONS. NUMBER OF DAYS WITH
THUNDERSTORM             19     MIXED PRECIP               0
HEAVY RAIN                4     RAIN                      11
LIGHT RAIN               19     LT FREEZING RAIN           0
HAIL                      0     LIGHT SNOW                 0
SLEET                     0     FOG                       13
FOG W/VIS <= 1/4 MILE     1     HAZE                       5

-  INDICATES NEGATIVE NUMBERS.
R  INDICATES RECORD WAS SET OR TIED.
MM INDICATES DATA IS MISSING.
T  INDICATES TRACE AMOUNT.

$$







U.S. Dept. of Commerce
NOAA National Weather Service
1325 East West Highway
Silver Spring, MD 20910
E-mail: w-nws.webmaster@noaa.gov
Page last modified: May 16, 2007
NATIONAL WEATHER SERVICE: for Safety, for Work, for Fun - FOR LIFE