461
CXUS52 KMLB 011239
CLMMLB


CLIMATE REPORT
NATIONAL WEATHER SERVICE MELBOURNE FL
812 AM EDT FRI AUG 1 2014

...................................

...THE MELBOURNE CLIMATE SUMMARY FOR THE MONTH OF JULY 2014...

CLIMATE NORMAL PERIOD 1981 TO 2010
CLIMATE RECORD PERIOD 1939 TO 2014

WEATHER         OBSERVED          NORMAL  DEPART  LAST YEAR`S
                 VALUE   DATE(S)  VALUE   FROM    VALUE  DATE(S)
                                          NORMAL
................................................................
TEMPERATURE (F)
MONTHLY RECORD
 HOTTEST         83.9   1998
 COLDEST         79.0   1974

DAILY RECORD
 HIGH             102   07/14/1980
 LOW               60   07/02/1977

JULY 2014
HIGHEST            95   07/27                         92
LOWEST             71   07/05                         71
AVG. MAXIMUM     90.5              90.7    -0.2     88.3
AVG. MINIMUM     74.5              72.6     1.9     75.3
MEAN             82.5              81.7     0.8     81.8
DAYS MAX >= 90     16              18.3    -2.3        8
DAYS MAX <= 32      0               0.0     0.0        0
DAYS MIN <= 32      0               0.0     0.0        0
DAYS MIN <= 0       0               0.0     0.0        0

PRECIPITATION (INCHES)
MONTHLY RECORD
 MAXIMUM        13.40   1944
 MINIMUM         0.81   1955
DAILY RECORD
 MAXIMUM         3.85   7/5/1956

JULY 2014
TOTALS          11.20              5.96    5.24     6.91
DAYS >= .01        20              12.1     7.9       19
DAYS >= .10        17               8.7     8.3       12
DAYS >= .50         7               4.4     2.6        5
DAYS >= 1.00        5               1.8     3.2        2
GREATEST
 24 HR. TOTAL    2.09   07/15 TO 07/16

SNOWFALL (INCHES)
TOTALS            0.0               0.0     0.0      0.0
SINCE 7/1         0.0               0.0     0.0      0.0
DAYS >= TRACE       0                                  0

DEGREE_DAYS
HEATING TOTAL       0                 0       0        0
 SINCE 7/1          0                 0       0        0
COOLING TOTAL     550               516      34      530
 SINCE 1/1       1904              1704     200     1889
.................................................................

WIND (MPH)
AVERAGE WIND SPEED              7.0
HIGHEST WIND SPEED/DIRECTION    35/250    DATE  07/16
HIGHEST GUST SPEED/DIRECTION    42/250    DATE  07/16

SKY COVER
POSSIBLE SUNSHINE (PERCENT)   MM
AVERAGE SKY COVER           0.30
NUMBER OF DAYS FAIR           27
NUMBER OF DAYS PC              4
NUMBER OF DAYS CLOUDY          0

AVERAGE RH (PERCENT)     77

WEATHER CONDITIONS. NUMBER OF DAYS WITH
THUNDERSTORM             26     MIXED PRECIP               0
HEAVY RAIN               12     RAIN                      12
LIGHT RAIN               21     LT FREEZING RAIN           0
HAIL                      0     LIGHT SNOW                 0
SLEET                     0     FOG                       16
FOG W/VIS <= 1/4 MILE     0     HAZE                       6

-  INDICATES NEGATIVE NUMBERS.
R  INDICATES RECORD WAS SET OR TIED.
MM INDICATES DATA IS MISSING.
T  INDICATES TRACE AMOUNT.

$$






U.S. Dept. of Commerce
NOAA National Weather Service
1325 East West Highway
Silver Spring, MD 20910
E-mail: w-nws.webmaster@noaa.gov
Page last modified: May 16, 2007
NATIONAL WEATHER SERVICE: for Safety, for Work, for Fun - FOR LIFE