563
CXUS52 KMLB 011916 AAA
CLMMLB

CLIMATE REPORT
NATIONAL WEATHER SERVICE MELBOURNE FL
217 PM EST MON DEC 1 2014

...................................

...THE MELBOURNE CLIMATE SUMMARY FOR THE MONTH OF NOVEMBER 2014...

CLIMATE NORMAL PERIOD 1981 TO 2010
CLIMATE RECORD PERIOD 1939 TO 2014

WEATHER         OBSERVED          NORMAL  DEPART  LAST YEAR`S
                 VALUE   DATE(S)  VALUE   FROM    VALUE  DATE(S)
                                          NORMAL
................................................................
TEMPERATURE (F)
MONTHLY RECORD
 HOTTEST         76.1   1986
 COLDEST         62.7   1970
DAILY RECORD
 HIGH              91   11/05/1992
                        11/10/1979
 LOW               30   11/29/1966
                        11/16/1940
NOVEMBER 2014
HIGHEST            89   11/17                         90
LOWEST             44   11/19                         40
                        11/02
AVG. MAXIMUM     76.1              78.5    -2.4     80.6
AVG. MINIMUM     57.1              59.5    -2.4     65.9
MEAN             66.6              69.0    -2.4     73.2
DAYS MAX >= 90      0               0.1    -0.1        1
DAYS MAX <= 32      0               0.0     0.0        0
DAYS MIN <= 32      0               0.0     0.0        0
DAYS MIN <= 0       0               0.0     0.0        0

PRECIPITATION (INCHES)
MONTHLY RECORD
 MAXIMUM         9.72   1963
 MINIMUM         0.00   1986
DAILY RECORD
 MAXIMUM         5.45   11/29/1977
NOVEMBER 2014
TOTALS           3.08              2.88    0.20     4.69
DAYS >= .01         8               8.5    -0.5        9
DAYS >= .10         5               4.1     0.9        4
DAYS >= .50         3               1.3     1.7        2
DAYS >= 1.00        0               0.6    -0.6        2
GREATEST
 24 HR. TOTAL    1.16   11/17 TO 11/18

SNOWFALL (INCHES)
TOTALS            0.0               0.0     0.0      0.0
SINCE 7/1         0.0               0.0     0.0      0.0
DAYS >= TRACE       0                                  0

DEGREE_DAYS
HEATING TOTAL      65                38      27       14
 SINCE 7/1         65                42      23       14
COOLING TOTAL     121               158     -37      269
 SINCE 1/1       3443              3195     248     3597
.................................................................

WIND (MPH)
AVERAGE WIND SPEED              9.3
HIGHEST WIND SPEED/DIRECTION    32/270    DATE  11/01
HIGHEST GUST SPEED/DIRECTION    39/270    DATE  11/01

SKY COVER
POSSIBLE SUNSHINE (PERCENT)   MM
AVERAGE SKY COVER           0.40
NUMBER OF DAYS FAIR           16
NUMBER OF DAYS PC             10
NUMBER OF DAYS CLOUDY          4

AVERAGE RH (PERCENT)     73

WEATHER CONDITIONS. NUMBER OF DAYS WITH
THUNDERSTORM              3     MIXED PRECIP               0
HEAVY RAIN                3     RAIN                       6
LIGHT RAIN               11     LT FREEZING RAIN           0
HAIL                      0     LIGHT SNOW                 0
SLEET                     0     FOG                       13
FOG W/VIS <= 1/4 MILE     1     HAZE                       5

-  INDICATES NEGATIVE NUMBERS.
R  INDICATES RECORD WAS SET OR TIED.
MM INDICATES DATA IS MISSING.
T  INDICATES TRACE AMOUNT.

================================================================

...THE MELBOURNE CLIMATE SUMMARY FOR THE FALL SEASON, FROM
9/1/2014 TO 11/30/2014...

CLIMATE NORMAL PERIOD 1981 TO 2010
CLIMATE RECORD PERIOD 1939 TO 2014

WEATHER         OBSERVED          NORMAL  DEPART  LAST YEAR`S
                 VALUE   DATE(S)  VALUE   FROM    VALUE  DATE(S)
                                          NORMAL
................................................................
TEMPERATURE (F)
FALL RECORDS
 WARMEST         77.6   1986
 COOLEST         71.8   1868
DAILY RECORD
 HIGH              98   09/01/1972
 LOW               30   11/29/1966
                        11/16/1940
FALL 2014
HIGHEST            92   09/16                         93
LOWEST             44   11/19                         40
                        11/02
AVG. MAXIMUM     83.0              83.7    -0.7     85.0
AVG. MINIMUM     66.1              66.7    -0.6     69.4
MEAN             74.5              75.2    -0.7     77.2
DAYS MAX >= 90      5              10.2    -5.2       12
DAYS MAX <= 32      0               0.0     0.0        0
DAYS MIN <= 32      0               0.0     0.0        0
DAYS MIN <= 0       0               0.0                0

PRECIPITATION (INCHES)
FALL RECORDS
 MAXIMUM        32.95   1999
 MINIMUM         5.18   1942

FALL 2014
TOTALS          17.43             15.58    1.85     9.49
DAYS >= .01        35              33.2     1.8       32
DAYS >= .10        20              20.2    -0.2       14
DAYS >= .50        15               8.8     6.2        3
DAYS >= 1.00        6               4.5     1.5        3
GREATEST
 24 HR. TOTAL    2.82   09/19 TO 09/20              3.43

SNOWFALL (INCHES)
TOTALS            0.0               0.0     0.0      0.0
SINCE 7/1         0.0                                0.0
SNOWDEPTH AVG.      0
DAYS >= TRACE       0                                  0

DEGREE_DAYS
HEATING TOTAL      65                42      23       14
COOLING TOTAL     956               969     -13     1148
.................................................................

WIND (MPH)
AVERAGE WIND SPEED              7.5
HIGHEST WIND SPEED/DIRECTION    38/300    DATE  09/05
HIGHEST GUST SPEED/DIRECTION    50/290    DATE  09/05

SKY COVER
POSSIBLE SUNSHINE (PERCENT)   MM
AVERAGE SKY COVER           0.30
NUMBER OF DAYS FAIR           58
NUMBER OF DAYS PC             29
NUMBER OF DAYS CLOUDY          4

AVERAGE RH (PERCENT)     75

WEATHER CONDITIONS. NUMBER OF DAYS WITH
THUNDERSTORM             24     MIXED PRECIP               0
HEAVY RAIN               17     RAIN                      25
LIGHT RAIN               45     LT FREEZING RAIN           0
HAIL                      0     SLEET                      0
FOG                      41     FOG W/VIS <= 1/4 MILE      4
HAZE                     16

-  INDICATES NEGATIVE NUMBERS.
R  INDICATES RECORD WAS SET OR TIED.
MM INDICATES DATA IS MISSING.
T  INDICATES TRACE AMOUNT.

$$






U.S. Dept. of Commerce
NOAA National Weather Service
1325 East West Highway
Silver Spring, MD 20910
E-mail: w-nws.webmaster@noaa.gov
Page last modified: May 16, 2007
NATIONAL WEATHER SERVICE: for Safety, for Work, for Fun - FOR LIFE