288
CXUS52 KMLB 011455
CLMMLB


CLIMATE REPORT
NATIONAL WEATHER SERVICE MELBOURNE
1055 AM EDT TUE APR 1 2014

...................................

...THE MELBOURNE CLIMATE SUMMARY FOR THE MONTH OF MARCH 2014...

CLIMATE NORMAL PERIOD 1981 TO 2010
CLIMATE RECORD PERIOD 1939 TO 2014

WEATHER         OBSERVED          NORMAL  DEPART  LAST YEAR`S
                 VALUE   DATE(S)  VALUE   FROM    VALUE  DATE(S)
                                          NORMAL
................................................................
TEMPERATURE (F)
MONTHLY RECORD
 HOTTEST         70.1   1945
 COLDEST         57.9   1968
                        1969
DAILY RECORD
 HIGH              93   03/28/1994
 LOW               25   03/03/1980
MARCH 2014
HIGHEST            85   03/22                         91
                        03/16
LOWEST             45   03/26                         33
AVG. MAXIMUM     76.7              76.7     0.0     72.8
AVG. MINIMUM     56.9              55.1     1.8     48.4
MEAN             66.8              65.9     0.9     60.6
DAYS MAX >= 90      0               0.2    -0.2        2
DAYS MAX <= 32      0               0.0     0.0        0
DAYS MIN <= 32      0               0.0     0.0        0
DAYS MIN <= 0       0               0.0     0.0        0

PRECIPITATION (INCHES)
MONTHLY RECORD
 MAXIMUM        11.58   1996
 MINIMUM         0.03   1956
DAILY RECORD
 MAXIMUM         5.24   3/11/1996
MARCH 2014
TOTALS           2.02              3.28   -1.26     0.58
DAYS >= .01        10               7.3     2.7        4
DAYS >= .10         4               4.5    -0.5        1
DAYS >= .50         2               2.0     0.0        0
DAYS >= 1.00        0               1.0    -1.0        0
GREATEST
 24 HR. TOTAL    0.80   03/29 TO 03/29

SNOWFALL (INCHES)
TOTALS            0.0               0.0     0.0      0.0
SINCE 7/1         0.0               0.0     0.0      0.0
DAYS >= TRACE       0                                  0

DEGREE_DAYS
HEATING TOTAL      49                71     -22      179
 SINCE 7/1        355               560    -205      463
COOLING TOTAL     111                99      12       52
 SINCE 1/1        279               197      82      258
.................................................................

WIND (MPH)
AVERAGE WIND SPEED              9.6
HIGHEST WIND SPEED/DIRECTION    37/280    DATE  03/29
HIGHEST GUST SPEED/DIRECTION    45/270    DATE  03/29

SKY COVER
POSSIBLE SUNSHINE (PERCENT)   MM
AVERAGE SKY COVER           0.20
NUMBER OF DAYS FAIR           22
NUMBER OF DAYS PC              9
NUMBER OF DAYS CLOUDY          0

AVERAGE RH (PERCENT)     71

WEATHER CONDITIONS. NUMBER OF DAYS WITH
THUNDERSTORM              3     MIXED PRECIP               0
HEAVY RAIN                4     RAIN                       4
LIGHT RAIN               12     LT FREEZING RAIN           0
HAIL                      0     LIGHT SNOW                 0
SLEET                     0     FOG                       14
FOG W/VIS <= 1/4 MILE     1     HAZE                       1

-  INDICATES NEGATIVE NUMBERS.
R  INDICATES RECORD WAS SET OR TIED.
MM INDICATES DATA IS MISSING.
T  INDICATES TRACE AMOUNT.

$$






U.S. Dept. of Commerce
NOAA National Weather Service
1325 East West Highway
Silver Spring, MD 20910
E-mail: w-nws.webmaster@noaa.gov
Page last modified: May 16, 2007
NATIONAL WEATHER SERVICE: for Safety, for Work, for Fun - FOR LIFE