336
CXUS52 KMLB 011352
CLMMLB


CLIMATE REPORT
NATIONAL WEATHER SERVICE MELBOURNE FL
907 AM EDT SAT NOV 1 2014

...................................

...THE MELBOURNE CLIMATE SUMMARY FOR THE MONTH OF OCTOBER 2014...

CLIMATE NORMAL PERIOD 1981 TO 2010
CLIMATE RECORD PERIOD 1939 TO 2014

WEATHER         OBSERVED          NORMAL  DEPART  LAST YEAR`S
                 VALUE   DATE(S)  VALUE   FROM    VALUE  DATE(S)
                                          NORMAL
................................................................
TEMPERATURE (F)
MONTHLY RECORD
 HOTTEST         80.7   2007
 COLDEST         71.3   1974
DAILY RECORD
 HIGH              96   10/02/1959
 LOW               41   10/17/1977
                        10/24/1937
OCTOBER 2014
HIGHEST            89   10/02                         92
LOWEST             56   10/26                         56
AVG. MAXIMUM     85.2              84.1     1.1     86.0
AVG. MINIMUM     67.3              67.9    -0.6     68.2
MEAN             76.2              76.0     0.2     77.1
DAYS MAX >= 90      0               1.9    -1.9        4
DAYS MAX <= 32      0               0.0     0.0        0
DAYS MIN <= 32      0               0.0     0.0        0
DAYS MIN <= 0       0               0.0     0.0        0

PRECIPITATION (INCHES)
MONTHLY RECORD
 MAXIMUM        13.86   1956
 MINIMUM            T   2010
DAILY RECORD
 MAXIMUM         6.03   10/17/1956

OCTOBER 2014
TOTALS           1.82              5.06   -3.24     0.26
DAYS >= .01         7              11.0    -4.0        7
DAYS >= .10         2               6.8    -4.8        1
DAYS >= .50         2               2.9    -0.9        0
DAYS >= 1.00        0               1.4    -1.4        0
GREATEST
 24 HR. TOTAL    0.93   10/14 TO 10/15

SNOWFALL (INCHES)
TOTALS            0.0               0.0     0.0      0.0
SINCE 7/1         0.0               0.0     0.0      0.0
DAYS >= TRACE       0                                  0

DEGREE_DAYS
HEATING TOTAL       0                 4      -4        0
 SINCE 7/1          0                 4      -4        0
COOLING TOTAL     356               345      11      382
 SINCE 1/1       3322              3037     285     3328
.................................................................

WIND (MPH)
AVERAGE WIND SPEED              7.0
HIGHEST WIND SPEED/DIRECTION    21/290    DATE  10/14
HIGHEST GUST SPEED/DIRECTION    26/130    DATE  10/14

SKY COVER
POSSIBLE SUNSHINE (PERCENT)   MM
AVERAGE SKY COVER           0.20
NUMBER OF DAYS FAIR           25
NUMBER OF DAYS PC              6
NUMBER OF DAYS CLOUDY          0

AVERAGE RH (PERCENT)     72

WEATHER CONDITIONS. NUMBER OF DAYS WITH
THUNDERSTORM              5     MIXED PRECIP               0
HEAVY RAIN                2     RAIN                       3
LIGHT RAIN                8     LT FREEZING RAIN           0
HAIL                      0     LIGHT SNOW                 0
SLEET                     0     FOG                       10
FOG W/VIS <= 1/4 MILE     1     HAZE                       4

-  INDICATES NEGATIVE NUMBERS.
R  INDICATES RECORD WAS SET OR TIED.
MM INDICATES DATA IS MISSING.
T  INDICATES TRACE AMOUNT.

$$





U.S. Dept. of Commerce
NOAA National Weather Service
1325 East West Highway
Silver Spring, MD 20910
E-mail: w-nws.webmaster@noaa.gov
Page last modified: May 16, 2007
NATIONAL WEATHER SERVICE: for Safety, for Work, for Fun - FOR LIFE