796
CXUS52 KMLB 012357 CCA
CLMMLB

CLIMATE REPORT...CORRECTED FOR DAILY RECORD HIGH
NATIONAL WEATHER SERVICE MELBOURNE FL
857 PM EDT WED OCT 1 2014

...................................

...THE MELBOURNE CLIMATE SUMMARY FOR THE MONTH OF SEPTEMBER 2014...

CLIMATE NORMAL PERIOD 1981 TO 2010
CLIMATE RECORD PERIOD 1939 TO 2014

WEATHER         OBSERVED          NORMAL  DEPART  LAST YEAR`S
                 VALUE   DATE(S)  VALUE   FROM    VALUE  DATE(S)
                                          NORMAL
................................................................
TEMPERATURE (F)
MONTHLY RECORD
 HOTTEST         82.4   2007
 COLDEST         77.8   1967
DAILY RECORD
 HIGH              98   09/01/1972
 LOW               57   09/21/1938

SEPTEMBER 2014
HIGHEST            92   09/16                         93
LOWEST             71   09/21                         68
AVG. MAXIMUM     87.7              88.4    -0.7     88.5
AVG. MINIMUM     73.8              72.7     1.1     74.0
MEAN             80.8              80.6     0.2     81.3
DAYS MAX >= 90      5               8.2    -3.2        7
DAYS MAX <= 32      0               0.0     0.0        0
DAYS MIN <= 32      0               0.0     0.0        0
DAYS MIN <= 0       0               0.0     0.0        0

PRECIPITATION (INCHES)
MONTHLY RECORD
 MAXIMUM        19.68   1948
 MINIMUM         1.65   2002
DAILY RECORD
 MAXIMUM         7.98   09/25/1999

SEPTEMBER 2014
TOTALS          12.53              7.64    4.89     4.54
DAYS >= .01        20              13.7     6.3       16
DAYS >= .10        13               9.3     3.7        9
DAYS >= .50        10               4.6     5.4        1
DAYS >= 1.00        6               2.5     3.5        1
GREATEST
 24 HR. TOTAL    2.82   09/19 TO 09/20

SNOWFALL (INCHES)
TOTALS            0.0               0.0     0.0      0.0
SINCE 7/1         0.0               0.0     0.0      0.0
DAYS >= TRACE       0                                  0

DEGREE_DAYS
HEATING TOTAL       0                 0       0        0
 SINCE 7/1          0                 0       0        0
COOLING TOTAL     479               466      13      497
 SINCE 1/1       2966              2692     274     2946
.................................................................

WIND (MPH)
AVERAGE WIND SPEED              6.2
HIGHEST WIND SPEED/DIRECTION    38/300    DATE  09/05
HIGHEST GUST SPEED/DIRECTION    50/290    DATE  09/05

SKY COVER
POSSIBLE SUNSHINE (PERCENT)   MM
AVERAGE SKY COVER           0.30
NUMBER OF DAYS FAIR           17
NUMBER OF DAYS PC             13
NUMBER OF DAYS CLOUDY          0

AVERAGE RH (PERCENT)     79

WEATHER CONDITIONS. NUMBER OF DAYS WITH
THUNDERSTORM             16     MIXED PRECIP               0
HEAVY RAIN               12     RAIN                      16
LIGHT RAIN               26     LT FREEZING RAIN           0
HAIL                      0     LIGHT SNOW                 0
SLEET                     0     FOG                       18
FOG W/VIS <= 1/4 MILE     2     HAZE                       7

-  INDICATES NEGATIVE NUMBERS.
R  INDICATES RECORD WAS SET OR TIED.
MM INDICATES DATA IS MISSING.
T  INDICATES TRACE AMOUNT.

$$








U.S. Dept. of Commerce
NOAA National Weather Service
1325 East West Highway
Silver Spring, MD 20910
E-mail: w-nws.webmaster@noaa.gov
Page last modified: May 16, 2007
NATIONAL WEATHER SERVICE: for Safety, for Work, for Fun - FOR LIFE