535
CXUS52 KMLB 012109
CLMMLB

CLIMATE REPORT
NATIONAL WEATHER SERVICE MELBOURNE FL
500 PM EDT MON SEP 1 2014

...................................

...THE MELBOURNE CLIMATE SUMMARY FOR THE MONTH OF AUGUST 2014...

CLIMATE NORMAL PERIOD 1981 TO 2010
CLIMATE RECORD PERIOD 1939 TO 2014

WEATHER         OBSERVED          NORMAL  DEPART  LAST YEAR`S
                 VALUE   DATE(S)  VALUE   FROM    VALUE  DATE(S)
                                          NORMAL
................................................................
TEMPERATURE (F)
MONTHLY RECORDS
 WARMEST         84.2   2007
 COOLEST         79.6   1967

DAILY RECORD
 HIGH             101   08/02/1999
 LOW               60   08/07/1983

AUGUST 2014
HIGHEST            95   08/24                         94
LOWEST             72   08/08                         72
AVG. MAXIMUM     91.2              90.5     0.7     89.4
AVG. MINIMUM     75.9              73.2     2.7     76.3
MEAN             83.6              81.8     1.8     82.8
DAYS MAX >= 90     25              18.9     6.1       15
DAYS MAX <= 32      0               0.0     0.0        0
DAYS MIN <= 32      0               0.0     0.0        0
DAYS MIN <= 0       0               0.0     0.0        0

PRECIPITATION (INCHES)
MONTHLY RECORD
 MAXIMUM        21.06   2008
 MINIMUM         1.14   1971

DAILY RECORD
 MAXIMUM         9.06   8/2/1995

AUGUST 2014
TOTALS           4.35              7.68   -3.33     2.21
DAYS >= .01        12              14.4    -2.4       11
DAYS >= .10         9              10.4    -1.4        7
DAYS >= .50         4               4.9    -0.9        0
DAYS >= 1.00        1               2.3    -1.3        0
GREATEST
 24 HR. TOTAL    1.08   08/16 TO 08/16

SNOWFALL (INCHES)
TOTALS            0.0               0.0     0.0      0.0
SINCE 7/1         0.0               0.0     0.0      0.0
DAYS >= TRACE       0                                  0

DEGREE_DAYS
HEATING TOTAL       0                 0       0        0
 SINCE 7/1          0                 0       0        0
COOLING TOTAL     583               522      61      560
 SINCE 1/1       2487              2226     261     2449
.................................................................

WIND (MPH)
AVERAGE WIND SPEED              7.1
HIGHEST WIND SPEED/DIRECTION    36/290    DATE  08/16
HIGHEST GUST SPEED/DIRECTION    44/290    DATE  08/16

SKY COVER
POSSIBLE SUNSHINE (PERCENT)   MM
AVERAGE SKY COVER           0.20
NUMBER OF DAYS FAIR           26
NUMBER OF DAYS PC              5
NUMBER OF DAYS CLOUDY          0

AVERAGE RH (PERCENT)     76

WEATHER CONDITIONS. NUMBER OF DAYS WITH
THUNDERSTORM             19     MIXED PRECIP               0
HEAVY RAIN                5     RAIN                       7
LIGHT RAIN               16     LT FREEZING RAIN           0
HAIL                      0     LIGHT SNOW                 0
SLEET                     0     FOG                        9
FOG W/VIS <= 1/4 MILE     0     HAZE                       7

-  INDICATES NEGATIVE NUMBERS.
R  INDICATES RECORD WAS SET OR TIED.
MM INDICATES DATA IS MISSING.
T  INDICATES TRACE AMOUNT.


==================================================================


...THE MELBOURNE CLIMATE SUMMARY FOR THE SUMMER SEASON,
FROM 6/1/2014 TO 8/31/2014...

CLIMATE NORMAL PERIOD 1981 TO 2010
CLIMATE RECORD PERIOD 1939 TO 2014

WEATHER         OBSERVED          NORMAL  DEPART  LAST YEAR`S
                 VALUE   DATE(S)  VALUE   FROM    VALUE  DATE(S)
                                          NORMAL
................................................................
TEMPERATURE (F)
SUMMER RECORDS
 WARMEST 84.0 1998
 COOLEST  79.01965

DAILY RECORDS
 HIGH             102   07/14/1980
 LOW               55   06/02/1984

SUMMER 2014
HIGHEST            95   08/24              94
LOWEST             67   06/05              71
                        06/04
AVG. MAXIMUM     90.1              90.1     0.0     88.7
AVG. MINIMUM     74.0              72.5     1.5     75.3
MEAN             82.1              81.3     0.8     82.0
DAYS MAX >= 90     57              48.9     8.1       33
DAYS MAX <= 32      0               0.0     0.0        0
DAYS MIN <= 32      0               0.0     0.0        0
DAYS MIN <= 0       0               0.0                0

PRECIPITATION (INCHES)
SUMMER RECORDS
 MAXIMUM        38.40   2008
 MINIMUM         8.28   1993

SUMMER 2014
TOTALS          21.61             20.35    1.26    15.86
DAYS >= .01        47              39.4     7.6       47
DAYS >= .10        36              28.3     7.7       31
DAYS >= .50        16              13.9     2.1       10
DAYS >= 1.00        8               6.2     1.8        4
GREATEST
 24 HR. TOTAL    2.09   07/15 TO 07/16

SNOWFALL (INCHES)
TOTALS            0.0               0.0     0.0      0.0
SINCE 7/1         0.0                                0.0
SNOWDEPTH AVG.      0
DAYS >= TRACE       0                                  0

DEGREE_DAYS
HEATING TOTAL       0                 0       0        0
COOLING TOTAL    1594              1500      94     1588
.................................................................

WIND (MPH)
AVERAGE WIND SPEED              7.3
HIGHEST WIND SPEED/DIRECTION    37/260    DATE  06/12
HIGHEST GUST SPEED/DIRECTION    47/260    DATE  06/12

SKY COVER
POSSIBLE SUNSHINE (PERCENT)   MM
AVERAGE SKY COVER           0.20
NUMBER OF DAYS FAIR           78
NUMBER OF DAYS PC             14
NUMBER OF DAYS CLOUDY          0

AVERAGE RH (PERCENT)     76

WEATHER CONDITIONS. NUMBER OF DAYS WITH
THUNDERSTORM             64     MIXED PRECIP               0
HEAVY RAIN               21     RAIN                      30
LIGHT RAIN               56     LT FREEZING RAIN           0
HAIL                      0     SLEET                      0
FOG                      38     FOG W/VIS <= 1/4 MILE      1
HAZE                     18

-  INDICATES NEGATIVE NUMBERS.
R  INDICATES RECORD WAS SET OR TIED.
MM INDICATES DATA IS MISSING.
T  INDICATES TRACE AMOUNT.

$$

ULRICH







U.S. Dept. of Commerce
NOAA National Weather Service
1325 East West Highway
Silver Spring, MD 20910
E-mail: w-nws.webmaster@noaa.gov
Page last modified: May 16, 2007
NATIONAL WEATHER SERVICE: for Safety, for Work, for Fun - FOR LIFE