290
CXUS54 KMEG 011440
CLMMKL


CLIMATE REPORT
NATIONAL WEATHER SERVICE MEMPHIS TN
937 AM CDT TUE APR 1 2014

...................................

...THE JACKSON CLIMATE SUMMARY FOR THE MONTH OF MARCH 2014...

CLIMATE NORMAL PERIOD 1981 TO 2010
CLIMATE RECORD PERIOD 1948 TO 2014

WEATHER         OBSERVED          NORMAL  DEPART  LAST YEAR`S
                 VALUE   DATE(S)  VALUE   FROM    VALUE  DATE(S)
                                          NORMAL
................................................................
TEMPERATURE (F)
RECORD
 HIGH              87   03/30/1986
 LOW                9   03/03/1980
HIGHEST            78   03/11        62      16       78  03/15
LOWEST             14   03/04        40     -26       21  03/03
AVG. MAXIMUM     59.1              62.6    -3.5     55.4
AVG. MINIMUM     32.1              39.4    -7.3     33.4
MEAN             45.6              51.0    -5.4     44.4
DAYS MAX >= 90      0               0.0     0.0        0
DAYS MAX <= 32      2               0.1     1.9        0
DAYS MIN <= 32     18               8.2     9.8       15
DAYS MIN <= 0       0               0.0     0.0        0

PRECIPITATION (INCHES)
RECORD
 MAXIMUM        12.28   2002
 MINIMUM         1.69   2007
TOTALS           5.84              4.75    1.09     3.85
DAILY AVG.       0.19              0.15    0.04     0.12
DAYS >= .01         9              10.5    -1.5       14
DAYS >= .10         6               7.0    -1.0        7
DAYS >= .50         4               3.3     0.7        2
DAYS >= 1.00        1               1.3    -0.3        1
GREATEST
 24 HR. TOTAL    2.75   03/02 TO 03/02

SNOWFALL (INCHES)
RECORDS
 TOTAL           13.0   1968
TOTALS            0.8               0.4     0.4        T
SINCE 7/1         1.3               4.6    -3.3      1.4
SNOWDEPTH AVG.      0                MM      MM        0
DAYS >= 1.0         0               0.1    -0.1        0
GREATEST
 SNOW DEPTH         1   03/05                          0  MM
                        03/04
                        03/03
 24 HR TOTAL      0.8   MM

DEGREE_DAYS
HEATING TOTAL     594               444     150      634
 SINCE 7/1       3890              3328     562     3337
COOLING TOTAL       0                10     -10        0
 SINCE 1/1          0                11     -11        4
.................................................................

WIND (MPH)
AVERAGE WIND SPEED              7.6
HIGHEST WIND SPEED/DIRECTION    32/290    DATE  03/12
HIGHEST GUST SPEED/DIRECTION    41/300    DATE  03/12

SKY COVER
POSSIBLE SUNSHINE (PERCENT)   MM
AVERAGE SKY COVER           0.40
NUMBER OF DAYS FAIR           16
NUMBER OF DAYS PC              7
NUMBER OF DAYS CLOUDY          8

AVERAGE RH (PERCENT)     66

WEATHER CONDITIONS. NUMBER OF DAYS WITH
THUNDERSTORM              0     MIXED PRECIP               0
HEAVY RAIN                2     RAIN                       5
LIGHT RAIN               11     FREEZING RAIN              2
LT FREEZING RAIN          2     HAIL                       0
HEAVY SNOW                0     SNOW                       0
LIGHT SNOW                3     SLEET                      0
FOG                      16     FOG W/VIS <= 1/4 MILE      1
HAZE                      7

-  INDICATES NEGATIVE NUMBERS.
R  INDICATES RECORD WAS SET OR TIED.
MM INDICATES DATA IS MISSING.
T  INDICATES TRACE AMOUNT.

$$




U.S. Dept. of Commerce
NOAA National Weather Service
1325 East West Highway
Silver Spring, MD 20910
E-mail: w-nws.webmaster@noaa.gov
Page last modified: May 16, 2007
NATIONAL WEATHER SERVICE: for Safety, for Work, for Fun - FOR LIFE