044
CXUS54 KMEG 011556
CLMMKL


CLIMATE REPORT
NATIONAL WEATHER SERVICE MEMPHIS TN
1046 AM CDT TUE JUL 1 2014

...................................

...THE JACKSON CLIMATE SUMMARY FOR THE MONTH OF JUNE 2014...

CLIMATE NORMAL PERIOD 1981 TO 2010
CLIMATE RECORD PERIOD 1948 TO 2014

WEATHER         OBSERVED          NORMAL  DEPART  LAST YEAR`S
                 VALUE   DATE(S)  VALUE   FROM    VALUE  DATE(S)
                                          NORMAL
................................................................
TEMPERATURE (F)
RECORD
 HIGH             105   06/27/1954
                        06/28/1952
 LOW               44   06/07/2000
                        06/01/1966
HIGHEST            92   06/22        88       4       98  06/27
                        06/20
                        06/19
LOWEST             53   06/14        66     -13       55  06/04
AVG. MAXIMUM     86.1              87.3    -1.2     87.2
AVG. MINIMUM     67.7              65.2     2.5     65.2
MEAN             76.9              76.2     0.7     76.2
DAYS MAX >= 90      9              10.7    -1.7       10
DAYS MAX <= 32      0               0.0     0.0        0
DAYS MIN <= 32      0               0.0     0.0        0
DAYS MIN <= 0       0               0.0     0.0        0

PRECIPITATION (INCHES)
RECORD
 MAXIMUM        11.07   1992
 MINIMUM         0.56   1988
TOTALS          12.59R             4.84    7.75     2.78
DAILY AVG.       0.42              0.16    0.26     0.09
DAYS >= .01        16               9.4     6.6        7
DAYS >= .10        13               6.8     6.2        5
DAYS >= .50         6               3.4     2.6        3
DAYS >= 1.00        5               1.5     3.5        0
GREATEST
 24 HR. TOTAL    3.09   06/08 TO 06/09

SNOWFALL (INCHES)
RECORDS
 TOTAL             MM   MM
TOTALS            0.0               0.0     0.0      0.0
SINCE 7/1         1.3               4.6    -3.3      1.4
SNOWDEPTH AVG.      0                MM      MM        0
DAYS >= 1.0         0               0.0     0.0        0
GREATEST
 SNOW DEPTH         0   MM                             0  MM
 24 HR TOTAL      0.0   06/30 TO 06/30

DEGREE_DAYS
HEATING TOTAL       0                 2      -2        0
 SINCE 7/1       4147              3574     573     3662
COOLING TOTAL     363               339      24      343
 SINCE 1/1        613               554      59      543
.................................................................

WIND (MPH)
AVERAGE WIND SPEED              5.8
HIGHEST WIND SPEED/DIRECTION    38/280    DATE  06/07
HIGHEST GUST SPEED/DIRECTION    55/280    DATE  06/07

SKY COVER
POSSIBLE SUNSHINE (PERCENT)   MM
AVERAGE SKY COVER           0.30
NUMBER OF DAYS FAIR           17
NUMBER OF DAYS PC             11
NUMBER OF DAYS CLOUDY          2

AVERAGE RH (PERCENT)     75

WEATHER CONDITIONS. NUMBER OF DAYS WITH
THUNDERSTORM              0     MIXED PRECIP               0
HEAVY RAIN                8     RAIN                       7
LIGHT RAIN               16     FREEZING RAIN              0
LT FREEZING RAIN          0     HAIL                       0
HEAVY SNOW                0     SNOW                       0
LIGHT SNOW                0     SLEET                      0
FOG                      18     FOG W/VIS <= 1/4 MILE      2
HAZE                      2

-  INDICATES NEGATIVE NUMBERS.
R  INDICATES RECORD WAS SET OR TIED.
MM INDICATES DATA IS MISSING.
T  INDICATES TRACE AMOUNT.

$$




U.S. Dept. of Commerce
NOAA National Weather Service
1325 East West Highway
Silver Spring, MD 20910
E-mail: w-nws.webmaster@noaa.gov
Page last modified: May 16, 2007
NATIONAL WEATHER SERVICE: for Safety, for Work, for Fun - FOR LIFE