552
CXUS54 KMEG 030148
CLMMKL


CLIMATE REPORT...RETRANSMISSION
NATIONAL WEATHER SERVICE MEMPHIS TN
747 PM CST FRI JAN 2 2015

...................................

...THE JACKSON CLIMATE SUMMARY FOR THE YEAR OF 2014...

CLIMATE NORMAL PERIOD 1981 TO 2010
CLIMATE RECORD PERIOD 1948 TO 2015

WEATHER         OBSERVED          NORMAL  DEPART  LAST YEAR`S
                 VALUE   DATE(S)  VALUE   FROM    VALUE  DATE(S)
                                          NORMAL
................................................................
TEMPERATURE (F)
RECORD
 HIGH             107   07/27/1952
 LOW              -13   01/24/1963
HIGHEST            95   08/24                         98  06/27
                        08/23
LOWEST              0   01/29                         14  11/28
AVG. MAXIMUM     68.9              71.1    -2.2     69.3
AVG. MINIMUM     47.1              48.6    -1.5     47.7
MEAN             58.0              59.8    -1.8     58.5
DAYS MAX >= 90     37              52.4   -15.4       37
DAYS MAX <= 32     12               5.9     6.1        5
DAYS MIN <= 32     93              73.6    19.4       93
DAYS MIN <= 0       1               0.4     0.6        0

PRECIPITATION (INCHES)
RECORD
 MAXIMUM        75.98   1974
 MINIMUM        34.68   1963
TOTALS          58.26             53.27    4.99    58.37
DAILY AVG.       0.16              0.15    0.01     0.16
DAYS >= .01       124             111.1    12.9      123
DAYS >= .10        81              73.6     7.4       77
DAYS >= .50        35              36.5    -1.5       37
DAYS >= 1.00       18              16.9     1.1       20

SNOWFALL (INCHES)
RECORDS
 TOTAL           25.0   1985
 SNOW DEPTH        14   03/01/2009
TOTALS            1.4               4.6    -3.2      0.9
SINCE 7/1         0.1               0.3    -0.2        T
SNOWDEPTH AVG.      0                MM      MM        0
DAYS >= TRACE      22               3.0    19.0       15
DAYS >= 1.0         0               1.5    -1.5        0
GREATEST
 SNOW DEPTH         1   03/05                          1  01/31
                        03/03
                        03/04

DEGREE_DAYS
HEATING TOTAL    4037              3574     463     3857
 SINCE 7/1         MM              1418      MM       MM
COOLING TOTAL    1609              1699     -90     1600
 SINCE 1/1       1609              1698     -89     1600

FREEZE DATES
RECORD
 EARLIEST     10/04/1987
 LATEST       04/23/1986
EARLIEST                        10/29
LATEST                          04/03
.................................................................

WIND (MPH)
AVERAGE WIND SPEED              6.3
RESULTANT WIND SPEED/DIRECTION   1/236
HIGHEST WIND SPEED/DIRECTION    38/280    DATE  06/07
HIGHEST GUST SPEED/DIRECTION    62/190    DATE  07/14

SKY COVER
AVERAGE SKY COVER           0.40

AVERAGE RH (PERCENT)     69

WEATHER CONDITIONS. NUMBER OF DAYS WITH
THUNDERSTORM              0     MIXED PRECIP               0
HEAVY RAIN               40     RAIN                      58
LIGHT RAIN              136     FREEZING RAIN              2
LT FREEZING RAIN          5     HAIL                       0
HEAVY SNOW                0     SNOW                       0
LIGHT SNOW               20     SLEET                      4
FOG                     204     FOG W/VIS <= 1/4 MILE     26
HAZE                     40

-  INDICATES NEGATIVE NUMBERS.
R  INDICATES RECORD WAS SET OR TIED.
MM INDICATES DATA IS MISSING.
T  INDICATES TRACE AMOUNT.

$$





U.S. Dept. of Commerce
NOAA National Weather Service
1325 East West Highway
Silver Spring, MD 20910
E-mail: w-nws.webmaster@noaa.gov
Page last modified: May 16, 2007
NATIONAL WEATHER SERVICE: for Safety, for Work, for Fun - FOR LIFE