723
CXUS54 KMEG 040026
CLMMKL


CLIMATE REPORT
NATIONAL WEATHER SERVICE MEMPHIS TN
624 PM CST WED DEC 3 2014

...................................

...THE JACKSON CLIMATE SUMMARY FOR THE MONTH OF NOVEMBER 2014...

CLIMATE NORMAL PERIOD 1981 TO 2010
CLIMATE RECORD PERIOD 1948 TO 2014

WEATHER         OBSERVED          NORMAL  DEPART  LAST YEAR`S
                 VALUE   DATE(S)  VALUE   FROM    VALUE  DATE(S)
                                          NORMAL
................................................................
TEMPERATURE (F)
RECORD
 HIGH              84   11/08/2005
                        11/01/2000
                        11/01/1987
 LOW                1   11/25/1950
HIGHEST            73   11/04        61      12       75  11/17
LOWEST             16   11/18        40     -24       14  11/28
AVG. MAXIMUM     54.4              61.4    -7.0     57.8
AVG. MINIMUM     33.7              38.8    -5.1     32.7
MEAN             44.1              50.1    -6.0     45.2
DAYS MAX >= 90      0               0.0     0.0        0
DAYS MAX <= 32      0               0.0     0.0        0
DAYS MIN <= 32     16               9.1     6.9       17
DAYS MIN <= 0       0               0.0     0.0        0

PRECIPITATION (INCHES)
RECORD
 MAXIMUM        11.21   1948
 MINIMUM         0.72   1949
TOTALS           2.18              4.90   -2.72     1.83
DAILY AVG.       0.07              0.16   -0.09     0.06
DAYS >= .01         8               9.9    -1.9        9
DAYS >= .10         4               6.4    -2.4        5
DAYS >= .50         1               3.5    -2.5        1
DAYS >= 1.00        1               1.8    -0.8        0
GREATEST
 24 HR. TOTAL    1.30   11/04 TO 11/05

SNOWFALL (INCHES)
RECORDS
 TOTAL            2.0   2011
TOTALS            0.1               0.1     0.0        T
SINCE 7/1         0.1               0.1     0.0        T
SNOWDEPTH AVG.      0                MM      MM        0
DAYS >= 1.0         0               0.1    -0.1        0
GREATEST
 SNOW DEPTH         0   MM                             0  MM
 24 HR TOTAL      0.1   MM

DEGREE_DAYS
HEATING TOTAL     623               453     170      585
 SINCE 7/1        792               667     125      790
COOLING TOTAL       1                 6      -5        0
 SINCE 1/1       1609              1697     -88     1592
.................................................................

WIND (MPH)
AVERAGE WIND SPEED              7.4
HIGHEST WIND SPEED/DIRECTION    30/260    DATE  11/24
HIGHEST GUST SPEED/DIRECTION    41/250    DATE  11/24

SKY COVER
POSSIBLE SUNSHINE (PERCENT)   MM
AVERAGE SKY COVER           0.40
NUMBER OF DAYS FAIR           15
NUMBER OF DAYS PC              7
NUMBER OF DAYS CLOUDY          8

AVERAGE RH (PERCENT)     65

WEATHER CONDITIONS. NUMBER OF DAYS WITH
THUNDERSTORM              0     MIXED PRECIP               0
HEAVY RAIN                0     RAIN                       3
LIGHT RAIN                8     FREEZING RAIN              0
LT FREEZING RAIN          0     HAIL                       0
HEAVY SNOW                0     SNOW                       0
LIGHT SNOW                2     SLEET                      1
FOG                       9     FOG W/VIS <= 1/4 MILE      0
HAZE                      1

-  INDICATES NEGATIVE NUMBERS.
R  INDICATES RECORD WAS SET OR TIED.
MM INDICATES DATA IS MISSING.
T  INDICATES TRACE AMOUNT.

$$




U.S. Dept. of Commerce
NOAA National Weather Service
1325 East West Highway
Silver Spring, MD 20910
E-mail: w-nws.webmaster@noaa.gov
Page last modified: May 16, 2007
NATIONAL WEATHER SERVICE: for Safety, for Work, for Fun - FOR LIFE