501
CXUS54 KMEG 050123
CLMMKL


CLIMATE REPORT...CORRECTED RAINFALL MONTHLY TOTAL
NATIONAL WEATHER SERVICE MEMPHIS TN
721 PM CST TUE NOV 4 2014

...................................

...THE JACKSON CLIMATE SUMMARY FOR THE MONTH OF OCTOBER 2014...

CLIMATE NORMAL PERIOD 1981 TO 2010
CLIMATE RECORD PERIOD 1948 TO 2014

WEATHER         OBSERVED          NORMAL  DEPART  LAST YEAR`S
                 VALUE   DATE(S)  VALUE   FROM    VALUE  DATE(S)
                                          NORMAL
................................................................
TEMPERATURE (F)
RECORD
 HIGH              96   10/01/1953
 LOW               25   10/29/1952
                        10/22/1952
HIGHEST            87   10/01        74      13       86  10/05
                                                          10/04
LOWEST             35   10/30        48     -13       27  10/25
AVG. MAXIMUM     73.9              73.2     0.7     72.1
AVG. MINIMUM     50.4              47.8     2.6     49.5
MEAN             62.1              60.5     1.6     60.8
DAYS MAX >= 90      0               0.2    -0.2        0
DAYS MAX <= 32      0               0.0     0.0        0
DAYS MIN <= 32      0               1.8    -1.8        2
DAYS MIN <= 0       0               0.0     0.0        0

PRECIPITATION (INCHES)
RECORD
 MAXIMUM         8.72   2007
 MINIMUM         0.00   1963
TOTALS           4.51              3.77    0.74     3.79
DAILY AVG.       0.15              0.12    0.03     0.12
DAYS >= .01        14               8.1     5.9       10
DAYS >= .10         8               5.3     2.7        4
DAYS >= .50         4               2.6     1.4        2
DAYS >= 1.00        1               1.2    -0.2        2
GREATEST
 24 HR. TOTAL    1.39   10/12 TO 10/13

SNOWFALL (INCHES)
RECORDS
 TOTAL            0.0   2002
                        2001
                        1993
TOTALS            0.0               0.0     0.0      0.0
SINCE 7/1         0.0               0.0     0.0      0.0
SNOWDEPTH AVG.      0                MM      MM        0
DAYS >= 1.0         0               0.0     0.0        0
GREATEST
 SNOW DEPTH         0   MM                             0  MM
 24 HR TOTAL      0.0   10/31 TO 10/31

DEGREE_DAYS
HEATING TOTAL     159               188     -29      197
 SINCE 7/1        169               214     -45      205
COOLING TOTAL      76                48      28       71
 SINCE 1/1       1608              1691     -83     1592
.................................................................

WIND (MPH)
AVERAGE WIND SPEED              5.8
HIGHEST WIND SPEED/DIRECTION    31/250    DATE  10/02
HIGHEST GUST SPEED/DIRECTION    46/260    DATE  10/02

SKY COVER
POSSIBLE SUNSHINE (PERCENT)   MM
AVERAGE SKY COVER           0.30
NUMBER OF DAYS FAIR           20
NUMBER OF DAYS PC              7
NUMBER OF DAYS CLOUDY          4

AVERAGE RH (PERCENT)     72

WEATHER CONDITIONS. NUMBER OF DAYS WITH
THUNDERSTORM              0     MIXED PRECIP               0
HEAVY RAIN                4     RAIN                      11
LIGHT RAIN               17     FREEZING RAIN              0
LT FREEZING RAIN          0     HAIL                       0
HEAVY SNOW                0     SNOW                       0
LIGHT SNOW                0     SLEET                      0
FOG                      25     FOG W/VIS <= 1/4 MILE      5
HAZE                      4

-  INDICATES NEGATIVE NUMBERS.
R  INDICATES RECORD WAS SET OR TIED.
MM INDICATES DATA IS MISSING.
T  INDICATES TRACE AMOUNT.

$$





U.S. Dept. of Commerce
NOAA National Weather Service
1325 East West Highway
Silver Spring, MD 20910
E-mail: w-nws.webmaster@noaa.gov
Page last modified: May 16, 2007
NATIONAL WEATHER SERVICE: for Safety, for Work, for Fun - FOR LIFE