854
CXUS53 KMKX 012004
CLMMKE


CLIMATE REPORT
NATIONAL WEATHER SERVICE IN MILWAUKEE
256 PM CDT TUE JUL 1 2014

...................................

...THE MILWAUKEE WI CLIMATE SUMMARY FOR THE MONTH OF JUNE 2014...

CLIMATE NORMAL PERIOD 1981 TO 2010
CLIMATE RECORD PERIOD 1871 TO 2014

WEATHER         OBSERVED          NORMAL  DEPART  LAST YEAR`S
                 VALUE   DATE(S)  VALUE   FROM    VALUE  DATE(S)
                                          NORMAL
................................................................
TEMPERATURE (F)
RECORD
 HIGH             101   06/21/1988
                        06/14/1987
                        06/27/1933
 LOW               33   06/04/1945
HIGHEST            87   06/30        91      -4       88  06/27
                                                          06/23
LOWEST             49   06/14        44       5       41  06/03
                        06/05
AVG. MAXIMUM     74.3              75.3    -1.0     73.3
AVG. MINIMUM     56.3              57.1    -0.8     57.0
MEAN             65.3              66.2    -0.9     65.1
DAYS MAX >= 90      0               1.5    -1.5        0
DAYS MAX <= 32      0               0.0     0.0        0
DAYS MIN <= 32      0               0.0     0.0        0
DAYS MIN <= 0       0               0.0     0.0        0

PRECIPITATION (INCHES)
RECORD
 MAXIMUM        12.27   2008
 MINIMUM         0.61   1921
TOTALS           6.34              3.90    2.44     5.80
DAILY AVG.       0.21              0.13    0.08     0.19
DAYS >= .01        15              10.4     4.6       14
DAYS >= .10        12               6.5     5.5        8
DAYS >= .50         6               2.7     3.3        4
DAYS >= 1.00        1               1.0     0.0        2
GREATEST
 24 HR. TOTAL    1.11   06/17 TO 06/17              1.42 06/24-06/25

DEGREE_DAYS
HEATING TOTAL      74                84     -10       87
 SINCE 7/1       7742              6894     848     6829
COOLING TOTAL      90               120     -30       99
 SINCE 1/1        108               150     -42      138
.................................................................

WIND (MPH)
AVERAGE WIND SPEED              8.8
HIGHEST WIND SPEED/DIRECTION    33/200    DATE  06/17
HIGHEST GUST SPEED/DIRECTION    49/200    DATE  06/17

SKY COVER
POSSIBLE SUNSHINE (PERCENT)   MM
AVERAGE SKY COVER           0.70
NUMBER OF DAYS FAIR            3
NUMBER OF DAYS PC             16
NUMBER OF DAYS CLOUDY         11

AVERAGE RH (PERCENT)     73

WEATHER CONDITIONS. NUMBER OF DAYS WITH
THUNDERSTORM              9     MIXED PRECIP               0
HEAVY RAIN                5     RAIN                       8
LIGHT RAIN               19     FREEZING RAIN              0
LT FREEZING RAIN          0     HAIL                       0
HEAVY SNOW                0     SNOW                       0
LIGHT SNOW                0     SLEET                      0
FOG                      20     FOG W/VIS <= 1/4 MILE     12
HAZE                      7

-  INDICATES NEGATIVE NUMBERS.
R  INDICATES RECORD WAS SET OR TIED.
MM INDICATES DATA IS MISSING.
T  INDICATES TRACE AMOUNT.

$$





U.S. Dept. of Commerce
NOAA National Weather Service
1325 East West Highway
Silver Spring, MD 20910
E-mail: w-nws.webmaster@noaa.gov
Page last modified: May 16, 2007
NATIONAL WEATHER SERVICE: for Safety, for Work, for Fun - FOR LIFE