069
CXUS53 KMKX 011619
CLMMKE

CLIMATE REPORT
NATIONAL WEATHER SERVICE IN MILWAUKEE
1044 AM CDT MON SEP 1 2014

...................................

...THE MILWAUKEE WI CLIMATE SUMMARY FOR THE MONTH OF AUGUST 2014...

CLIMATE NORMAL PERIOD 1981 TO 2010
CLIMATE RECORD PERIOD 1871 TO 2014

WEATHER         OBSERVED          NORMAL  DEPART  LAST YEAR`S
                 VALUE   DATE(S)  VALUE   FROM    VALUE  DATE(S)
                                          NORMAL
................................................................
TEMPERATURE (F)
RECORD
 HIGH             101   08/06/1918
 LOW               42   08/30/1915
                        08/23/1875
HIGHEST            85   08/16        92      -7       95  08/30
                        08/03                             08/27
LOWEST             56   08/15        51       5       53  08/14
                        08/14
                        08/02
AVG. MAXIMUM     77.1              78.5    -1.4     79.6
AVG. MINIMUM     62.8              63.0    -0.2     62.3
MEAN             70.0              70.7    -0.7     70.9
DAYS MAX >= 90      0               2.0    -2.0        4
DAYS MAX <= 32      0               0.0     0.0        0
DAYS MIN <= 32      0               0.0     0.0        0
DAYS MIN <= 0       0               0.0     0.0        0

PRECIPITATION (INCHES)
RECORD
 MAXIMUM         9.05   1987
 MINIMUM         0.29   1894
TOTALS           5.69              3.97    1.72     3.27
DAILY AVG.       0.18              0.13    0.05     0.11
DAYS >= .01        14               9.5     4.5        4
DAYS >= .10        10               6.5     3.5        3
DAYS >= .50         5               2.5     2.5        2
DAYS >= 1.00        2               0.9     1.1        2
GREATEST
 24 HR. TOTAL    1.27   08/23 TO 08/24              1.67

DEGREE_DAYS
HEATING TOTAL       5                15     -10        8
 SINCE 7/1         26                26       0       22
COOLING TOTAL     166               193     -27      198
 SINCE 1/1        401               565    -164      577
.................................................................

WIND (MPH)
AVERAGE WIND SPEED              7.1
HIGHEST WIND SPEED/DIRECTION    26/070    DATE  08/23
HIGHEST GUST SPEED/DIRECTION    36/080    DATE  08/01

SKY COVER
POSSIBLE SUNSHINE (PERCENT)   MM
AVERAGE SKY COVER           0.60
NUMBER OF DAYS FAIR            3
NUMBER OF DAYS PC             18
NUMBER OF DAYS CLOUDY         10

AVERAGE RH (PERCENT)     74

WEATHER CONDITIONS. NUMBER OF DAYS WITH
THUNDERSTORM             10     MIXED PRECIP               0
HEAVY RAIN                3     RAIN                       5
LIGHT RAIN               16     FREEZING RAIN              0
LT FREEZING RAIN          0     HAIL                       0
HEAVY SNOW                0     SNOW                       0
LIGHT SNOW                0     SLEET                      0
FOG                      17     FOG W/VIS <= 1/4 MILE      4
HAZE                      6

-  INDICATES NEGATIVE NUMBERS.
R  INDICATES RECORD WAS SET OR TIED.
MM INDICATES DATA IS MISSING.
T  INDICATES TRACE AMOUNT.

$$




U.S. Dept. of Commerce
NOAA National Weather Service
1325 East West Highway
Silver Spring, MD 20910
E-mail: w-nws.webmaster@noaa.gov
Page last modified: May 16, 2007
NATIONAL WEATHER SERVICE: for Safety, for Work, for Fun - FOR LIFE