715
CXUS53 KMKX 011522
CLMMKE


CLIMATE REPORT
NATIONAL WEATHER SERVICE IN MILWAUKEE
1002 AM CDT FRI AUG 1 2014

...................................

...THE MILWAUKEE WI CLIMATE SUMMARY FOR THE MONTH OF JULY 2014...

CLIMATE NORMAL PERIOD 1981 TO 2010
CLIMATE RECORD PERIOD 1871 TO 2014

WEATHER         OBSERVED          NORMAL  DEPART  LAST YEAR`S
                 VALUE   DATE(S)  VALUE   FROM    VALUE  DATE(S)
                                          NORMAL
................................................................
TEMPERATURE (F)
RECORD
 HIGH             105   07/24/1934
 LOW               44   07/10/1963
HIGHEST            89   07/22        94      -5       95  07/18
                                                          07/17
LOWEST             53   07/02        52       1       54  07/28
AVG. MAXIMUM     76.8              80.1    -3.3     79.8
AVG. MINIMUM     59.6              63.5    -3.9     64.4
MEAN             68.2              71.8    -3.6     72.1
DAYS MAX >= 90      0               2.9    -2.9        5
DAYS MAX <= 32      0               0.0     0.0        0
DAYS MIN <= 32      0               0.0     0.0        0
DAYS MIN <= 0       0               0.0     0.0        0

PRECIPITATION (INCHES)
RECORD
 MAXIMUM        10.93   2010
 MINIMUM         0.28   1936
TOTALS           2.31              3.67   -1.36     1.55
DAILY AVG.       0.07              0.12   -0.05     0.05
DAYS >= .01         9               9.8    -0.8        8
DAYS >= .10         5               6.1    -1.1        6
DAYS >= .50         2               2.4    -0.4        0
DAYS >= 1.00        0               0.8    -0.8        0
GREATEST
 24 HR. TOTAL    0.99   07/12 TO 07/12              0.38

DEGREE_DAYS
HEATING TOTAL      21                11      10       14
 SINCE 7/1         21                11      10       14
COOLING TOTAL     127               222     -95      241
 SINCE 1/1        235               372    -137      379
.................................................................

WIND (MPH)
AVERAGE WIND SPEED              8.5
HIGHEST WIND SPEED/DIRECTION    31/330    DATE  07/27
HIGHEST GUST SPEED/DIRECTION    39/320    DATE  07/27

SKY COVER
POSSIBLE SUNSHINE (PERCENT)   MM
AVERAGE SKY COVER           0.50
NUMBER OF DAYS FAIR            6
NUMBER OF DAYS PC             23
NUMBER OF DAYS CLOUDY          2

AVERAGE RH (PERCENT)     67

WEATHER CONDITIONS. NUMBER OF DAYS WITH
THUNDERSTORM              7     MIXED PRECIP               0
HEAVY RAIN                2     RAIN                       2
LIGHT RAIN               12     FREEZING RAIN              0
LT FREEZING RAIN          0     HAIL                       0
HEAVY SNOW                0     SNOW                       0
LIGHT SNOW                0     SLEET                      0
FOG                       7     FOG W/VIS <= 1/4 MILE      0
HAZE                      9

-  INDICATES NEGATIVE NUMBERS.
R  INDICATES RECORD WAS SET OR TIED.
MM INDICATES DATA IS MISSING.
T  INDICATES TRACE AMOUNT.

$$






U.S. Dept. of Commerce
NOAA National Weather Service
1325 East West Highway
Silver Spring, MD 20910
E-mail: w-nws.webmaster@noaa.gov
Page last modified: May 16, 2007
NATIONAL WEATHER SERVICE: for Safety, for Work, for Fun - FOR LIFE