557
CXUS53 KMKX 031632
CLMMKE


CLIMATE REPORT
NATIONAL WEATHER SERVICE IN MILWAUKEE
1123 AM CDT THU APR 3 2014

...................................

...THE MILWAUKEE WI CLIMATE SUMMARY FOR THE MONTH OF MARCH 2014...

CLIMATE NORMAL PERIOD 1981 TO 2010
CLIMATE RECORD PERIOD 1871 TO 2014

WEATHER         OBSERVED          NORMAL  DEPART  LAST YEAR`S
                 VALUE   DATE(S)  VALUE   FROM    VALUE  DATE(S)
                                          NORMAL
................................................................
TEMPERATURE (F)
RECORD
 HIGH              84   03/21/2012
 LOW              -10   03/01/1962
HIGHEST            58   03/31        63      -5       57  03/30
LOWEST                  03/03         8      -9       12  03/20
AVG. MAXIMUM     36.7              42.4    -5.7     36.0
AVG. MINIMUM     21.2              27.7    -6.5     24.1
MEAN             28.9              35.0    -6.1     30.0
DAYS MAX >= 90      0               0.0     0.0        0
DAYS MAX <= 32     10               4.6     5.4       11
DAYS MIN <= 32     25              21.6     3.4       29
DAYS MIN <= 0       1               0.1     0.9        0

PRECIPITATION (INCHES)
RECORD
 MAXIMUM         6.93   1976
 MINIMUM         0.05   1910
TOTALS           1.12              2.27   -1.15     1.63
DAILY AVG.       0.04              0.07   -0.03     0.05
DAYS >= .01         9              11.4    -2.4        9
DAYS >= .10         4               5.4    -1.4        3
DAYS >= .50         0               1.5    -1.5        1
DAYS >= 1.00        0               0.2    -0.2        0
GREATEST
 24 HR. TOTAL    0.46   03/27 TO 03/27              0.86 03/06

SNOWFALL (INCHES)
RECORDS
 TOTAL           36.3   1931
TOTALS            6.3               7.0    -0.7      7.4
SINCE 7/1        63.1              44.8    18.3     44.6
SNOWDEPTH AVG.      3                MM      MM        3
DAYS >= 1.0         2               2.0     0.0        3
GREATEST
 SNOW DEPTH        13   03/05                          9  03/06
 24 HR TOTAL      2.7   03/01 TO 03/01               4.3  03/06

DEGREE_DAYS
HEATING TOTAL    1110               929     181     1075
 SINCE 7/1       6766              5909     857     5800
COOLING TOTAL       0                 0       0        0
 SINCE 1/1          0                 0       0        0
.................................................................

WIND (MPH)
AVERAGE WIND SPEED              11.2
HIGHEST WIND SPEED/DIRECTION    31/020    DATE  03/12
HIGHEST GUST SPEED/DIRECTION    41/020    DATE  03/12

SKY COVER
POSSIBLE SUNSHINE (PERCENT)   MM
AVERAGE SKY COVER           0.60
NUMBER OF DAYS FAIR            3
NUMBER OF DAYS PC             21
NUMBER OF DAYS CLOUDY          7

AVERAGE RH (PERCENT)     64

WEATHER CONDITIONS. NUMBER OF DAYS WITH
THUNDERSTORM              0     MIXED PRECIP               0
HEAVY RAIN                0     RAIN                       1
LIGHT RAIN                6     FREEZING RAIN              0
LT FREEZING RAIN          0     HAIL                       0
HEAVY SNOW                1     SNOW                       2
LIGHT SNOW               12     SLEET                      1
FOG                      13     FOG W/VIS <= 1/4 MILE      0
HAZE                     14

-  INDICATES NEGATIVE NUMBERS.
R  INDICATES RECORD WAS SET OR TIED.
MM INDICATES DATA IS MISSING.
T  INDICATES TRACE AMOUNT.

$$





U.S. Dept. of Commerce
NOAA National Weather Service
1325 East West Highway
Silver Spring, MD 20910
E-mail: w-nws.webmaster@noaa.gov
Page last modified: May 16, 2007
NATIONAL WEATHER SERVICE: for Safety, for Work, for Fun - FOR LIFE