483
CXUS53 KIND 011510
CLMMIE


CLIMATE REPORT
NATIONAL WEATHER SERVICE INDIANAPOLIS IN
1110 AM EDT WED OCT 1 2014

...................................

...THE MUNCIE IN CLIMATE SUMMARY FOR THE MONTH OF SEPTEMBER 2014...

CLIMATE NORMAL PERIOD 1981 TO 2010
CLIMATE RECORD PERIOD 9999 TO 9999

WEATHER         OBSERVED          NORMAL  DEPART  LAST YEAR`S
                 VALUE   DATE(S)  VALUE   FROM    VALUE  DATE(S)
                                          NORMAL
................................................................
TEMPERATURE (F)
HIGHEST            90   09/05                         96  09/10
LOWEST             41   09/23                         38  09/14
                        09/17
                        09/14
AVG. MAXIMUM     75.0              76.9    -1.9     78.6
AVG. MINIMUM     51.3              54.0    -2.7     53.6
MEAN             63.2              65.5    -2.3     66.1
DAYS MAX >= 90      1               1.3    -0.3        3
DAYS MAX <= 32      0               0.0     0.0        0
DAYS MIN <= 32      0               0.1    -0.1        0
DAYS MIN <= 0       0               0.0     0.0        0

PRECIPITATION (INCHES)
TOTALS           3.57              2.96    0.61     3.79
DAILY AVG.       0.12              0.10    0.02     0.13
DAYS >= .01         8               8.8    -0.8        6
DAYS >= .10         5               5.0     0.0        5
DAYS >= .50         1               2.1    -1.1        4
DAYS >= 1.00        1               0.9     0.1        0
GREATEST
 24 HR. TOTAL    2.42   09/10 TO 09/10

DEGREE_DAYS
HEATING TOTAL     114                91      23       83
 SINCE 7/1        140               101      39      109
COOLING TOTAL      67               105     -38      124
 SINCE 1/1        822               939    -117      939
.................................................................

WIND (MPH)
AVERAGE WIND SPEED              5.2
HIGHEST WIND SPEED/DIRECTION    33/320    DATE  09/05
HIGHEST GUST SPEED/DIRECTION    47/310    DATE  09/05

SKY COVER
POSSIBLE SUNSHINE (PERCENT)   MM
AVERAGE SKY COVER           0.30
NUMBER OF DAYS FAIR           19
NUMBER OF DAYS PC              8
NUMBER OF DAYS CLOUDY          3

AVERAGE RH (PERCENT)     70

WEATHER CONDITIONS. NUMBER OF DAYS WITH
THUNDERSTORM              6     MIXED PRECIP               0
HEAVY RAIN                2     RAIN                       6
LIGHT RAIN               10     FREEZING RAIN              0
LT FREEZING RAIN          0     HAIL                       0
HEAVY SNOW                0     SNOW                       0
LIGHT SNOW                0     SLEET                      0
FOG                      25     FOG W/VIS <= 1/4 MILE      3
HAZE                      6

-  INDICATES NEGATIVE NUMBERS.
R  INDICATES RECORD WAS SET OR TIED.
MM INDICATES DATA IS MISSING.
T  INDICATES TRACE AMOUNT.

$$





U.S. Dept. of Commerce
NOAA National Weather Service
1325 East West Highway
Silver Spring, MD 20910
E-mail: w-nws.webmaster@noaa.gov
Page last modified: May 16, 2007
NATIONAL WEATHER SERVICE: for Safety, for Work, for Fun - FOR LIFE