818
CXUS53 KIND 011518
CLMMIE


CLIMATE REPORT
NATIONAL WEATHER SERVICE INDIANAPOLIS IN
1114 AM EDT MON SEP 1 2014

...................................

...THE MUNCIE IN CLIMATE SUMMARY FOR THE MONTH OF AUGUST 2014...

CLIMATE NORMAL PERIOD 1981 TO 2010
CLIMATE RECORD PERIOD 9999 TO 9999

WEATHER         OBSERVED          NORMAL  DEPART  LAST YEAR`S
                 VALUE   DATE(S)  VALUE   FROM    VALUE  DATE(S)
                                          NORMAL
................................................................
TEMPERATURE (F)
HIGHEST            90   08/25                         92  08/27
LOWEST             43   08/15                         45  08/15
                                                          08/14
AVG. MAXIMUM     82.1              82.8    -0.7     82.4
AVG. MINIMUM     62.4              62.3     0.1     59.6
MEAN             72.2              72.5    -0.3     71.0
DAYS MAX >= 90      1               3.7    -2.7        3
DAYS MAX <= 32      0               0.0     0.0        0
DAYS MIN <= 32      0               0.0     0.0        0
DAYS MIN <= 0       0               0.0     0.0        0

PRECIPITATION (INCHES)
TOTALS           6.06              3.30    2.76     2.27
DAILY AVG.       0.20              0.11    0.09     0.07
DAYS >= .01        12               8.7     3.3        9
DAYS >= .10         7               5.2     1.8        4
DAYS >= .50         2               2.1    -0.1        2
DAYS >= 1.00        2               0.9     1.1        0
GREATEST
 24 HR. TOTAL    4.90   08/21 TO 08/22

DEGREE_DAYS
HEATING TOTAL       8                 7       1       19
 SINCE 7/1         26                10      16       26
COOLING TOTAL     242               241       1      211
 SINCE 1/1        755               834     -79      815
.................................................................

WIND (MPH)
AVERAGE WIND SPEED              5.7
HIGHEST WIND SPEED/DIRECTION    28/340    DATE  08/21
HIGHEST GUST SPEED/DIRECTION    37/010    DATE  08/25

SKY COVER
POSSIBLE SUNSHINE (PERCENT)   MM
AVERAGE SKY COVER           0.30
NUMBER OF DAYS FAIR           18
NUMBER OF DAYS PC             12
NUMBER OF DAYS CLOUDY          1

AVERAGE RH (PERCENT)     72

WEATHER CONDITIONS. NUMBER OF DAYS WITH
THUNDERSTORM             10     MIXED PRECIP               0
HEAVY RAIN                3     RAIN                       5
LIGHT RAIN               14     FREEZING RAIN              0
LT FREEZING RAIN          0     HAIL                       0
HEAVY SNOW                0     SNOW                       0
LIGHT SNOW                0     SLEET                      0
FOG                      22     FOG W/VIS <= 1/4 MILE      4
HAZE                      7

-  INDICATES NEGATIVE NUMBERS.
R  INDICATES RECORD WAS SET OR TIED.
MM INDICATES DATA IS MISSING.
T  INDICATES TRACE AMOUNT.

$$





U.S. Dept. of Commerce
NOAA National Weather Service
1325 East West Highway
Silver Spring, MD 20910
E-mail: w-nws.webmaster@noaa.gov
Page last modified: May 16, 2007
NATIONAL WEATHER SERVICE: for Safety, for Work, for Fun - FOR LIFE