536
CXUS53 KIND 011514
CLMMIE


CLIMATE REPORT
NATIONAL WEATHER SERVICE INDIANAPOLIS IN
1110 AM EDT TUE JUL 1 2014

...................................

...THE MUNCIE IN CLIMATE SUMMARY FOR THE MONTH OF JUNE 2014...

CLIMATE NORMAL PERIOD 1981 TO 2010
CLIMATE RECORD PERIOD 9999 TO 9999

WEATHER         OBSERVED          NORMAL  DEPART  LAST YEAR`S
                 VALUE   DATE(S)  VALUE   FROM    VALUE  DATE(S)
                                          NORMAL
................................................................
TEMPERATURE (F)
HIGHEST            90   06/18                         91  06/12
                        06/17
LOWEST             47   06/14                         46  06/04
                                                          06/03
AVG. MAXIMUM     81.7              81.3     0.4     80.5
AVG. MINIMUM     63.5              61.5     2.0     61.7
MEAN             72.6              71.4     1.2     71.1
DAYS MAX >= 90      2               3.2    -1.2        1
DAYS MAX <= 32      0               0.0     0.0        0
DAYS MIN <= 32      0               0.0     0.0        0
DAYS MIN <= 0       0               0.0     0.0        0

PRECIPITATION (INCHES)
TOTALS           5.46              4.66    0.80     4.98
DAILY AVG.       0.18              0.16    0.02     0.17
DAYS >= .01        15              11.3     3.7       15
DAYS >= .10        10               7.7     2.3       10
DAYS >= .50         4               3.0     1.0        3
DAYS >= 1.00        2               1.2     0.8        2
GREATEST
 24 HR. TOTAL    1.44   06/08 TO 06/08

DEGREE_DAYS
HEATING TOTAL       8                24     -16       14
 SINCE 7/1       6419              5783     636     5380
COOLING TOTAL     245               216      29      206
 SINCE 1/1        360               299      61      374
.................................................................

WIND (MPH)
AVERAGE WIND SPEED              7.2
HIGHEST WIND SPEED/DIRECTION    26/020    DATE  06/08
HIGHEST GUST SPEED/DIRECTION    35/220    DATE  06/17

SKY COVER
POSSIBLE SUNSHINE (PERCENT)   MM
AVERAGE SKY COVER           0.40
NUMBER OF DAYS FAIR           13
NUMBER OF DAYS PC             16
NUMBER OF DAYS CLOUDY          1

AVERAGE RH (PERCENT)     71

WEATHER CONDITIONS. NUMBER OF DAYS WITH
THUNDERSTORM              9     MIXED PRECIP               0
HEAVY RAIN                6     RAIN                       9
LIGHT RAIN               17     FREEZING RAIN              0
LT FREEZING RAIN          0     HAIL                       0
HEAVY SNOW                0     SNOW                       0
LIGHT SNOW                0     SLEET                      0
FOG                      19     FOG W/VIS <= 1/4 MILE      4
HAZE                      3

-  INDICATES NEGATIVE NUMBERS.
R  INDICATES RECORD WAS SET OR TIED.
MM INDICATES DATA IS MISSING.
T  INDICATES TRACE AMOUNT.

$$





U.S. Dept. of Commerce
NOAA National Weather Service
1325 East West Highway
Silver Spring, MD 20910
E-mail: w-nws.webmaster@noaa.gov
Page last modified: May 16, 2007
NATIONAL WEATHER SERVICE: for Safety, for Work, for Fun - FOR LIFE