094
CXUS52 KMFL 011505 CCA
CLMMIA

CLIMATE REPORT
NATIONAL WEATHER SERVICE MIAMI, FL
1051 AM EDT FRI AUG 1 2014

...................................

...THE MIAMI CLIMATE SUMMARY FOR THE MONTH OF JULY 2014...

CLIMATE NORMAL PERIOD 1981 TO 2010
CLIMATE RECORD PERIOD 1839 TO 2014

WEATHER         OBSERVED          NORMAL  DEPART  LAST YEAR`S
                 VALUE   DATE(S)  VALUE   FROM    VALUE
                                          NORMAL
.............................................................
TEMPERATURE (F)
RECORD
 HIGH             100   07/21/1942
 LOW               66   07/13/1936
                        07/04/1929
HIGHEST            95   07/28                         94
                        07/18
LOWEST             71   07/15                         72
AVG. MAXIMUM     90.6              90.9    -0.3     88.6
AVG. MINIMUM     77.1              77.3    -0.2     76.3
MEAN             83.9              84.1    -0.2     82.4
DAYS MAX >= 90     22                                  9
DAYS MAX <= 32      0                                  0
DAYS MIN <= 32      0                                  0
DAYS MIN <= 0       0                                  0

PRECIPITATION (INCHES)
RECORD
 MAXIMUM        15.33   1941
 MINIMUM         0.48   1932
TOTALS          10.29              6.50    3.79    12.70
DAILY AVG.       0.33              0.21    0.12
DAYS >= .01        26                                 25
DAYS >= .10        19                                 15
DAYS >= .50        10                                  7
DAYS >= 1.00        2                                  4
GREATEST
 24 HR. TOTAL    1.94   06/30 TO 07/01              3.20

DEGREE_DAYS
HEATING TOTAL       0                 0       0        0
 SINCE 7/1          0                 0       0        0
COOLING TOTAL     593               592       1      551
 SINCE 1/1       2669              2480     189     2544
..............................................................

WIND (MPH)
AVERAGE WIND SPEED              4.9
HIGHEST WIND SPEED/DIRECTION    43/180    DATE  07/15
HIGHEST GUST SPEED/DIRECTION    51/180    DATE  07/15

SKY COVER
POSSIBLE SUNSHINE (PERCENT)   52
AVERAGE SKY COVER           0.70
NUMBER OF DAYS FAIR            0
NUMBER OF DAYS PC             24
NUMBER OF DAYS CLOUDY          7

AVERAGE RH (PERCENT)     74

WEATHER CONDITIONS. NUMBER OF DAYS WITH
THUNDERSTORM             24     MIXED PRECIP               0
HEAVY RAIN               13     RAIN                      15
LIGHT RAIN               28     FREEZING RAIN              0
LT FREEZING RAIN          0     HAIL                       0
HEAVY SNOW                0     SNOW                       0
LIGHT SNOW                0     SLEET                      0
FOG                      16     FOG W/VIS <= 1/4 MILE      1
HAZE                      8

-  INDICATES NEGATIVE NUMBERS.
R  INDICATES RECORD WAS SET OR TIED.
MM INDICATES DATA IS MISSING.
T  INDICATES TRACE AMOUNT.


...............DATA FOR MIAMI BEACH...JULY 2014................

...TEMPERATURE DATA...

AVERAGE FOR THE MONTH .... 82.7 OR 0.5 DEGREES BELOW NORMAL.
AVERAGE MAXIMUM .......... 88.1 OR 0.0 DEGREES, NORMAL.
AVERAGE MINIMUM .......... 77.3 OR 1.0 DEGREES BELOW NORMAL.            .

HIGHEST TEMPERATURE FOR THE MONTH: 92 DEGREES ON THE 30TH.
LOWEST  TEMPERATURE FOR THE MONTH: 72 DEGREES ON THE 19TH.


...PRECIPITATION...

TOTAL FOR THE MONTH 10.09 INCHES OR 5.74 INCHES ABOVE NORMAL.
TOTAL FOR THE YEAR  32.84 INCHES OR 4.62 INCHES ABOVE NORMAL.
GREATEST 24-HOUR PERIOD RAINFALL 3.53 INCHES ON THE 1ST.

NUMBER OF DAYS HAVING 0.01 INCHES OR MORE ... 14.
NUMBER OF DAYS HAVING 0.10 INCHES OR MORE ... 14.
NUMBER OF DAYS HAVING 0.50 INCHES OR MORE ...  5.
NUMBER OF DAYS HAVING 1.00 INCHES OR MORE ...  4.

...............................................................


...DATA FOR THE NATIONAL WEATHER SERVICE OFFICE (WEST MIAMI)...
                       ...JULY 2014...

...TEMPERATURE DATA...

AVERAGE FOR THE MONTH .... 83.1 DEGREES.
AVERAGE MAXIMUM .......... 90.7 DEGREES.
AVERAGE MINIMUM .......... 75.5 DEGREES.

HIGHEST TEMPERATURE FOR THE MONTH: 96 DEGREES ON THE 29TH.
LOWEST  TEMPERATURE FOR THE MONTH: 72 DEGREES ON THE 11TH,15TH,16TH.


...PRECIPITATION...

TOTAL FOR THE MONTH................. 19.69 INCHES.
TOTAL FOR THE YEAR.................. 40.68 INCHES.
GREATEST 24-HOUR PERIOD RAINFALL 3.43 INCHES ON THE 1ST.

NUMBER OF DAYS HAVING 0.01 INCHES OR MORE ... 24.
NUMBER OF DAYS HAVING 0.10 INCHES OR MORE ... 19.
NUMBER OF DAYS HAVING 0.50 INCHES OR MORE ... 11.
NUMBER OF DAYS HAVING 1.00 INCHES OR MORE ...  7.



$$




U.S. Dept. of Commerce
NOAA National Weather Service
1325 East West Highway
Silver Spring, MD 20910
E-mail: w-nws.webmaster@noaa.gov
Page last modified: May 16, 2007
NATIONAL WEATHER SERVICE: for Safety, for Work, for Fun - FOR LIFE