786
CXUS52 KMFL 011704
CLMMIA

CLIMATE REPORT
NATIONAL WEATHER SERVICE MIAMI, FL
101 PM EDT WED OCT 1 2014

...................................

...THE MIAMI CLIMATE SUMMARY FOR THE MONTH OF SEPTEMBER 2014...

CLIMATE NORMAL PERIOD 1981 TO 2010
CLIMATE RECORD PERIOD 1839 TO 2014

WEATHER         OBSERVED          NORMAL  DEPART  LAST YEAR`S
                 VALUE   DATE(S)  VALUE   FROM    VALUE
                                          NORMAL
.............................................................
TEMPERATURE (F)
RECORD
 HIGH              97   09/08/1987
 LOW               62   09/29/1903
HIGHEST            92   09/17                         92
LOWEST             72   09/23                         73
AVG. MAXIMUM     88.7              89.3    -0.6     89.3
AVG. MINIMUM     76.3              76.5    -0.2     76.4
MEAN             82.5              82.9    -0.4     82.8
DAYS MAX >= 90     13                                 16
DAYS MAX <= 32      0                                  0
DAYS MIN <= 32      0                                  0
DAYS MIN <= 0       0                                  0

PRECIPITATION (INCHES)
RECORD
 MAXIMUM        25.10   1878
 MINIMUM         2.08   1912
TOTALS           7.25              9.86   -2.61    10.47
DAILY AVG.       0.24              0.33   -0.09
DAYS >= .01        23                                 20
DAYS >= .10        15                                 14
DAYS >= .50         6                                  7
DAYS >= 1.00        0                                  5
GREATEST
 24 HR. TOTAL    1.49   09/12 TO 09/13              1.58

DEGREE_DAYS
HEATING TOTAL       0                 0       0        0
 SINCE 7/1          0                 0       0        0
COOLING TOTAL     534               537      -3      541
 SINCE 1/1       3829              3612     217     3678
..............................................................

WIND (MPH)
AVERAGE WIND SPEED              6.0
HIGHEST WIND SPEED/DIRECTION    28/140    DATE  09/23
HIGHEST GUST SPEED/DIRECTION    34/120    DATE  09/01

SKY COVER
POSSIBLE SUNSHINE (PERCENT)   62
AVERAGE SKY COVER           0.70
NUMBER OF DAYS FAIR            0
NUMBER OF DAYS PC             19
NUMBER OF DAYS CLOUDY         11

AVERAGE RH (PERCENT)     75

WEATHER CONDITIONS. NUMBER OF DAYS WITH
THUNDERSTORM              0     MIXED PRECIP               0
HEAVY RAIN               12     RAIN                       8
LIGHT RAIN               24     FREEZING RAIN              0
LT FREEZING RAIN          0     HAIL                       0
HEAVY SNOW                0     SNOW                       0
LIGHT SNOW                0     SLEET                      0
FOG                      12     FOG W/VIS <= 1/4 MILE      0
HAZE                      3

-  INDICATES NEGATIVE NUMBERS.
R  INDICATES RECORD WAS SET OR TIED.
MM INDICATES DATA IS MISSING.
T  INDICATES TRACE AMOUNT.


...............................................................

..............DATA FOR MIAMI BEACH...SEPTEMBER 2014...............

...TEMPERATURE DATA...

AVERAGE FOR THE MONTH .... 81.4 OR 1.0 DEGREES BELOW NORMAL.
AVERAGE MAXIMUM .......... 86.5 OR 0.5 DEGREES BELOW NORMAL.
AVERAGE MINIMUM .......... 76.3 OR 1.4 DEGREES BELOW NORMAL.            .

HIGHEST TEMPERATURE FOR THE MONTH: 89 DEGREES ON THE 1ST,2ND,6TH,7TH.
LOWEST  TEMPERATURE FOR THE MONTH: 73 DEGREES ON THE 13TH,14TH,20TH,
                                                     21ST,22ND,24TH.


...PRECIPITATION...

TOTAL FOR THE MONTH  6.13 INCHES OR 1.75 INCHES BELOW NORMAL.
TOTAL FOR THE YEAR  46.00 INCHES OR 3.53 INCHES ABOVE NORMAL.
GREATEST 24-HOUR PERIOD RAINFALL 0.96 INCHES ON THE 20TH.

NUMBER OF DAYS HAVING 0.01 INCHES OR MORE ... 14.
NUMBER OF DAYS HAVING 0.10 INCHES OR MORE ... 13.
NUMBER OF DAYS HAVING 0.50 INCHES OR MORE ...  5.
NUMBER OF DAYS HAVING 1.00 INCHES OR MORE ...  0.


...............................................................


...DATA FOR THE NATIONAL WEATHER SERVICE OFFICE (WEST MIAMI)...
                       ...SEPTEMBER 2014...

...TEMPERATURE DATA...

AVERAGE FOR THE MONTH .... 81.9 DEGREES.
AVERAGE MAXIMUM .......... 88.8 DEGREES.
AVERAGE MINIMUM .......... 75.0 DEGREES.

HIGHEST TEMPERATURE FOR THE MONTH: 92 DEGREES ON THE  1ST.
LOWEST  TEMPERATURE FOR THE MONTH: 71 DEGREES ON THE 24TH.


...PRECIPITATION...

TOTAL FOR THE MONTH.................  7.40 INCHES.
TOTAL FOR THE YEAR.................. 62.96 INCHES.
GREATEST 24-HOUR PERIOD RAINFALL 1.55 INCHES ON THE 20TH.

NUMBER OF DAYS HAVING 0.01 INCHES OR MORE ... 22.
NUMBER OF DAYS HAVING 0.10 INCHES OR MORE ... 13.
NUMBER OF DAYS HAVING 0.50 INCHES OR MORE ...  6.
NUMBER OF DAYS HAVING 1.00 INCHES OR MORE ...  1.



...............................................................

$$




U.S. Dept. of Commerce
NOAA National Weather Service
1325 East West Highway
Silver Spring, MD 20910
E-mail: w-nws.webmaster@noaa.gov
Page last modified: May 16, 2007
NATIONAL WEATHER SERVICE: for Safety, for Work, for Fun - FOR LIFE