688
CXUS52 KMFL 012213 CCA
CLMMIA

CLIMATE REPORT
NATIONAL WEATHER SERVICE MIAMI, FL
109 PM EST MON DEC 1 2014

...................................

...THE MIAMI CLIMATE SUMMARY FOR THE MONTH OF NOVEMBER 2014...

CLIMATE NORMAL PERIOD 1981 TO 2010
CLIMATE RECORD PERIOD 1895 TO 2014

WEATHER         OBSERVED          NORMAL  DEPART  LAST YEAR`S
                 VALUE   DATE(S)  VALUE   FROM    VALUE
                                          NORMAL
.............................................................
TEMPERATURE (F)
RECORD
 HIGH              91   11/06/2002
 LOW               36   11/21/1914
HIGHEST            88   11/24                         89
LOWEST             52   11/02                         52
AVG. MAXIMUM     79.9              81.7    -1.8     82.9
AVG. MINIMUM     65.3              68.1    -2.8     71.2
MEAN             72.6              74.9    -2.3     77.1
DAYS MAX >= 90      0                                  0
DAYS MAX <= 32      0                                  0
DAYS MIN <= 32      0                                  0
DAYS MIN <= 0       0                                  0

PRECIPITATION (INCHES)
RECORD
 MAXIMUM        17.72   1925
 MINIMUM         0.09   1970
TOTALS           2.66              3.27   -0.61     5.73
DAILY AVG.       0.09              0.11   -0.02
DAYS >= .01         7                                 14
DAYS >= .10         5                                 12
DAYS >= .50         1                                  4
DAYS >= 1.00        1                                  3
GREATEST
 24 HR. TOTAL    1.80   11/09 TO 11/10              2.03

DEGREE_DAYS
HEATING TOTAL      11                 3       8        2
 SINCE 7/1         11                 3       8        2
COOLING TOTAL     248               300     -52      371
 SINCE 1/1       4544              4372     172     4541
..............................................................

WIND (MPH)
AVERAGE WIND SPEED              8.4
HIGHEST WIND SPEED/DIRECTION    28/090    DATE  11/22
HIGHEST GUST SPEED/DIRECTION    35/100    DATE  11/22

SKY COVER
POSSIBLE SUNSHINE (PERCENT)   52
AVERAGE SKY COVER           0.50
NUMBER OF DAYS FAIR           10
NUMBER OF DAYS PC             14
NUMBER OF DAYS CLOUDY          6

AVERAGE RH (PERCENT)     69

WEATHER CONDITIONS. NUMBER OF DAYS WITH
THUNDERSTORM              0     MIXED PRECIP               0
HEAVY RAIN                1     RAIN                       4
LIGHT RAIN                9     FREEZING RAIN              0
LT FREEZING RAIN          0     HAIL                       0
HEAVY SNOW                0     SNOW                       0
LIGHT SNOW                0     SLEET                      0
FOG                      10     FOG W/VIS <= 1/4 MILE      0
HAZE                      1

-  INDICATES NEGATIVE NUMBERS.
R  INDICATES RECORD WAS SET OR TIED.
MM INDICATES DATA IS MISSING.
T  INDICATES TRACE AMOUNT.

$$




U.S. Dept. of Commerce
NOAA National Weather Service
1325 East West Highway
Silver Spring, MD 20910
E-mail: w-nws.webmaster@noaa.gov
Page last modified: May 16, 2007
NATIONAL WEATHER SERVICE: for Safety, for Work, for Fun - FOR LIFE