805
CXUS53 KTOP 011430
CLMMHK


CLIMATE REPORT
NATIONAL WEATHER SERVICE TOPEKA KS
830 AM CST THU JAN 1 2015

...................................

...THE MANHATTAN KS CLIMATE SUMMARY FOR THE MONTH OF DECEMBER 2014...

CLIMATE NORMAL PERIOD 1981 TO 2010
CLIMATE RECORD PERIOD 9999 TO 9999

WEATHER         OBSERVED          NORMAL  DEPART  LAST YEAR`S
                 VALUE   DATE(S)  VALUE   FROM    VALUE
                                          NORMAL
.............................................................
TEMPERATURE (F)
HIGHEST            60   12/14                         68
LOWEST              2   12/31                         -6
AVG. MAXIMUM     42.4              41.8     0.6     40.0
AVG. MINIMUM     26.9              19.4     7.5     12.4
MEAN             34.7              30.6     4.1     26.2
DAYS MAX >= 90      0               0.0     0.0        0
DAYS MAX <= 32      4               6.5    -2.5       12
DAYS MIN <= 32     21              28.1    -7.1       31
DAYS MIN <= 0       0               1.5    -1.5        2

PRECIPITATION (INCHES)
TOTALS           2.22              1.02    1.20     0.59
DAILY AVG.       0.07                               0.02
DAYS >= .01         7                                  5
DAYS >= .10         6                                  1
DAYS >= .50         2                                  1
DAYS >= 1.00        0                                  0
GREATEST
 24 HR. TOTAL    0.91   12/14 TO 12/15              0.56

DEGREE_DAYS
HEATING TOTAL     934              1066    -132     1188
 SINCE 7/1       2071              2141     -70     2275
COOLING TOTAL       0                 0       0        0
 SINCE 1/1       1581              1362     219     1513
..............................................................

WIND (MPH)
AVERAGE WIND SPEED              6.9
HIGHEST WIND SPEED/DIRECTION    28/210    DATE  12/25
HIGHEST GUST SPEED/DIRECTION    41/200    DATE  12/25

SKY COVER
POSSIBLE SUNSHINE (PERCENT)   MM
AVERAGE SKY COVER           0.60
NUMBER OF DAYS FAIR           11
NUMBER OF DAYS PC              3
NUMBER OF DAYS CLOUDY         17

AVERAGE RH (PERCENT)     77

WEATHER CONDITIONS. NUMBER OF DAYS WITH
THUNDERSTORM              0     MIXED PRECIP               0
HEAVY RAIN                3     RAIN                       3
LIGHT RAIN                6     FREEZING RAIN              0
LT FREEZING RAIN          0     HEAVY SNOW                 1
SNOW                      2     LIGHT SNOW                 5
FOG                      21     FOG W/VIS <= 1/4 MILE      2
HAZE                      5

-  INDICATES NEGATIVE NUMBERS.
R  INDICATES RECORD WAS SET OR TIED.
MM INDICATES DATA IS MISSING.
T  INDICATES TRACE AMOUNT.

$$




U.S. Dept. of Commerce
NOAA National Weather Service
1325 East West Highway
Silver Spring, MD 20910
E-mail: w-nws.webmaster@noaa.gov
Page last modified: May 16, 2007
NATIONAL WEATHER SERVICE: for Safety, for Work, for Fun - FOR LIFE