043
CXUS53 KTOP 011429
CLMMHK


CLIMATE REPORT
NATIONAL WEATHER SERVICE TOPEKA KS
824 AM CST MON DEC 1 2014

...................................

...THE MANHATTAN KS CLIMATE SUMMARY FOR THE MONTH OF NOVEMBER 2014...

CLIMATE NORMAL PERIOD 1981 TO 2010
CLIMATE RECORD PERIOD 9999 TO 9999

WEATHER         OBSERVED          NORMAL  DEPART  LAST YEAR`S
                 VALUE   DATE(S)  VALUE   FROM    VALUE
                                          NORMAL
.............................................................
TEMPERATURE (F)
HIGHEST            72   11/05                         75
LOWEST              2R  11/18                          7
AVG. MAXIMUM     50.4              54.9    -4.5     53.7
AVG. MINIMUM     23.3              30.1    -6.8     27.0
MEAN             36.8              42.5    -5.7     40.3
DAYS MAX >= 90      0               0.0     0.0        0
DAYS MAX <= 32      5               0.5     4.5        3
DAYS MIN <= 32     25              18.3     6.7       22
DAYS MIN <= 0       0               0.0     0.0        0

PRECIPITATION (INCHES)
TOTALS           0.11              1.60   -1.49     0.54
DAILY AVG.       0.00                               0.02
DAYS >= .01         3                                  3
DAYS >= .10         0                                  1
DAYS >= .50         0                                  0
DAYS >= 1.00        0                                  0
GREATEST
 24 HR. TOTAL    0.07   11/23 TO 11/23              0.48
                        11/22 TO 11/23
                        11/23 TO 11/23

DEGREE_DAYS
HEATING TOTAL     837               676     161      735
 SINCE 7/1       1137              1075      62     1087
COOLING TOTAL       0                 1      -1        0
 SINCE 1/1       1581              1362     219     1513
..............................................................

WIND (MPH)
AVERAGE WIND SPEED              7.7
HIGHEST WIND SPEED/DIRECTION    30/210    DATE  11/07
HIGHEST GUST SPEED/DIRECTION    42/200    DATE  11/02

SKY COVER
POSSIBLE SUNSHINE (PERCENT)   MM
AVERAGE SKY COVER           0.20
NUMBER OF DAYS FAIR           24
NUMBER OF DAYS PC              4
NUMBER OF DAYS CLOUDY          2

AVERAGE RH (PERCENT)     62

WEATHER CONDITIONS. NUMBER OF DAYS WITH
THUNDERSTORM              0     MIXED PRECIP               0
HEAVY RAIN                0     RAIN                       1
LIGHT RAIN                4     FREEZING RAIN              0
LT FREEZING RAIN          0     HEAVY SNOW                 0
SNOW                      1     LIGHT SNOW                 3
FOG                       6     FOG W/VIS <= 1/4 MILE      3
HAZE                      3

-  INDICATES NEGATIVE NUMBERS.
R  INDICATES RECORD WAS SET OR TIED.
MM INDICATES DATA IS MISSING.
T  INDICATES TRACE AMOUNT.

$$




U.S. Dept. of Commerce
NOAA National Weather Service
1325 East West Highway
Silver Spring, MD 20910
E-mail: w-nws.webmaster@noaa.gov
Page last modified: May 16, 2007
NATIONAL WEATHER SERVICE: for Safety, for Work, for Fun - FOR LIFE