015
CXUS53 KFSD 012229 RRA
CLMMHE

CLIMATE REPORT
NATIONAL WEATHER SERVICE SIOUX FALLS SD
425 PM CST MON DEC 1 2014

...................................

...THE MITCHELL SD CLIMATE SUMMARY FOR THE MONTH OF NOVEMBER 2014...

CLIMATE NORMAL PERIOD 1981 TO 2010
CLIMATE RECORD PERIOD 1893 TO 2014

WEATHER         OBSERVED          NORMAL  DEPART  LAST YEAR`S
                 VALUE   DATE(S)  VALUE   FROM    VALUE  DATE(S)
                                          NORMAL
................................................................
TEMPERATURE (F)
RECORD
 HIGH              81   11/08/1999
                        11/15/1953
 LOW              -22   11/14/1959
HIGHEST            70   11/07        MM      MM       62  11/13
LOWEST             -3   11/16        MM      MM        1  11/22
                        11/14
AVG. MAXIMUM     38.3              44.3    -6.0     46.2
AVG. MINIMUM     16.9              23.9    -7.0     21.5
MEAN             27.6              34.1    -6.5     33.8
DAYS MAX >= 90      0               0.0     0.0        0
DAYS MAX <= 32     13               6.2     6.8        4
DAYS MIN <= 32     24              23.8     0.2       26
DAYS MIN <= 0       4               0.5     3.5        0

PRECIPITATION (INCHES)
RECORD
 MAXIMUM           MM   MM
 MINIMUM           MM   MM
TOTALS           0.50              0.78   -0.28     0.39
DAILY AVG.       0.02              0.03   -0.01     0.01
DAYS >= .01         7                MM      MM        4
DAYS >= .10         2                MM      MM        1
DAYS >= .50         0                MM      MM        0
DAYS >= 1.00        0                MM      MM        0
GREATEST
 24 HR. TOTAL    0.29   11/15 TO 11/15

SNOWFALL (INCHES)
RECORDS
 TOTAL             MM   MM
TOTALS            5.6                MM      MM      4.0
SINCE 7/1         5.6                MM      MM      4.0
SNOWDEPTH AVG.      1                MM      MM        0
DAYS >= 1.0         1                MM      MM        1
GREATEST
 SNOW DEPTH         5   11/16                          3  11/06
 24 HR TOTAL      4.7   11/15 TO 11/15

DEGREE_DAYS
HEATING TOTAL    1116               927     189      925
 SINCE 7/1       1656              1568      88     1508
COOLING TOTAL       0                 0       0        0
 SINCE 1/1        724               824    -100      946
.................................................................

WIND (MPH)
AVERAGE WIND SPEED              13.4
HIGHEST WIND SPEED/DIRECTION    40/330    DATE  11/07
HIGHEST GUST SPEED/DIRECTION    53/330    DATE  11/07

SKY COVER
POSSIBLE SUNSHINE (PERCENT)   MM
AVERAGE SKY COVER           0.40
NUMBER OF DAYS FAIR           14
NUMBER OF DAYS PC             10
NUMBER OF DAYS CLOUDY          6

AVERAGE RH (PERCENT)     70

WEATHER CONDITIONS. NUMBER OF DAYS WITH
THUNDERSTORM              0     MIXED PRECIP               0
HEAVY RAIN                0     RAIN                       1
LIGHT RAIN                5     FREEZING RAIN              0
LT FREEZING RAIN          1     HAIL                       0
HEAVY SNOW                0     SNOW                       2
LIGHT SNOW               10     SLEET                      0
FOG                      12     FOG W/VIS <= 1/4 MILE      1
HAZE                      0

-  INDICATES NEGATIVE NUMBERS.
R  INDICATES RECORD WAS SET OR TIED.
MM INDICATES DATA IS MISSING.
T  INDICATES TRACE AMOUNT.

$$




U.S. Dept. of Commerce
NOAA National Weather Service
1325 East West Highway
Silver Spring, MD 20910
E-mail: w-nws.webmaster@noaa.gov
Page last modified: May 16, 2007
NATIONAL WEATHER SERVICE: for Safety, for Work, for Fun - FOR LIFE