639
CXUS54 KBMX 011319
CLMMGM


CLIMATE REPORT
NATIONAL WEATHER SERVICE BIRMINGHAM, AL
819 AM CDT MON SEP 1 2014

...................................

...THE MONTGOMERY CLIMATE SUMMARY FOR THE MONTH OF AUGUST 2014...

CLIMATE NORMAL PERIOD 1981 TO 2010
CLIMATE RECORD PERIOD 1872 TO 2014

WEATHER         OBSERVED          NORMAL  DEPART  LAST YEAR`S
                 VALUE   DATE(S)  VALUE   FROM    VALUE  DATE(S)
                                          NORMAL
................................................................
TEMPERATURE (F)
RECORD
 HIGH             106   08/14/2007
                        08/12/2007
                        08/11/2007
 LOW               56   08/29/1992
HIGHEST           100   08/23        MM      MM       95  08/30
                                                          08/08
                                                          08/07
LOWEST             63   08/15        MM      MM       62  08/27
AVG. MAXIMUM     93.8              91.9     1.9     90.2
AVG. MINIMUM     71.5              71.0     0.5     71.2
MEAN             82.7                               80.7
DAYS MAX >= 90     29              21.5     7.5       21
DAYS MAX <= 32      0               0.0     0.0        0
DAYS MIN <= 32      0               0.0     0.0        0
DAYS MIN <= 0       0               0.0     0.0        0

PRECIPITATION (INCHES)
RECORD
 MAXIMUM        15.58   1939
 MINIMUM         0.44   1925
TOTALS           3.41              3.96   -0.55     4.09
DAILY AVG.       0.11              0.13   -0.02     0.13
DAYS >= .01         9               9.1    -0.1        9
DAYS >= .10         7               5.6     1.4        7
DAYS >= .50         4               2.5     1.5        3
DAYS >= 1.00        0               1.3    -1.3        2

DEGREE_DAYS
HEATING TOTAL       0                 0       0        0
 SINCE 7/1          0                 0       0        0
COOLING TOTAL     553               510      43      496
 SINCE 1/1       1899              1789     110     1822
.................................................................

WIND (MPH)
AVERAGE WIND SPEED              3.7
HIGHEST WIND SPEED/DIRECTION    26/280    DATE  08/19
HIGHEST GUST SPEED/DIRECTION    36/270    DATE  08/19

AVERAGE RH (PERCENT)     67

WEATHER CONDITIONS. NUMBER OF DAYS WITH
THUNDERSTORM              0     MIXED PRECIP               0
HEAVY RAIN                8     RAIN                       4
LIGHT RAIN                9     FREEZING RAIN              0
LT FREEZING RAIN          0     HAIL                       0
HEAVY SNOW                0     SNOW                       0
LIGHT SNOW                0     SLEET                      0
FOG                      17     FOG W/VIS <= 1/4 MILE      1
HAZE                      7

-  INDICATES NEGATIVE NUMBERS.
R  INDICATES RECORD WAS SET OR TIED.
MM INDICATES DATA IS MISSING.
T  INDICATES TRACE AMOUNT.

$$




U.S. Dept. of Commerce
NOAA National Weather Service
1325 East West Highway
Silver Spring, MD 20910
E-mail: w-nws.webmaster@noaa.gov
Page last modified: May 16, 2007
NATIONAL WEATHER SERVICE: for Safety, for Work, for Fun - FOR LIFE