434
CXUS54 KBMX 012134
CLMMGM


CLIMATE REPORT
NATIONAL WEATHER SERVICE BIRMINGHAM, AL
434 PM CDT FRI AUG 1 2014

...................................

...THE MONTGOMERY CLIMATE SUMMARY FOR THE MONTH OF JULY 2014...

CLIMATE NORMAL PERIOD 1981 TO 2010
CLIMATE RECORD PERIOD 1872 TO 2014

WEATHER         OBSERVED          NORMAL  DEPART  LAST YEAR`S
                 VALUE   DATE(S)  VALUE   FROM    VALUE  DATE(S)
                                          NORMAL
................................................................
TEMPERATURE (F)
RECORD
 HIGH             107   07/07/1881
 LOW               59   07/30/2014
                        07/20/2009
                        01/05/2000
HIGHEST            97   07/28        MM      MM       95  07/17
                        07/27
                        07/02
LOWEST             59R  07/30        MM      MM       68  07/26
                                                          07/02
                                                          07/01
AVG. MAXIMUM     91.8              92.1    -0.3     88.3
AVG. MINIMUM     70.3              71.5    -1.2     71.8
MEAN             81.1                               80.1
DAYS MAX >= 90     22              22.4    -0.4       15
DAYS MAX <= 32      0               0.0     0.0        0
DAYS MIN <= 32      0               0.0     0.0        0
DAYS MIN <= 0       0               0.0     0.0        0

PRECIPITATION (INCHES)
RECORD
 MAXIMUM        13.42   1899
 MINIMUM         0.43   1902
TOTALS           2.28              5.24   -2.96     9.36
DAILY AVG.       0.07              0.17   -0.10     0.30
DAYS >= .01         6              11.5    -5.5       18
DAYS >= .10         3               8.4    -5.4        9
DAYS >= .50         1               3.4    -2.4        6
DAYS >= 1.00        1               1.7    -0.7        3

DEGREE_DAYS
HEATING TOTAL       0                 0       0        0
 SINCE 7/1          0                 0       0        0
COOLING TOTAL     508               521     -13      476
 SINCE 1/1       1346              1279      67     1326
.................................................................

WIND (MPH)
AVERAGE WIND SPEED              4.3
HIGHEST WIND SPEED/DIRECTION    26/300    DATE  07/02
HIGHEST GUST SPEED/DIRECTION    35/310    DATE  07/02

AVERAGE RH (PERCENT)     68

WEATHER CONDITIONS. NUMBER OF DAYS WITH
THUNDERSTORM              0     MIXED PRECIP               0
HEAVY RAIN                2     RAIN                       4
LIGHT RAIN                6     FREEZING RAIN              0
LT FREEZING RAIN          0     HAIL                       0
HEAVY SNOW                0     SNOW                       0
LIGHT SNOW                0     SLEET                      0
FOG                      18     FOG W/VIS <= 1/4 MILE      2
HAZE                      8

-  INDICATES NEGATIVE NUMBERS.
R  INDICATES RECORD WAS SET OR TIED.
MM INDICATES DATA IS MISSING.
T  INDICATES TRACE AMOUNT.

$$




U.S. Dept. of Commerce
NOAA National Weather Service
1325 East West Highway
Silver Spring, MD 20910
E-mail: w-nws.webmaster@noaa.gov
Page last modified: May 16, 2007
NATIONAL WEATHER SERVICE: for Safety, for Work, for Fun - FOR LIFE