544
CXUS54 KBMX 011257
CLMMGM


CLIMATE REPORT
NATIONAL WEATHER SERVICE BIRMINGHAM, AL
757 AM CDT SAT NOV 1 2014

...................................

...THE MONTGOMERY CLIMATE SUMMARY FOR THE MONTH OF OCTOBER 2014...

CLIMATE NORMAL PERIOD 1981 TO 2010
CLIMATE RECORD PERIOD 1872 TO 2014

WEATHER         OBSERVED          NORMAL  DEPART  LAST YEAR`S
                 VALUE   DATE(S)  VALUE   FROM    VALUE  DATE(S)
                                          NORMAL
................................................................
TEMPERATURE (F)
RECORD
 HIGH             100   10/06/1954
 LOW               26   10/30/1952
HIGHEST            92   10/09        MM      MM       92  10/05
LOWEST             39   10/31        MM      MM       32  10/26
AVG. MAXIMUM     82.2              78.3     3.9     80.4
AVG. MINIMUM     53.7              53.5     0.2     55.4
MEAN             68.0                               67.9
DAYS MAX >= 90      7               1.0     6.0        2
DAYS MAX <= 32      0               0.0     0.0        0
DAYS MIN <= 32      0               0.2    -0.2        1
DAYS MIN <= 0       0               0.0     0.0        0

PRECIPITATION (INCHES)
RECORD
 MAXIMUM        10.29   1879
 MINIMUM         0.00   1904
TOTALS           2.13              2.92   -0.79     0.45
DAILY AVG.       0.07              0.09   -0.02     0.01
DAYS >= .01         4               6.7    -2.7        4
DAYS >= .10         3               4.1    -1.1        1
DAYS >= .50         3               2.4     0.6        0
DAYS >= 1.00        0               0.9    -0.9        0

DEGREE_DAYS
HEATING TOTAL      47                87     -40       60
 SINCE 7/1         47                91     -44       60
COOLING TOTAL     147               115      32      157
 SINCE 1/1       2491              2245     246     2381
.................................................................

WIND (MPH)
AVERAGE WIND SPEED              4.3
HIGHEST WIND SPEED/DIRECTION    31/170    DATE  10/13
HIGHEST GUST SPEED/DIRECTION    46/170    DATE  10/13

AVERAGE RH (PERCENT)     65

WEATHER CONDITIONS. NUMBER OF DAYS WITH
THUNDERSTORM              0     MIXED PRECIP               0
HEAVY RAIN                2     RAIN                       4
LIGHT RAIN                3     FREEZING RAIN              0
LT FREEZING RAIN          0     HAIL                       0
HEAVY SNOW                0     SNOW                       0
LIGHT SNOW                0     SLEET                      0
FOG                      19     FOG W/VIS <= 1/4 MILE      6
HAZE                      7

-  INDICATES NEGATIVE NUMBERS.
R  INDICATES RECORD WAS SET OR TIED.
MM INDICATES DATA IS MISSING.
T  INDICATES TRACE AMOUNT.

$$




U.S. Dept. of Commerce
NOAA National Weather Service
1325 East West Highway
Silver Spring, MD 20910
E-mail: w-nws.webmaster@noaa.gov
Page last modified: May 16, 2007
NATIONAL WEATHER SERVICE: for Safety, for Work, for Fun - FOR LIFE