855
CXUS54 KBMX 011350
CLMMGM


CLIMATE REPORT
NATIONAL WEATHER SERVICE BIRMINGHAM, AL
849 AM CDT WED OCT 1 2014

...................................

...THE MONTGOMERY CLIMATE SUMMARY FOR THE MONTH OF SEPTEMBER 2014...

CLIMATE NORMAL PERIOD 1981 TO 2010
CLIMATE RECORD PERIOD 1872 TO 2014

WEATHER         OBSERVED          NORMAL  DEPART  LAST YEAR`S
                 VALUE   DATE(S)  VALUE   FROM    VALUE  DATE(S)
                                          NORMAL
................................................................
TEMPERATURE (F)
RECORD
 HIGH             106   09/05/1925
 LOW               39   09/30/1967
HIGHEST            96   09/06        MM      MM       95  09/03
                        09/02                             09/01
LOWEST             56   09/23        MM      MM       57  09/29
AVG. MAXIMUM     89.9              87.3     2.6     89.2
AVG. MINIMUM     69.2              65.2     4.0     67.3
MEAN             79.6                               78.2
DAYS MAX >= 90     19              10.9     8.1       18
DAYS MAX <= 32      0               0.0     0.0        0
DAYS MIN <= 32      0               0.0     0.0        0
DAYS MIN <= 0       0               0.0     0.0        0

PRECIPITATION (INCHES)
RECORD
 MAXIMUM        12.00   1917
 MINIMUM         0.12   1923
TOTALS           0.62              3.97   -3.35     1.48
DAILY AVG.       0.02              0.13   -0.11     0.05
DAYS >= .01         8               6.9     1.1        3
DAYS >= .10         3               4.7    -1.7        3
DAYS >= .50         0               2.3    -2.3        1
DAYS >= 1.00        0               1.3    -1.3        1

DEGREE_DAYS
HEATING TOTAL       0                 4      -4        0
 SINCE 7/1          0                 4      -4        0
COOLING TOTAL     445               341     104      402
 SINCE 1/1       2344              2130     214     2224
.................................................................

WIND (MPH)
AVERAGE WIND SPEED              4.6
HIGHEST WIND SPEED/DIRECTION    25/130    DATE  09/19
HIGHEST GUST SPEED/DIRECTION    33/130    DATE  09/19

AVERAGE RH (PERCENT)     69

WEATHER CONDITIONS. NUMBER OF DAYS WITH
THUNDERSTORM              0     MIXED PRECIP               0
HEAVY RAIN                2     RAIN                       2
LIGHT RAIN                9     FREEZING RAIN              0
LT FREEZING RAIN          0     HAIL                       0
HEAVY SNOW                0     SNOW                       0
LIGHT SNOW                0     SLEET                      0
FOG                      18     FOG W/VIS <= 1/4 MILE      2
HAZE                      2

-  INDICATES NEGATIVE NUMBERS.
R  INDICATES RECORD WAS SET OR TIED.
MM INDICATES DATA IS MISSING.
T  INDICATES TRACE AMOUNT.

$$




U.S. Dept. of Commerce
NOAA National Weather Service
1325 East West Highway
Silver Spring, MD 20910
E-mail: w-nws.webmaster@noaa.gov
Page last modified: May 16, 2007
NATIONAL WEATHER SERVICE: for Safety, for Work, for Fun - FOR LIFE