319
CXUS54 KBMX 012124
CLMMGM


CLIMATE REPORT
NATIONAL WEATHER SERVICE BIRMINGHAM, AL
423 PM CDT TUE APR 1 2014

...................................

...THE MONTGOMERY CLIMATE SUMMARY FOR THE MONTH OF MARCH 2014...

CLIMATE NORMAL PERIOD 1981 TO 2010
CLIMATE RECORD PERIOD 1872 TO 2014

WEATHER         OBSERVED          NORMAL  DEPART  LAST YEAR`S
                 VALUE   DATE(S)  VALUE   FROM    VALUE  DATE(S)
                                          NORMAL
................................................................
TEMPERATURE (F)
RECORD
 HIGH              90   03/24/1929
                        03/21/1907
 LOW               17   03/14/1993
HIGHEST            81   03/31        MM      MM       85  03/18
LOWEST             30   03/26        MM      MM       26  03/27
AVG. MAXIMUM     68.5              69.7    -1.2     66.4
AVG. MINIMUM     43.2              45.3    -2.1     40.1
MEAN             55.9                               53.2
DAYS MAX >= 90      0               0.0     0.0        0
DAYS MAX <= 32      0               0.0     0.0        0
DAYS MIN <= 32      1               2.1    -1.1        5
DAYS MIN <= 0       0               0.0     0.0        0

PRECIPITATION (INCHES)
RECORD
 MAXIMUM        16.51   1909
 MINIMUM         0.72   1887
TOTALS           5.52              5.95   -0.43     3.37
DAILY AVG.       0.18              0.19   -0.01     0.11
DAYS >= .01        11               8.7     2.3        8
DAYS >= .10         8               6.4     1.6        6
DAYS >= .50         4               3.9     0.1        2
DAYS >= 1.00        2               2.0     0.0        0

DEGREE_DAYS
HEATING TOTAL     280               255      25      370
 SINCE 7/1       2238              2127     111     1848
COOLING TOTAL       3                23     -20       11
 SINCE 1/1         10                29     -19       33
.................................................................

WIND (MPH)
AVERAGE WIND SPEED              6.1
HIGHEST WIND SPEED/DIRECTION    30/290    DATE  03/12
HIGHEST GUST SPEED/DIRECTION    38/320    DATE  03/12

AVERAGE RH (PERCENT)     66

WEATHER CONDITIONS. NUMBER OF DAYS WITH
THUNDERSTORM              0     MIXED PRECIP               0
HEAVY RAIN                4     RAIN                       9
LIGHT RAIN               11     FREEZING RAIN              0
LT FREEZING RAIN          0     HAIL                       0
HEAVY SNOW                0     SNOW                       0
LIGHT SNOW                0     SLEET                      0
FOG                      16     FOG W/VIS <= 1/4 MILE      0
HAZE                      2

-  INDICATES NEGATIVE NUMBERS.
R  INDICATES RECORD WAS SET OR TIED.
MM INDICATES DATA IS MISSING.
T  INDICATES TRACE AMOUNT.

$$




U.S. Dept. of Commerce
NOAA National Weather Service
1325 East West Highway
Silver Spring, MD 20910
E-mail: w-nws.webmaster@noaa.gov
Page last modified: May 16, 2007
NATIONAL WEATHER SERVICE: for Safety, for Work, for Fun - FOR LIFE