375
CXUS54 KBMX 031503
CLMMGM


CLIMATE REPORT
NATIONAL WEATHER SERVICE BIRMINGHAM, AL
901 AM CST WED DEC 3 2014

...................................

...THE MONTGOMERY CLIMATE SUMMARY FOR THE MONTH OF NOVEMBER 2014...

CLIMATE NORMAL PERIOD 1981 TO 2010
CLIMATE RECORD PERIOD 1872 TO 2014

WEATHER         OBSERVED          NORMAL  DEPART  LAST YEAR`S
                 VALUE   DATE(S)  VALUE   FROM    VALUE  DATE(S)
                                          NORMAL
................................................................
TEMPERATURE (F)
RECORD
 HIGH              87   11/08/1986
                        11/05/1975
 LOW               13   11/25/1950
HIGHEST            78   11/24        MM      MM       83  11/18
LOWEST             16   11/19        MM      MM       22  11/28
AVG. MAXIMUM     65.2              69.0    -3.8     67.3
AVG. MINIMUM     36.7              43.9    -7.2     42.5
MEAN             51.0                               54.9
DAYS MAX >= 90      0               0.0     0.0        0
DAYS MAX <= 32      0               0.0     0.0        0
DAYS MIN <= 32      9               3.7     5.3        6
DAYS MIN <= 0       0               0.0     0.0        0

PRECIPITATION (INCHES)
RECORD
 MAXIMUM        21.32   1948
 MINIMUM         0.19   1924
TOTALS           1.21              4.61   -3.40     2.32
DAILY AVG.       0.04              0.15   -0.11     0.08
DAYS >= .01         3               7.5    -4.5        7
DAYS >= .10         3               5.5    -2.5        5
DAYS >= .50         2               3.3    -1.3        2
DAYS >= 1.00        0               1.6    -1.6        1

DEGREE_DAYS
HEATING TOTAL     416               280     136      308
 SINCE 7/1        463               371      92      368
COOLING TOTAL       1                23     -22       13
 SINCE 1/1       2492              2268     224     2394
.................................................................

WIND (MPH)
AVERAGE WIND SPEED              5.7
HIGHEST WIND SPEED/DIRECTION    26/280    DATE  11/17
HIGHEST GUST SPEED/DIRECTION    61/080    DATE  11/06

AVERAGE RH (PERCENT)     61

WEATHER CONDITIONS. NUMBER OF DAYS WITH
THUNDERSTORM              0     MIXED PRECIP               0
HEAVY RAIN                2     RAIN                       2
LIGHT RAIN                4     FREEZING RAIN              0
LT FREEZING RAIN          0     HAIL                       0
HEAVY SNOW                0     SNOW                       0
LIGHT SNOW                0     SLEET                      0
FOG                      12     FOG W/VIS <= 1/4 MILE      1
HAZE                      5

-  INDICATES NEGATIVE NUMBERS.
R  INDICATES RECORD WAS SET OR TIED.
MM INDICATES DATA IS MISSING.
T  INDICATES TRACE AMOUNT.

$$




U.S. Dept. of Commerce
NOAA National Weather Service
1325 East West Highway
Silver Spring, MD 20910
E-mail: w-nws.webmaster@noaa.gov
Page last modified: May 16, 2007
NATIONAL WEATHER SERVICE: for Safety, for Work, for Fun - FOR LIFE