274
CXUS54 KBMX 011416
CLMMGM


CLIMATE REPORT
NATIONAL WEATHER SERVICE BIRMINGHAM, AL
914 AM CDT TUE JUL 1 2014

...................................

...THE MONTGOMERY CLIMATE SUMMARY FOR THE MONTH OF JUNE 2014...

CLIMATE NORMAL PERIOD 1981 TO 2010
CLIMATE RECORD PERIOD 1872 TO 2014

WEATHER         OBSERVED          NORMAL  DEPART  LAST YEAR`S
                 VALUE   DATE(S)  VALUE   FROM    VALUE  DATE(S)
                                          NORMAL
................................................................
TEMPERATURE (F)
RECORD
 HIGH             106   06/27/1881
 LOW               48   06/01/1889
HIGHEST            97   06/21        MM      MM       96  06/13
                                                          06/04
LOWEST             67   06/12        MM      MM       65  06/08
AVG. MAXIMUM     90.6              89.8     0.8     91.3
AVG. MINIMUM     70.5              68.1     2.4     70.9
MEAN             80.6                               81.1
DAYS MAX >= 90     22              15.9     6.1       22
DAYS MAX <= 32      0               0.0     0.0        0
DAYS MIN <= 32      0               0.0     0.0        0
DAYS MIN <= 0       0               0.0     0.0        0

PRECIPITATION (INCHES)
RECORD
 MAXIMUM        15.59   1928
 MINIMUM         0.33   1979
TOTALS           5.17              4.07    1.10     3.85
DAILY AVG.       0.17              0.14    0.03     0.13
DAYS >= .01        16               9.7     6.3       12
DAYS >= .10        10               6.2     3.8        9
DAYS >= .50         3               2.8     0.2        3
DAYS >= 1.00        1               1.1    -0.1        1

DEGREE_DAYS
HEATING TOTAL       0                 0       0        0
 SINCE 7/1       2312              2236      76     1949
COOLING TOTAL     472               419      53      491
 SINCE 1/1        838               758      80      850
.................................................................

WIND (MPH)
AVERAGE WIND SPEED              3.7
HIGHEST WIND SPEED/DIRECTION    28/150    DATE  06/01
HIGHEST GUST SPEED/DIRECTION    35/140    DATE  06/01

AVERAGE RH (PERCENT)     72

WEATHER CONDITIONS. NUMBER OF DAYS WITH
THUNDERSTORM              0     MIXED PRECIP               0
HEAVY RAIN                6     RAIN                       6
LIGHT RAIN                8     FREEZING RAIN              0
LT FREEZING RAIN          0     HAIL                       0
HEAVY SNOW                0     SNOW                       0
LIGHT SNOW                0     SLEET                      0
FOG                      17     FOG W/VIS <= 1/4 MILE      2
HAZE                      6

-  INDICATES NEGATIVE NUMBERS.
R  INDICATES RECORD WAS SET OR TIED.
MM INDICATES DATA IS MISSING.
T  INDICATES TRACE AMOUNT.

[REMARK]
TEMP AND PRECIP DATA FOR JUNE 6- JUNE 11TH IS BASED ON OBSERVATIONS
FROM KMXX (MAXWELL AFB) AND COOP SITE MONTGOMERY 6SW ID #01-5553-06

$$





U.S. Dept. of Commerce
NOAA National Weather Service
1325 East West Highway
Silver Spring, MD 20910
E-mail: w-nws.webmaster@noaa.gov
Page last modified: May 16, 2007
NATIONAL WEATHER SERVICE: for Safety, for Work, for Fun - FOR LIFE