287
CXUS56 KMFR 011052
CLMMFR

CLIMATE REPORT
NATIONAL WEATHER SERVICE MEDFORD, OR
350 AM PDT WED OCT 1 2014

...................................

...THE MEDFORD OR CLIMATE SUMMARY FOR THE MONTH OF SEPTEMBER 2014...

CLIMATE NORMAL PERIOD 1981 TO 2010
CLIMATE RECORD PERIOD 1911 TO 2014

WEATHER         OBSERVED          NORMAL  DEPART  LAST YEAR`S
                 VALUE   DATE(S)  VALUE   FROM    VALUE  DATE(S)
                                          NORMAL
................................................................
TEMPERATURE (F)
RECORD
 HIGH             110   09/02/1988
 LOW               29   09/30/1950
                        09/26/1934
                        09/26/1926
HIGHEST           100   09/20                        102  09/11
LOWEST             47   09/04                         38  09/27
AVG. MAXIMUM     87.8              83.5     4.3     79.6
AVG. MINIMUM     54.2              50.0     4.2     53.8
MEAN             71.0              66.8     4.2     66.7
DAYS MAX >= 90     16               8.8     7.2        8
DAYS MAX <= 32      0               0.0     0.0        0
DAYS MIN <= 32      0               0.0     0.0        0
DAYS MIN <= 0       0               0.0     0.0        0

PRECIPITATION (INCHES)
RECORD
 MAXIMUM         4.22   1977
TOTALS           2.04              0.57    1.47     2.76
DAILY AVG.       0.07              0.02    0.05     0.09
DAYS >= .01         2               3.4    -1.4       11
DAYS >= .10         1               1.6    -0.6        9
DAYS >= .50         1               0.2     0.8        2
DAYS >= 1.00        1               0.1     0.9        0
GREATEST
 24 HR. TOTAL    2.02   09/24 TO 09/24

SNOWFALL (INCHES)
RECORDS
 TOTAL            0.0   2010
TOTALS            0.0               0.0     0.0      0.0
SINCE 7/1         0.0               0.0     0.0      0.0

DEGREE_DAYS
HEATING TOTAL      12                59     -47       84
 SINCE 7/1         12                69     -57       84
COOLING TOTAL     203               112      91      142
 SINCE 1/1       1217               819     398     1057

FREEZE DATES
RECORD
 EARLIEST     09/13/1921
 LATEST       06/12/1952
EARLIEST                        10/18
LATEST                          04/29
.................................................................

WIND (MPH)
AVERAGE WIND SPEED              3.5
HIGHEST WIND SPEED/DIRECTION    23/360    DATE  09/02
HIGHEST GUST SPEED/DIRECTION    31/300    DATE  09/24

SKY COVER
POSSIBLE SUNSHINE (PERCENT)   MM
AVERAGE SKY COVER           0.20
NUMBER OF DAYS FAIR           22
NUMBER OF DAYS PC              6
NUMBER OF DAYS CLOUDY          2

AVERAGE RH (PERCENT)     47

WEATHER CONDITIONS. NUMBER OF DAYS WITH
THUNDERSTORM              0     MIXED PRECIP               0
HEAVY RAIN                1     RAIN                       1
LIGHT RAIN                6     FREEZING RAIN              0
LT FREEZING RAIN          0     HAIL                       0
HEAVY SNOW                0     SNOW                       0
LIGHT SNOW                0     SLEET                      0
FOG                       3     FOG W/VIS <= 1/4 MILE      0
HAZE                     11

-  INDICATES NEGATIVE NUMBERS.
R  INDICATES RECORD WAS SET OR TIED.
MM INDICATES DATA IS MISSING.
T  INDICATES TRACE AMOUNT.

&&

SEPTEMBER 2014 FEATURED A BROAD SPECTRUM OF WEATHER FOR THE MEDFORD
AREA. THE FIRST THREE WEEKS WERE SIMILAR TO SUMMER, WITH DRY
CONDITIONS SAVE FOR A FEW TRACE EVENTS, AND TEMPERATURES MOSTLY
ABOVE NORMAL. IN FACT, MEDFORD SAW 16 DAYS WITH HIGH TEMPERATURES
OVER 90 DEGREES WITH THE WARMEST DAY REACHING 100 DEGREES ON THE
20TH. AS A RESULT, THIS WAS THE 2ND WARMEST SEPTEMBER ON RECORD WITH
AN AVERAGE TEMPERATURE OF 71.4 DEGREES, JUST 0.4 DEGREES BELOW THE
RECORD OF 71.8 DEGREES SET IN 2011. IN ADDITION THE AVERAGE MINIMUM
TEMPERATURE IN SEPTEMBER WAS 54.4 DEGREES, WHICH BROKE THE RECORD OF
53.8 DEGREES, SET IN BOTH 2013 AND 2011. THE WARM CONDITIONS ENDED
WITH AN ATMOSPHERIC RIVER EVENT BEGINNING ON THE 24TH THAT BROUGHT
MEASURABLE PRECIPITATION TO THE ENTIRE COUNTY WARNING AREA, REDUCING
MANY AREA FIRES TO MOSTLY SMOLDERING. 2.02 INCHES OF RAIN WERE
RECORDED AT THE ROGUE VALLEY INTERNATIONAL AIRPORT IN MEDFORD ON THE
24TH, THE HIGHEST ONE DAY RAINFALL TOTAL THIS YEAR. A COOLING TREND
OCCURRED BEHIND THE COLD FRONT ASSOCIATED WITH THIS EVENT, BRINGING
BELOW NORMAL TO NORMAL TEMPERATURES TO MEDFORD THE LAST WEEK OF
SEPTEMBER.

$$








U.S. Dept. of Commerce
NOAA National Weather Service
1325 East West Highway
Silver Spring, MD 20910
E-mail: w-nws.webmaster@noaa.gov
Page last modified: May 16, 2007
NATIONAL WEATHER SERVICE: for Safety, for Work, for Fun - FOR LIFE