993
CXUS44 KBRO 011338
CLMMFE


CLIMATE REPORT
NATIONAL WEATHER SERVICE BROWNSVILLE TX
836 AM CDT TUE JUL 1 2014

...................................

...THE MCALLEN CLIMATE SUMMARY FOR THE MONTH OF JUNE 2014...

CLIMATE NORMAL PERIOD 1981 TO 2010
CLIMATE RECORD PERIOD 1941 TO 2014

WEATHER         OBSERVED          NORMAL  DEPART  LAST YEAR`S
                 VALUE   DATE(S)  VALUE   FROM    VALUE  DATE(S)
                                          NORMAL
................................................................
TEMPERATURE (F)
HIGHEST           102   06/28        99       3      104  06/29
LOWEST             72   06/25        68       4       72  06/07
                        06/02                             06/04
AVG. MAXIMUM     97.1              96.2     0.9
AVG. MINIMUM     77.1              75.7     1.4
MEAN             87.1              85.9     1.2     87.4
DAYS MAX >= 90     30              27.8     2.2
DAYS MAX <= 32      0               0.0     0.0
DAYS MIN <= 32      0               0.0     0.0
DAYS MIN <= 0       0               0.0     0.0

PRECIPITATION (INCHES)
TOTALS           0.30              2.58   -2.28     0.88
DAILY AVG.       0.01              0.09   -0.08     0.03
DAYS >= .01         4               5.4    -1.4        4
DAYS >= .10         1               3.5    -2.5        2
DAYS >= .50         0               1.5    -1.5        0
DAYS >= 1.00        0               0.7    -0.7        0
GREATEST
 24 HR. TOTAL    0.16   06/24 TO 06/24

DEGREE_DAYS
HEATING TOTAL       0                 0       0        0
 SINCE 7/1        883               579     304      318
COOLING TOTAL     670               628      42      677
 SINCE 1/1       1726              1883    -157     1973

WIND (MPH)
AVERAGE WIND SPEED              13.9
HIGHEST WIND SPEED/DIRECTION    41/130    DATE  06/25
HIGHEST GUST SPEED/DIRECTION    52/140    DATE  06/25

SKY COVER
POSSIBLE SUNSHINE (PERCENT)   MM
AVERAGE SKY COVER           0.40
NUMBER OF DAYS FAIR           13
NUMBER OF DAYS PC             17
NUMBER OF DAYS CLOUDY          0

AVERAGE RH (PERCENT)     67

WEATHER CONDITIONS. NUMBER OF DAYS WITH
THUNDERSTORM              0     MIXED PRECIP               0
HEAVY RAIN                0     RAIN                       0
LIGHT RAIN                5     FREEZING RAIN              0
LT FREEZING RAIN          0     HAIL                       0
HEAVY SNOW                0     SNOW                       0
LIGHT SNOW                0     SLEET                      0
FOG                       6     FOG W/VIS <= 1/4 MILE      0
HAZE                      5

-  INDICATES NEGATIVE NUMBERS.
R  INDICATES RECORD WAS SET OR TIED.
MM INDICATES DATA IS MISSING.
T  INDICATES TRACE AMOUNT.

$$





U.S. Dept. of Commerce
NOAA National Weather Service
1325 East West Highway
Silver Spring, MD 20910
E-mail: w-nws.webmaster@noaa.gov
Page last modified: May 16, 2007
NATIONAL WEATHER SERVICE: for Safety, for Work, for Fun - FOR LIFE