302
CXUS44 KBRO 011159
CLMMFE


CLIMATE REPORT
NATIONAL WEATHER SERVICE BROWNSVILLE TX
559 AM CST THU JAN 1 2015

...................................

...THE MCALLEN CLIMATE SUMMARY FOR THE MONTH OF DECEMBER 2014...

CLIMATE NORMAL PERIOD 1981 TO 2010
CLIMATE RECORD PERIOD 1941 TO 2014

WEATHER         OBSERVED          NORMAL  DEPART  LAST YEAR`S
                 VALUE   DATE(S)  VALUE   FROM    VALUE  DATE(S)
                                          NORMAL
................................................................
TEMPERATURE (F)
HIGHEST            83   12/26        87      -4       84  12/20
                        12/05
LOWEST             38   12/25        34       4       37  12/08
                        12/24
AVG. MAXIMUM     71.7              72.0    -0.3
AVG. MINIMUM     56.4              51.9     4.5
MEAN             64.1              62.0     2.1     58.5
DAYS MAX >= 90      0               0.4    -0.4
DAYS MAX <= 32      0               0.0     0.0
DAYS MIN <= 32      0               0.5    -0.5
DAYS MIN <= 0       0               0.0     0.0

PRECIPITATION (INCHES)
TOTALS           0.85              1.19   -0.34     3.03
DAILY AVG.       0.03              0.04   -0.01     0.10
DAYS >= .01         7               5.9     1.1        7
DAYS >= .10         3               2.6     0.4        4
DAYS >= .50         0               0.7    -0.7        2
DAYS >= 1.00        0               0.1    -0.1        1
GREATEST
 24 HR. TOTAL    0.32   12/27 TO 12/28           12/30 TO 12/31
                                                          12/29 TO 12/29
                                                          12/29 TO 12/29
 STORM TOTAL       MM                                 MM
 (MM/DD(HH))            MM                    12/31(00) TO 12/31(00)
                                                 12/29(00) TO 12/29(00)9
                                                 12/29(00) TO 12/29(00)9

SNOWFALL (INCHES)
RECORDS
 24 HR TOTAL       MM
TOTALS            0.0               0.0     0.0      0.0
 LIQUID EQUIV    0.00              0.00    0.00     0.00
SINCE 7/1         0.0               0.0     0.0      0.0
 LIQUID 7/1      0.00
DAYS >= TRACE       0               0.0     0.0        0
DAYS >= 1.0         0               0.0     0.0        0
GREATEST
 SNOW DEPTH         0   MM                             0  MM
 24 HR TOTAL      0.0   12/30 TO 12/30           12/29 TO 12/29
                                                          12/29 TO 12/29
                                                          12/29 TO 12/29
 STORM TOTAL       MM                                 MM
 (MM/DD(HH))            MM                    12/29(00) TO 12/29(00)
                                                 12/29(00) TO 12/29(00)9
                                                 12/29(00) TO 12/29(00)9

DEGREE_DAYS
HEATING TOTAL     105               177     -72      239
 SINCE 7/1        234               237      -3      365
COOLING TOTAL      83                83       0       46
 SINCE 1/1       4317              4452    -135     4581

FREEZE DATES
RECORD
 EARLIEST     MM
 LATEST       MM
EARLIEST                        MM
LATEST                          MM
..........................................................

WIND (MPH)
AVERAGE WIND SPEED              8.5
HIGHEST WIND SPEED/DIRECTION    30/350    DATE  12/23
HIGHEST GUST SPEED/DIRECTION    39/340    DATE  12/23

SKY COVER
POSSIBLE SUNSHINE (PERCENT)   MM
AVERAGE SKY COVER           0.70
NUMBER OF DAYS FAIR            5
NUMBER OF DAYS PC              8
NUMBER OF DAYS CLOUDY         18

AVERAGE RH (PERCENT)     80

WEATHER CONDITIONS. NUMBER OF DAYS WITH
THUNDERSTORM              0     MIXED PRECIP               0
HEAVY RAIN                3     RAIN                       5
LIGHT RAIN               15     FREEZING RAIN              0
LT FREEZING RAIN          0     HAIL                       0
HEAVY SNOW                0     SNOW                       0
LIGHT SNOW                0     SLEET                      0
FOG                      25     FOG W/VIS <= 1/4 MILE      4
HAZE                     11

-  INDICATES NEGATIVE NUMBERS.
R  INDICATES RECORD WAS SET OR TIED.
MM INDICATES DATA IS MISSING.
T  INDICATES TRACE AMOUNT.

$$




U.S. Dept. of Commerce
NOAA National Weather Service
1325 East West Highway
Silver Spring, MD 20910
E-mail: w-nws.webmaster@noaa.gov
Page last modified: May 16, 2007
NATIONAL WEATHER SERVICE: for Safety, for Work, for Fun - FOR LIFE