828
CXUS44 KBRO 011252
CLMMFE


CLIMATE REPORT
NATIONAL WEATHER SERVICE BROWNSVILLE TX
752 AM CDT TUE APR 1 2014

...................................

...THE MCALLEN CLIMATE SUMMARY FOR THE MONTH OF MARCH 2014...

CLIMATE NORMAL PERIOD 1981 TO 2010
CLIMATE RECORD PERIOD 1941 TO 2014

WEATHER         OBSERVED          NORMAL  DEPART  LAST YEAR`S
                 VALUE   DATE(S)  VALUE   FROM    VALUE  DATE(S)
                                          NORMAL
................................................................
TEMPERATURE (F)
HIGHEST            98   03/28        95       3      102  03/23
LOWEST             36   03/03        42      -6       44  03/03
AVG. MAXIMUM     75.9              81.8    -5.9
AVG. MINIMUM     56.0              59.8    -3.8
MEAN             66.0              70.8    -4.8     71.3
DAYS MAX >= 90      2               4.6    -2.6
DAYS MAX <= 32      0               0.0     0.0
DAYS MIN <= 32      0               0.0     0.0
DAYS MIN <= 0       0               0.0     0.0

PRECIPITATION (INCHES)
TOTALS           1.17              1.03    0.14        T
DAILY AVG.       0.04              0.03    0.01        T
DAYS >= .01         8               4.0     4.0        0
DAYS >= .10         3               1.4     1.6        0
DAYS >= .50         1               0.4     0.6        0
DAYS >= 1.00        0               0.2    -0.2        0
GREATEST
 24 HR. TOTAL    0.72   03/09 TO 03/09           03/28 TO 03/28
                                                          03/22 TO 03/22
                                                          03/21 TO 03/21
 STORM TOTAL       MM                                 MM
 (MM/DD(HH))            MM                    03/28(00) TO 03/28(00)
                                                 03/22(00) TO 03/22(00)1
                                                 03/21(00) TO 03/21(00)1

SNOWFALL (INCHES)
RECORDS
 24 HR TOTAL       MM
TOTALS            0.0               0.0     0.0      0.0
 LIQUID EQUIV    0.00              0.00    0.00     0.00
SINCE 7/1         0.0               0.0     0.0      0.0
 LIQUID 7/1      0.00
DAYS >= TRACE       0               0.0     0.0        0
DAYS >= 1.0         0               0.0     0.0        0
GREATEST
 SNOW DEPTH         0   MM                             0  MM
 24 HR TOTAL      0.0   03/31 TO 03/31           03/31 TO 03/31
                                                          03/22 TO 03/22
                                                          03/21 TO 03/21
 STORM TOTAL       MM                                 MM
 (MM/DD(HH))            MM                    03/31(00) TO 03/31(00)
                                                 03/22(00) TO 03/22(00)1
                                                 03/21(00) TO 03/21(00)1

DEGREE_DAYS
HEATING TOTAL      98                38      60       16
 SINCE 7/1        874               571     303      312
COOLING TOTAL     136               218     -82      219
 SINCE 1/1        264               377    -113      468

FREEZE DATES
RECORD
 EARLIEST     MM
 LATEST       MM
EARLIEST                        MM
LATEST                          MM
..................................................

WIND (MPH)
AVERAGE WIND SPEED              10.3
HIGHEST WIND SPEED/DIRECTION    32/010    DATE  03/12
HIGHEST GUST SPEED/DIRECTION    41/020    DATE  03/12

SKY COVER
POSSIBLE SUNSHINE (PERCENT)   MM
AVERAGE SKY COVER           0.60
NUMBER OF DAYS FAIR            8
NUMBER OF DAYS PC             12
NUMBER OF DAYS CLOUDY         11

AVERAGE RH (PERCENT)     75

WEATHER CONDITIONS. NUMBER OF DAYS WITH
THUNDERSTORM              0     MIXED PRECIP               0
HEAVY RAIN                3     RAIN                       5
LIGHT RAIN               14     FREEZING RAIN              0
LT FREEZING RAIN          0     HAIL                       0
HEAVY SNOW                0     SNOW                       0
LIGHT SNOW                0     SLEET                      0
FOG                      20     FOG W/VIS <= 1/4 MILE      2
HAZE                      2

-  INDICATES NEGATIVE NUMBERS.
R  INDICATES RECORD WAS SET OR TIED.
MM INDICATES DATA IS MISSING.
T  INDICATES TRACE AMOUNT.

$$




U.S. Dept. of Commerce
NOAA National Weather Service
1325 East West Highway
Silver Spring, MD 20910
E-mail: w-nws.webmaster@noaa.gov
Page last modified: May 16, 2007
NATIONAL WEATHER SERVICE: for Safety, for Work, for Fun - FOR LIFE