591
CXUS44 KBRO 011314
CLMMFE


CLIMATE REPORT
NATIONAL WEATHER SERVICE BROWNSVILLE TX
814 AM CDT MON SEP 1 2014

...................................

...THE MCALLEN CLIMATE SUMMARY FOR THE MONTH OF AUGUST 2014...

CLIMATE NORMAL PERIOD 1981 TO 2010
CLIMATE RECORD PERIOD 1941 TO 2014

WEATHER         OBSERVED          NORMAL  DEPART  LAST YEAR`S
                 VALUE   DATE(S)  VALUE   FROM    VALUE  DATE(S)
                                          NORMAL
................................................................
TEMPERATURE (F)
HIGHEST           104   08/16       101       3       MM  MM
                        08/07
                        08/06
LOWEST             73   08/09        71       2       MM  MM
AVG. MAXIMUM    100.3              98.1     2.2
AVG. MINIMUM     78.0              76.7     1.3
MEAN             89.2              87.4     1.8       MM
DAYS MAX >= 90     31              29.5     1.5
DAYS MAX <= 32      0               0.0     0.0
DAYS MIN <= 32      0               0.0     0.0
DAYS MIN <= 0       0               0.0     0.0

PRECIPITATION (INCHES)
TOTALS           3.08              2.21    0.87       MM
DAILY AVG.       0.10              0.07    0.03       MM
DAYS >= .01         5               5.4    -0.4       MM
DAYS >= .10         4               3.2     0.8       MM
DAYS >= .50         2               1.2     0.8       MM
DAYS >= 1.00        1               0.4     0.6       MM
GREATEST
 24 HR. TOTAL    1.97   08/29 TO 08/30                MM
 STORM TOTAL       MM                                 MM
 (MM/DD(HH))            MM                                MM

SNOWFALL (INCHES)
RECORDS
 24 HR TOTAL       MM
TOTALS            0.0               0.0     0.0       MM
 LIQUID EQUIV    0.00              0.00    0.00       MM
SINCE 7/1         0.0               0.0     0.0       MM
 LIQUID 7/1      0.00
DAYS >= TRACE       0               0.0     0.0       MM
DAYS >= 1.0         0               0.0     0.0       MM
GREATEST
 SNOW DEPTH         0   MM                            MM  MM
 24 HR TOTAL      0.0   08/31 TO 08/31                MM
 STORM TOTAL       MM                                 MM
 (MM/DD(HH))            MM                                MM

DEGREE_DAYS
HEATING TOTAL       0                 0       0       MM
 SINCE 7/1          0                 0       0       MM
COOLING TOTAL     757               694      63       MM
 SINCE 1/1       3195              3251     -56       MM

FREEZE DATES
RECORD
 EARLIEST     MM
 LATEST       MM
EARLIEST                        MM
LATEST                          MM
.................................................................

WIND (MPH)
AVERAGE WIND SPEED              10.9
HIGHEST WIND SPEED/DIRECTION    35/150    DATE  08/18
HIGHEST GUST SPEED/DIRECTION    46/140    DATE  08/18

SKY COVER
POSSIBLE SUNSHINE (PERCENT)   MM
AVERAGE SKY COVER           0.10
NUMBER OF DAYS FAIR           27
NUMBER OF DAYS PC              4
NUMBER OF DAYS CLOUDY          0

AVERAGE RH (PERCENT)     63

WEATHER CONDITIONS. NUMBER OF DAYS WITH
THUNDERSTORM              0     MIXED PRECIP               0
HEAVY RAIN                4     RAIN                       4
LIGHT RAIN                5     FREEZING RAIN              0
LT FREEZING RAIN          0     HAIL                       0
HEAVY SNOW                0     SNOW                       0
LIGHT SNOW                0     SLEET                      0
FOG                       6     FOG W/VIS <= 1/4 MILE      0
HAZE                      6

-  INDICATES NEGATIVE NUMBERS.
R  INDICATES RECORD WAS SET OR TIED.
MM INDICATES DATA IS MISSING.
T  INDICATES TRACE AMOUNT.

$$




U.S. Dept. of Commerce
NOAA National Weather Service
1325 East West Highway
Silver Spring, MD 20910
E-mail: w-nws.webmaster@noaa.gov
Page last modified: May 16, 2007
NATIONAL WEATHER SERVICE: for Safety, for Work, for Fun - FOR LIFE