417
CXUS51 KCLE 011323
CLMMFD


CLIMATE REPORT
NATIONAL WEATHER SERVICE CLEVELAND OH
923 AM EDT TUE JUL 1 2014

...................................

...THE MANSFIELD OH CLIMATE SUMMARY FOR THE MONTH OF JUNE 2014...

CLIMATE NORMAL PERIOD 1981 TO 2010
CLIMATE RECORD PERIOD 1916 TO 2014

WEATHER         OBSERVED          NORMAL  DEPART  LAST YEAR`S
                 VALUE   DATE(S)  VALUE   FROM    VALUE
                                          NORMAL
.............................................................
TEMPERATURE (F)
RECORD
 HIGH             101   06/25/1988
 LOW               37   06/02/2003
                        06/01/2003
                        06/05/1990
HIGHEST            89   06/18
                        06/17
LOWEST             47   06/06
AVG. MAXIMUM     79.8              78.1     1.7     77.9
AVG. MINIMUM     59.5              57.3     2.2     58.8
MEAN             69.6              67.7     1.9     68.4
DAYS MAX >= 90      0               0.9    -0.9        1
DAYS MAX <= 32      0               0.0     0.0        0
DAYS MIN <= 32      0               0.0     0.0        0
DAYS MIN <= 0       0               0.0     0.0        0

PRECIPITATION (INCHES)
RECORD
 MAXIMUM        10.00   1981
 MINIMUM         0.56   1988
TOTALS           6.48              4.75    1.73     6.99
DAYS >= .01        17              11.9     5.1       13
DAYS >= .10         9               8.4     0.6       10
DAYS >= .50         5               3.6     1.4        7
DAYS >= 1.00        3               1.1     1.9        2
GREATEST
 24 HR. TOTAL    2.35   06/18 TO 06/19              1.91

SNOWFALL (INCHES)
RECORDS
 TOTAL             MM   5
TOTALS            0.0               0.0     0.0      0.0
SINCE 7/1        65.4              48.3    17.1     39.4
DAYS >= 1.0         0               0.0     0.0        0
GREATEST
 24 HR TOTAL      0.0   06/30 TO 06/30

DEGREE_DAYS
HEATING TOTAL      24                53     -29       39
 SINCE 7/1       6715              6270     445     6021
COOLING TOTAL     169               134      35      148
 SINCE 1/1        232               180      52      243
..............................................................

WIND (MPH)
AVERAGE WIND SPEED              7.2
HIGHEST WIND SPEED/DIRECTION    30/260    DATE  06/18
HIGHEST GUST SPEED/DIRECTION    46/250    DATE  06/18

SKY COVER
AVERAGE SKY COVER           0.30

AVERAGE RH (PERCENT)     74

WEATHER CONDITIONS. NUMBER OF DAYS WITH
THUNDERSTORM              0     MIXED PRECIP               0
HEAVY RAIN                9     RAIN                       7
LIGHT RAIN               16     FREEZING RAIN              0
LT FREEZING RAIN          0     HAIL                       0
HEAVY SNOW                0     SNOW                       0
LIGHT SNOW                0     SLEET                      0
FOG                      20     FOG W/VIS <= 1/4 MILE      4
HAZE                      3

-  INDICATES NEGATIVE NUMBERS.
R  INDICATES RECORD WAS SET OR TIED.
MM INDICATES DATA IS MISSING.
T  INDICATES TRACE AMOUNT.

$$




U.S. Dept. of Commerce
NOAA National Weather Service
1325 East West Highway
Silver Spring, MD 20910
E-mail: w-nws.webmaster@noaa.gov
Page last modified: May 16, 2007
NATIONAL WEATHER SERVICE: for Safety, for Work, for Fun - FOR LIFE