725
CXUS54 KMEG 040026
CLMMEM


CLIMATE REPORT
NATIONAL WEATHER SERVICE MEMPHIS TN
624 PM CST WED DEC 3 2014

...................................

...THE MEMPHIS CLIMATE SUMMARY FOR THE MONTH OF NOVEMBER 2014...

CLIMATE NORMAL PERIOD 1981 TO 2010
CLIMATE RECORD PERIOD 1872 TO 2014

WEATHER         OBSERVED          NORMAL  DEPART  LAST YEAR`S
                 VALUE   DATE(S)  VALUE   FROM    VALUE  DATE(S)
                                          NORMAL
................................................................
TEMPERATURE (F)
RECORD
 HIGH              86   11/01/2000
 LOW                9   11/25/1950
HIGHEST            75   11/04        62      13       77  11/17
LOWEST             20   11/18        43     -23       21  11/28
AVG. MAXIMUM     56.5              62.6    -6.1     59.0
AVG. MINIMUM     38.2              43.7    -5.5     39.3
MEAN             47.4              53.2    -5.8     49.2
DAYS MAX >= 90      0               0.0     0.0        0
DAYS MAX <= 32      0               0.0     0.0        0
DAYS MIN <= 32     10               3.2     6.8        9
DAYS MIN <= 0       0               0.0     0.0        0

PRECIPITATION (INCHES)
RECORD
 MAXIMUM        14.53   1906
 MINIMUM         0.49   1894
TOTALS           2.56              5.49   -2.93     2.67
DAILY AVG.       0.09              0.18   -0.09     0.09
DAYS >= .01         8               9.5    -1.5        8
DAYS >= .10         4               6.3    -2.3        5
DAYS >= .50         2               3.4    -1.4        3
DAYS >= 1.00        1               1.8    -0.8        0
GREATEST
 24 HR. TOTAL    1.46   11/04 TO 11/05

SNOWFALL (INCHES)
RECORDS
 TOTAL            4.9   1929
TOTALS            0.2                 T     0.2      0.0
SINCE 7/1         0.2                 T     0.2      0.0
SNOWDEPTH AVG.      0                MM      MM        0
DAYS >= 1.0         0               0.0     0.0        0
GREATEST
 SNOW DEPTH         0   MM                             0  MM
 24 HR TOTAL      0.1   MM

DEGREE_DAYS
HEATING TOTAL     524               368     156      472
 SINCE 7/1        609               499     110      585
COOLING TOTAL       2                13     -11        5
 SINCE 1/1       2161              2256     -95     2242
.................................................................

WIND (MPH)
AVERAGE WIND SPEED              8.5
HIGHEST WIND SPEED/DIRECTION    30/210    DATE  11/30
HIGHEST GUST SPEED/DIRECTION    43/200    DATE  11/30

SKY COVER
POSSIBLE SUNSHINE (PERCENT)   MM
AVERAGE SKY COVER           0.50
NUMBER OF DAYS FAIR           13
NUMBER OF DAYS PC             10
NUMBER OF DAYS CLOUDY          7

AVERAGE RH (PERCENT)     61

WEATHER CONDITIONS. NUMBER OF DAYS WITH
THUNDERSTORM              0     MIXED PRECIP               0
HEAVY RAIN                0     RAIN                       4
LIGHT RAIN               10     FREEZING RAIN              0
LT FREEZING RAIN          0     HAIL                       0
HEAVY SNOW                0     SNOW                       0
LIGHT SNOW                2     SLEET                      2
FOG                       9     FOG W/VIS <= 1/4 MILE      0
HAZE                      1

-  INDICATES NEGATIVE NUMBERS.
R  INDICATES RECORD WAS SET OR TIED.
MM INDICATES DATA IS MISSING.
T  INDICATES TRACE AMOUNT.

$$




U.S. Dept. of Commerce
NOAA National Weather Service
1325 East West Highway
Silver Spring, MD 20910
E-mail: w-nws.webmaster@noaa.gov
Page last modified: May 16, 2007
NATIONAL WEATHER SERVICE: for Safety, for Work, for Fun - FOR LIFE