498
CXUS54 KMEG 050123
CLMMEM


CLIMATE REPORT...RESENT
NATIONAL WEATHER SERVICE MEMPHIS TN
721 PM CST TUE NOV 4 2014

...................................

...THE MEMPHIS CLIMATE SUMMARY FOR THE MONTH OF OCTOBER 2014...

CLIMATE NORMAL PERIOD 1981 TO 2010
CLIMATE RECORD PERIOD 1872 TO 2014

WEATHER         OBSERVED          NORMAL  DEPART  LAST YEAR`S
                 VALUE   DATE(S)  VALUE   FROM    VALUE  DATE(S)
                                          NORMAL
................................................................
TEMPERATURE (F)
RECORD
 HIGH              95   10/08/2007
                        10/05/1954
                        10/01/1953
 LOW               25   10/29/1952
HIGHEST            90   10/02        74      16       88  10/05
LOWEST             40   10/31        52     -12       37  10/25
AVG. MAXIMUM     75.7              74.4     1.3     73.7
AVG. MINIMUM     55.3              53.8     1.5     55.6
MEAN             65.5              64.1     1.4     64.6
DAYS MAX >= 90      1               0.3     0.7        0
DAYS MAX <= 32      0               0.0     0.0        0
DAYS MIN <= 32      0               0.1    -0.1        0
DAYS MIN <= 0       0               0.0     0.0        0

PRECIPITATION (INCHES)
RECORD
 MAXIMUM        10.56   2009
 MINIMUM         0.00   1963
TOTALS           4.00              3.98    0.02     3.30
DAILY AVG.       0.13              0.13    0.00     0.11
DAYS >= .01        10               7.5     2.5       10
DAYS >= .10         8               5.4     2.6        5
DAYS >= .50         3               2.6     0.4        2
DAYS >= 1.00        1               1.3    -0.3        1
GREATEST
 24 HR. TOTAL    1.71   10/12 TO 10/13

SNOWFALL (INCHES)
RECORDS
 TOTAL            0.0   2002
                        2001
                        1993
TOTALS            0.0               0.0     0.0      0.0
SINCE 7/1         0.0               0.0     0.0      0.0
SNOWDEPTH AVG.      0                MM      MM        0
DAYS >= 1.0         0               0.0     0.0        0
GREATEST
 SNOW DEPTH         0   MM                             0  MM
 24 HR TOTAL      0.0   10/31 TO 10/31

DEGREE_DAYS
HEATING TOTAL      84               120     -36      113
 SINCE 7/1         85               131     -46      113
COOLING TOTAL     108                92      16      110
 SINCE 1/1       2159              2243     -84     2237
.................................................................

WIND (MPH)
AVERAGE WIND SPEED              6.8
HIGHEST WIND SPEED/DIRECTION    43/190    DATE  10/02
HIGHEST GUST SPEED/DIRECTION    61/180    DATE  10/02

SKY COVER
POSSIBLE SUNSHINE (PERCENT)   MM
AVERAGE SKY COVER           0.50
NUMBER OF DAYS FAIR           13
NUMBER OF DAYS PC             12
NUMBER OF DAYS CLOUDY          6

AVERAGE RH (PERCENT)     68

WEATHER CONDITIONS. NUMBER OF DAYS WITH
THUNDERSTORM              0     MIXED PRECIP               0
HEAVY RAIN                2     RAIN                       4
LIGHT RAIN               10     FREEZING RAIN              0
LT FREEZING RAIN          0     HAIL                       0
HEAVY SNOW                0     SNOW                       0
LIGHT SNOW                0     SLEET                      0
FOG                      10     FOG W/VIS <= 1/4 MILE      2
HAZE                      2

-  INDICATES NEGATIVE NUMBERS.
R  INDICATES RECORD WAS SET OR TIED.
MM INDICATES DATA IS MISSING.
T  INDICATES TRACE AMOUNT.

$$





U.S. Dept. of Commerce
NOAA National Weather Service
1325 East West Highway
Silver Spring, MD 20910
E-mail: w-nws.webmaster@noaa.gov
Page last modified: May 16, 2007
NATIONAL WEATHER SERVICE: for Safety, for Work, for Fun - FOR LIFE