505
CXUS54 KMEG 030148
CLMMEM


CLIMATE REPORT...RETRANSMISSION
NATIONAL WEATHER SERVICE MEMPHIS TN
747 PM CST FRI JAN 2 2015

...................................

...THE MEMPHIS CLIMATE SUMMARY FOR THE YEAR OF 2014...

CLIMATE NORMAL PERIOD 1981 TO 2010
CLIMATE RECORD PERIOD 1872 TO 2015

WEATHER         OBSERVED          NORMAL  DEPART  LAST YEAR`S
                 VALUE   DATE(S)  VALUE   FROM    VALUE  DATE(S)
                                          NORMAL
................................................................
TEMPERATURE (F)
RECORD
 HIGH             108   07/13/1980
 LOW              -13   12/24/1963
HIGHEST           100   08/24                         98  09/08
LOWEST              8   01/07                         21  11/28
AVG. MAXIMUM     70.7              72.5    -1.8     71.2
AVG. MINIMUM     51.9              53.6    -1.7     53.0
MEAN             61.3              63.1    -1.8     62.1
DAYS MAX >= 90     55              64.3    -9.3       62
DAYS MAX <= 32      8               4.4     3.6        3
DAYS MIN <= 32     60              42.8    17.2       58
DAYS MIN <= 0       0               0.1    -0.1        0

PRECIPITATION (INCHES)
RECORD
 MAXIMUM        76.85   1957
 MINIMUM        30.54   1941
TOTALS          57.63             53.68    3.95    59.43
DAILY AVG.       0.16              0.15    0.01     0.16
DAYS >= .01       113             107.7     5.3      114
DAYS >= .10        73              73.0     0.0       69
DAYS >= .50        32              35.6    -3.6       41
DAYS >= 1.00       17              17.4    -0.4       18

SNOWFALL (INCHES)
RECORDS
 TOTAL           23.8   1968
 SNOW DEPTH        29   01/16/1928
TOTALS            1.0               3.8    -2.8        T
SINCE 7/1         0.2               0.2     0.0        T
SNOWDEPTH AVG.      0                MM      MM        0
DAYS >= TRACE      15               2.8    12.2       11
DAYS >= 1.0         0               1.2    -1.2        0
GREATEST
 SNOW DEPTH         1   03/04                          0  MM

DEGREE_DAYS
HEATING TOTAL    3397              2965     432     3176
 SINCE 7/1         MM              1164      MM     1270
COOLING TOTAL    2161              2258     -97     2245
 SINCE 1/1       2161              2258     -97     2245

FREEZE DATES
RECORD
 EARLIEST     10/16/1876
 LATEST       04/25/1910
EARLIEST                        11/12
LATEST                          03/24
.................................................................

WIND (MPH)
AVERAGE WIND SPEED              7.8
RESULTANT WIND SPEED/DIRECTION   1/201
HIGHEST WIND SPEED/DIRECTION    43/190    DATE  10/02
HIGHEST GUST SPEED/DIRECTION    61/180    DATE  10/02

SKY COVER
AVERAGE SKY COVER           0.60

AVERAGE RH (PERCENT)     65

WEATHER CONDITIONS. NUMBER OF DAYS WITH
THUNDERSTORM              0     MIXED PRECIP               0
HEAVY RAIN               35     RAIN                      59
LIGHT RAIN              140     FREEZING RAIN              2
LT FREEZING RAIN          6     HAIL                       0
HEAVY SNOW                0     SNOW                       0
LIGHT SNOW               12     SLEET                      5
FOG                     117     FOG W/VIS <= 1/4 MILE      5
HAZE                     49

-  INDICATES NEGATIVE NUMBERS.
R  INDICATES RECORD WAS SET OR TIED.
MM INDICATES DATA IS MISSING.
T  INDICATES TRACE AMOUNT.

$$





U.S. Dept. of Commerce
NOAA National Weather Service
1325 East West Highway
Silver Spring, MD 20910
E-mail: w-nws.webmaster@noaa.gov
Page last modified: May 16, 2007
NATIONAL WEATHER SERVICE: for Safety, for Work, for Fun - FOR LIFE