491
CXUS54 KMEG 012250
CLMMEM


CLIMATE REPORT
NATIONAL WEATHER SERVICE MEMPHIS TN
548 PM CDT WED OCT 1 2014

...................................

...THE MEMPHIS CLIMATE SUMMARY FOR THE MONTH OF SEPTEMBER 2014...

CLIMATE NORMAL PERIOD 1981 TO 2010
CLIMATE RECORD PERIOD 1872 TO 2014

WEATHER         OBSERVED          NORMAL  DEPART  LAST YEAR`S
                 VALUE   DATE(S)  VALUE   FROM    VALUE  DATE(S)
                                          NORMAL
................................................................
TEMPERATURE (F)
RECORD
 HIGH             103   09/05/1954
                        09/07/1925
                        09/06/1925
 LOW               36   09/30/1949
                        09/29/1942
HIGHEST            95   09/05        84      11       98  09/08
                        09/04
LOWEST             54   09/23        65     -11       59  09/23
                                                          09/22
                                                          09/15
AVG. MAXIMUM     85.6              85.1     0.5     87.4
AVG. MINIMUM     66.7              65.2     1.5     68.9
MEAN             76.2              75.2     1.0     78.2
DAYS MAX >= 90     10               7.7     2.3       14
DAYS MAX <= 32      0               0.0     0.0        0
DAYS MIN <= 32      0               0.0     0.0        0
DAYS MIN <= 0       0               0.0     0.0        0

PRECIPITATION (INCHES)
RECORD
 MAXIMUM        12.34   2002
 MINIMUM         0.00   1897
TOTALS           4.75              3.09    1.66     2.69
DAILY AVG.       0.16              0.10    0.06     0.09
DAYS >= .01         4               7.3    -3.3        9
DAYS >= .10         2               4.4    -2.4        2
DAYS >= .50         1               2.0    -1.0        2
DAYS >= 1.00        1               1.0     0.0        1
GREATEST
 24 HR. TOTAL    4.45   09/10 TO 09/11
                        09/11 TO 09/11
                        09/11 TO 09/12

SNOWFALL (INCHES)
RECORDS
 TOTAL            0.0   2002
                        2001
                        2000
TOTALS            0.0               0.0     0.0      0.0
SINCE 7/1         0.0               0.0     0.0      0.0
SNOWDEPTH AVG.      0                MM      MM        0
DAYS >= 1.0         0               0.0     0.0        0
GREATEST
 SNOW DEPTH         0   MM                             0  MM
 24 HR TOTAL      0.0   09/30 TO 09/30

DEGREE_DAYS
HEATING TOTAL       1                11     -10        0
 SINCE 7/1          1                11     -10        0
COOLING TOTAL     345               316      29      401
 SINCE 1/1       2051              2151    -100     2127
.................................................................

WIND (MPH)
AVERAGE WIND SPEED              6.0
HIGHEST WIND SPEED/DIRECTION    23/080    DATE  09/11
HIGHEST GUST SPEED/DIRECTION    35/210    DATE  09/11

SKY COVER
POSSIBLE SUNSHINE (PERCENT)   MM
AVERAGE SKY COVER           0.50
NUMBER OF DAYS FAIR            9
NUMBER OF DAYS PC             16
NUMBER OF DAYS CLOUDY          5

AVERAGE RH (PERCENT)     67

WEATHER CONDITIONS. NUMBER OF DAYS WITH
THUNDERSTORM              0     MIXED PRECIP               0
HEAVY RAIN                1     RAIN                       1
LIGHT RAIN                5     FREEZING RAIN              0
LT FREEZING RAIN          0     HAIL                       0
HEAVY SNOW                0     SNOW                       0
LIGHT SNOW                0     SLEET                      0
FOG                       5     FOG W/VIS <= 1/4 MILE      0
HAZE                      6

-  INDICATES NEGATIVE NUMBERS.
R  INDICATES RECORD WAS SET OR TIED.
MM INDICATES DATA IS MISSING.
T  INDICATES TRACE AMOUNT.

$$




U.S. Dept. of Commerce
NOAA National Weather Service
1325 East West Highway
Silver Spring, MD 20910
E-mail: w-nws.webmaster@noaa.gov
Page last modified: May 16, 2007
NATIONAL WEATHER SERVICE: for Safety, for Work, for Fun - FOR LIFE