656
CXUS54 KJAN 030303
CLMMEI


CLIMATE REPORT
NATIONAL WEATHER SERVICE JACKSON MS
955 PM CDT SAT AUG 2 2014

...................................

...THE MERIDIAN CLIMATE SUMMARY FOR THE MONTH OF JULY 2014...

CLIMATE NORMAL PERIOD 1981 TO 2010
CLIMATE RECORD PERIOD 1889 TO 2014

WEATHER         OBSERVED          NORMAL  DEPART  LAST YEAR`S
                 VALUE   DATE(S)  VALUE   FROM    VALUE  DATE(S)
                                          NORMAL
................................................................
TEMPERATURE (F)
RECORD
 HIGH             107   07/14/1980
 LOW               54   07/23/1947
HIGHEST            98   07/02        99      -1       93  07/31
                                                          07/30
LOWEST             56   07/30        64      -8       63  07/02
                                                          07/01
AVG. MAXIMUM     89.6              91.8    -2.2     87.8
AVG. MINIMUM     67.2              69.4    -2.2     70.4
MEAN             78.4              80.6    -2.2     79.1
DAYS MAX >= 90     16              21.2    -5.2       11
DAYS MAX <= 32      0               0.0     0.0        0
DAYS MIN <= 32      0               0.0     0.0        0
DAYS MIN <= 0       0               0.0     0.0        0

PRECIPITATION (INCHES)
RECORD
 MAXIMUM        15.29   1959
 MINIMUM         0.56   1918
TOTALS           1.80              5.14   -3.34     4.61
DAILY AVG.       0.06              0.17   -0.11     0.15
DAYS >= .01         8              11.6    -3.6        9
DAYS >= .10         3               7.9    -4.9        7
DAYS >= .50         1               3.5    -2.5        2
DAYS >= 1.00        1               1.6    -0.6        2
GREATEST
 24 HR. TOTAL    1.08   07/15 TO 07/15              2.05
                        07/14 TO 07/15
                        07/15 TO 07/15

SNOWFALL (INCHES)
RECORDS
 TOTAL            0.0   MM
TOTALS            0.0               0.0     0.0      0.0
SINCE 7/1         0.0               0.0     0.0      0.0
DAYS >= TRACE       0
DAYS >= 1.0         0               0.0     0.0        0
GREATEST
 24 HR TOTAL      0.0   07/31 TO 07/31

DEGREE_DAYS
HEATING TOTAL       0                 0       0        0
 SINCE 7/1          0                 0       0        0
COOLING TOTAL     425               484     -59      444
 SINCE 1/1       1105              1147     -42     1124
.................................................................

WIND (MPH)
AVERAGE WIND SPEED              4.2
HIGHEST WIND SPEED/DIRECTION    28/270    DATE  07/02
HIGHEST GUST SPEED/DIRECTION    38/290    DATE  07/02

SKY COVER
POSSIBLE SUNSHINE (PERCENT)   MM
AVERAGE SKY COVER           0.20
NUMBER OF DAYS FAIR           25
NUMBER OF DAYS PC              4
NUMBER OF DAYS CLOUDY          2

AVERAGE RH (PERCENT)     70

WEATHER CONDITIONS. NUMBER OF DAYS WITH
THUNDERSTORM              4     MIXED PRECIP               0
HEAVY RAIN                2     RAIN                       3
LIGHT RAIN               10     FREEZING RAIN              0
LT FREEZING RAIN          0     HAIL                       0
HEAVY SNOW                0     SNOW                       0
LIGHT SNOW                0     SLEET                      0
FOG                      12     FOG W/VIS <= 1/4 MILE      1
HAZE                      0

-  INDICATES NEGATIVE NUMBERS.
R  INDICATES RECORD WAS SET OR TIED.
MM INDICATES DATA IS MISSING.
T  INDICATES TRACE AMOUNT.

$$





U.S. Dept. of Commerce
NOAA National Weather Service
1325 East West Highway
Silver Spring, MD 20910
E-mail: w-nws.webmaster@noaa.gov
Page last modified: May 16, 2007
NATIONAL WEATHER SERVICE: for Safety, for Work, for Fun - FOR LIFE