494
CXUS54 KMEG 012250
CLMMEG


CLIMATE REPORT
NATIONAL WEATHER SERVICE MEMPHIS TN
548 PM CDT WED OCT 1 2014

...................................

...THE MEMPHIS/GERMANTOWN WFO CLIMATE SUMMARY FOR THE MONTH OF SEPTEMBER 2014...

CLIMATE NORMAL PERIOD 1981 TO 2010
CLIMATE RECORD PERIOD 1988 TO 2014

WEATHER         OBSERVED          NORMAL  DEPART  LAST YEAR`S
                 VALUE   DATE(S)  VALUE   FROM    VALUE  DATE(S)
                                          NORMAL
................................................................
TEMPERATURE (F)
RECORD
 HIGH             100   09/05/2012
 LOW               40   09/27/1991
HIGHEST            95   09/05        MM      MM       97  09/08
LOWEST             52   09/23        MM      MM       52  09/15
AVG. MAXIMUM     84.3              84.4    -0.1     86.2
AVG. MINIMUM     64.0              61.5     2.5     65.0
MEAN             74.2              72.9     1.3     75.6
DAYS MAX >= 90      8               6.0     2.0       11
DAYS MAX <= 32      0               0.0     0.0        0
DAYS MIN <= 32      0               0.0     0.0        0
DAYS MIN <= 0       0               0.0     0.0        0

PRECIPITATION (INCHES)
RECORD
 MAXIMUM           MM   MM
 MINIMUM           MM   MM
TOTALS           5.09              3.28    1.81     3.70
DAILY AVG.       0.17              0.11    0.06     0.12
DAYS >= .01         5               7.9    -2.9        9
DAYS >= .10         2               4.9    -2.9        4
DAYS >= .50         1               2.2    -1.2        1
DAYS >= 1.00        1               0.9     0.1        1
GREATEST
 24 HR. TOTAL    4.88   09/11 TO 09/11

SNOWFALL (INCHES)
RECORDS
 TOTAL             MM   5
TOTALS            0.0               0.0     0.0      0.0
SINCE 7/1         0.0               0.0     0.0      0.0
SNOWDEPTH AVG.      0                MM      MM        0
DAYS >= 1.0         0               0.0     0.0        0
GREATEST
 SNOW DEPTH         0   MM                             0  MM
 24 HR TOTAL      0.0   09/30 TO 09/30

DEGREE_DAYS
HEATING TOTAL       5                18     -13        0
 SINCE 7/1          5                18     -13        0
COOLING TOTAL     287               257      30      323
 SINCE 1/1       1868              1852      16     1871
.................................................................



-  INDICATES NEGATIVE NUMBERS.
R  INDICATES RECORD WAS SET OR TIED.
MM INDICATES DATA IS MISSING.
T  INDICATES TRACE AMOUNT.

$$




U.S. Dept. of Commerce
NOAA National Weather Service
1325 East West Highway
Silver Spring, MD 20910
E-mail: w-nws.webmaster@noaa.gov
Page last modified: May 16, 2007
NATIONAL WEATHER SERVICE: for Safety, for Work, for Fun - FOR LIFE