722
CXUS54 KMEG 040026
CLMMEG


CLIMATE REPORT
NATIONAL WEATHER SERVICE MEMPHIS TN
624 PM CST WED DEC 3 2014

...................................

...THE MEMPHIS/GERMANTOWN WFO CLIMATE SUMMARY FOR THE MONTH OF NOVEMBER 2014...

CLIMATE NORMAL PERIOD 1981 TO 2010
CLIMATE RECORD PERIOD 1988 TO 2014

WEATHER         OBSERVED          NORMAL  DEPART  LAST YEAR`S
                 VALUE   DATE(S)  VALUE   FROM    VALUE  DATE(S)
                                          NORMAL
................................................................
TEMPERATURE (F)
RECORD
 HIGH              86   11/01/2000
 LOW               18   11/18/2014
HIGHEST            75   11/04        MM      MM       77  11/17
LOWEST             18R  11/18        MM      MM       19  11/28
AVG. MAXIMUM     56.0              62.4    -6.4     58.3
AVG. MINIMUM     36.1              40.5    -4.4     36.5
MEAN             46.1              51.5    -5.4     47.4
DAYS MAX >= 90      0               0.0     0.0        0
DAYS MAX <= 32      0               0.0     0.0        0
DAYS MIN <= 32     13               6.8     6.2       11
DAYS MIN <= 0       0               0.0     0.0        0

PRECIPITATION (INCHES)
RECORD
 MAXIMUM           MM   MM
 MINIMUM           MM   MM
TOTALS           2.70              5.36   -2.66     2.85
DAILY AVG.       0.09              0.18   -0.09     0.09
DAYS >= .01         9               9.5    -0.5        9
DAYS >= .10         4               6.3    -2.3        5
DAYS >= .50         2               3.2    -1.2        3
DAYS >= 1.00        1               1.8    -0.8        0
GREATEST
 24 HR. TOTAL    1.33   11/05 TO 11/05

SNOWFALL (INCHES)
RECORDS
 TOTAL             MM   5
TOTALS            0.3               0.0     0.3        T
SINCE 7/1         0.3               0.0     0.3        T
SNOWDEPTH AVG.      0                MM      MM        0
DAYS >= 1.0         0               0.0     0.0        0
GREATEST
 SNOW DEPTH         0   MM                             0  MM
 24 HR TOTAL      0.2   MM

DEGREE_DAYS
HEATING TOTAL     562               415     147      520
 SINCE 7/1        679               599      80      660
COOLING TOTAL       2                 9      -7        2
 SINCE 1/1       1967              1926      41     1964
.................................................................



-  INDICATES NEGATIVE NUMBERS.
R  INDICATES RECORD WAS SET OR TIED.
MM INDICATES DATA IS MISSING.
T  INDICATES TRACE AMOUNT.

$$




U.S. Dept. of Commerce
NOAA National Weather Service
1325 East West Highway
Silver Spring, MD 20910
E-mail: w-nws.webmaster@noaa.gov
Page last modified: May 16, 2007
NATIONAL WEATHER SERVICE: for Safety, for Work, for Fun - FOR LIFE