692
CXUS54 KMEG 012058
CLMMEG


CLIMATE REPORT
NATIONAL WEATHER SERVICE MEMPHIS TN
352 PM CDT FRI AUG 1 2014

...................................

...THE MEMPHIS/GERMANTOWN WFO CLIMATE SUMMARY FOR THE MONTH OF JULY 2014...

CLIMATE NORMAL PERIOD 1981 TO 2010
CLIMATE RECORD PERIOD 1988 TO 2014

WEATHER         OBSERVED          NORMAL  DEPART  LAST YEAR`S
                 VALUE   DATE(S)  VALUE   FROM    VALUE  DATE(S)
                                          NORMAL
................................................................
TEMPERATURE (F)
RECORD
 HIGH             102   07/06/2012
                        07/11/2011
                        07/21/2006
 LOW               57   07/15/1990
                        07/14/1990
HIGHEST            94   07/26        MM      MM       96  07/10
                        07/14
                        07/13
LOWEST             58   07/30        MM      MM       62  07/26
                        07/16                             07/03
                                                          07/02
AVG. MAXIMUM     86.1              90.9    -4.8     88.3
AVG. MINIMUM     66.6              71.1    -4.5     69.3
MEAN             76.4              81.0    -4.6     78.8
DAYS MAX >= 90     10              19.3    -9.3       12
DAYS MAX <= 32      0               0.0     0.0        0
DAYS MIN <= 32      0               0.0     0.0        0
DAYS MIN <= 0       0               0.0     0.0        0

PRECIPITATION (INCHES)
RECORD
 MAXIMUM           MM   MM
 MINIMUM           MM   MM
TOTALS           2.95              4.54   -1.59     6.01
DAILY AVG.       0.10              0.15   -0.05     0.19
DAYS >= .01         7               9.5    -2.5       10
DAYS >= .10         4               6.7    -2.7        5
DAYS >= .50         2               3.4    -1.4        3
DAYS >= 1.00        1               1.6    -0.6        2
GREATEST
 24 HR. TOTAL    1.43   07/08 TO 07/08

SNOWFALL (INCHES)
RECORDS
 TOTAL             MM   5
TOTALS            0.0               0.0     0.0      0.0
SINCE 7/1         0.0               0.0     0.0      0.0
SNOWDEPTH AVG.      0                MM      MM        0
DAYS >= 1.0         0               0.0     0.0        0
GREATEST
 SNOW DEPTH         0   MM                             0  MM
 24 HR TOTAL      0.0   07/31 TO 07/31

DEGREE_DAYS
HEATING TOTAL       0                 0       0        0
 SINCE 7/1          0                 0       0        0
COOLING TOTAL     357               496    -139      432
 SINCE 1/1       1073              1128     -55     1100
.................................................................



-  INDICATES NEGATIVE NUMBERS.
R  INDICATES RECORD WAS SET OR TIED.
MM INDICATES DATA IS MISSING.
T  INDICATES TRACE AMOUNT.

$$




U.S. Dept. of Commerce
NOAA National Weather Service
1325 East West Highway
Silver Spring, MD 20910
E-mail: w-nws.webmaster@noaa.gov
Page last modified: May 16, 2007
NATIONAL WEATHER SERVICE: for Safety, for Work, for Fun - FOR LIFE