554
CXUS54 KMEG 030148
CLMMEG


CLIMATE REPORT...CORRECTED FOR TOTAL PRECIPITATION
NATIONAL WEATHER SERVICE MEMPHIS TN
747 PM CST FRI JAN 2 2015

...................................

...THE MEMPHIS/GERMANTOWN WFO CLIMATE SUMMARY FOR THE YEAR OF 2014...

CLIMATE NORMAL PERIOD 1981 TO 2010
CLIMATE RECORD PERIOD 1988 TO 2015

WEATHER         OBSERVED          NORMAL  DEPART  LAST YEAR`S
                 VALUE   DATE(S)  VALUE   FROM    VALUE  DATE(S)
                                          NORMAL
................................................................
TEMPERATURE (F)
RECORD
 HIGH             106   08/15/2007
 LOW               -6   12/23/1989
HIGHEST            99   08/24                         97  09/08
                        08/23                             08/31
                                                          06/27
LOWEST              5   01/07                         19  11/28
AVG. MAXIMUM     70.3              71.6    -1.3     70.5
AVG. MINIMUM     49.7              50.2    -0.5     50.7
MEAN             60.0              60.9    -0.9     60.6
DAYS MAX >= 90     58              58.1    -0.1       54
DAYS MAX <= 32     10               5.5     4.5        4
DAYS MIN <= 32     79              66.5    12.5       72
DAYS MIN <= 0       0               0.1    -0.1        0

PRECIPITATION (INCHES)
RECORD
 MAXIMUM        79.24   2002
 MINIMUM        36.70   2007
TOTALS          57.72             54.89    2.83    64.13
DAILY AVG.       0.16              0.15    0.01     0.17
DAYS >= .01       116             112.1     3.9      117
DAYS >= .10        71              76.4    -5.4       76
DAYS >= .50        36              37.3    -1.3       39
DAYS >= 1.00       17              17.0     0.0       20

SNOWFALL (INCHES)
RECORDS
 TOTAL           13.7   2011
 SNOW DEPTH         7   03/01/2009
TOTALS            1.1               2.4    -1.3      0.1
SINCE 7/1         0.3               0.1     0.2        T
SNOWDEPTH AVG.      0                MM      MM        0
DAYS >= TRACE      21               1.5    19.5       18
DAYS >= 1.0         0               0.6    -0.6        0
GREATEST
 SNOW DEPTH         1   02/08                         -1  03/02

DEGREE_DAYS
HEATING TOTAL    3652              3413     239     3453
 SINCE 7/1         MM              1324      MM       MM
COOLING TOTAL    1967              1926      41     1966
 SINCE 1/1       1967              1927      40     1966

FREEZE DATES
RECORD
 EARLIEST     10/09/2000
 LATEST       04/15/1997
EARLIEST                        11/04
LATEST                          04/02
.................................................................



-  INDICATES NEGATIVE NUMBERS.
R  INDICATES RECORD WAS SET OR TIED.
MM INDICATES DATA IS MISSING.
T  INDICATES TRACE AMOUNT.

$$





U.S. Dept. of Commerce
NOAA National Weather Service
1325 East West Highway
Silver Spring, MD 20910
E-mail: w-nws.webmaster@noaa.gov
Page last modified: May 16, 2007
NATIONAL WEATHER SERVICE: for Safety, for Work, for Fun - FOR LIFE