163
CXUS53 KLOT 011452
CLMMDW


CLIMATE REPORT
NATIONAL WEATHER SERVICE CHICAGO IL
927 AM CDT TUE JUL 1 2014

...................................

...THE CHICAGO-MIDWAY CLIMATE SUMMARY FOR THE MONTH OF JUNE 2014...

CLIMATE NORMAL PERIOD 1981 TO 2010
CLIMATE RECORD PERIOD 1928 TO 2014

WEATHER         OBSERVED          NORMAL  DEPART  LAST YEAR`S
                 VALUE   DATE(S)  VALUE   FROM    VALUE
                                          NORMAL
.............................................................
TEMPERATURE (F)
RECORD
 HIGH             104   06/25/1988
                        06/20/1953
                        06/28/1934
 LOW               35   06/04/1945
HIGHEST            93   06/17        MM      MM
LOWEST             54   06/06        MM      MM
AVG. MAXIMUM     82.2              79.9     2.3     78.5
AVG. MINIMUM     63.8              62.1     1.7     60.7
MEAN             73.0              71.0     2.0

PRECIPITATION (INCHES)
RECORD
 MAXIMUM           MM   MM
 MINIMUM           MM   MM
TOTALS           7.72              4.06    3.66

DEGREE_DAYS
HEATING TOTAL       2                31     -29
COOLING TOTAL     251               210      41
 SINCE 1/1        362               284      78
..............................................................

WIND (MPH)
AVERAGE WIND SPEED              9.4
HIGHEST WIND SPEED/DIRECTION    43/310    DATE  06/30
HIGHEST GUST SPEED/DIRECTION    58/320    DATE  06/30



-  INDICATES NEGATIVE NUMBERS.
R  INDICATES RECORD WAS SET OR TIED.
MM INDICATES DATA IS MISSING.
T  INDICATES TRACE AMOUNT.

$$




U.S. Dept. of Commerce
NOAA National Weather Service
1325 East West Highway
Silver Spring, MD 20910
E-mail: w-nws.webmaster@noaa.gov
Page last modified: May 16, 2007
NATIONAL WEATHER SERVICE: for Safety, for Work, for Fun - FOR LIFE