739
CXUS53 KLOT 011338
CLMMDW


CLIMATE REPORT
NATIONAL WEATHER SERVICE CHICAGO IL
818 AM CDT TUE APR 1 2014

...................................

...THE CHICAGO-MIDWAY CLIMATE SUMMARY FOR THE MONTH OF MARCH 2014...

CLIMATE NORMAL PERIOD 1981 TO 2010
CLIMATE RECORD PERIOD 1928 TO 2014

WEATHER         OBSERVED          NORMAL  DEPART  LAST YEAR`S
                 VALUE   DATE(S)  VALUE   FROM    VALUE
                                          NORMAL
.............................................................
TEMPERATURE (F)
RECORD
 HIGH              86   03/21/2012
                        03/29/1986
                        04/26/1994
 LOW               -7   03/08/1943
HIGHEST            68   03/31        MM      MM
LOWEST              1   03/03        MM      MM
AVG. MAXIMUM     41.2              46.8    -5.6     40.5
AVG. MINIMUM     24.0              30.9    -6.9     26.9
MEAN             32.6              38.8    -6.2

PRECIPITATION (INCHES)
RECORD
 MAXIMUM           MM   MM
 MINIMUM           MM   MM
TOTALS           1.09              2.72   -1.63

DEGREE_DAYS
HEATING TOTAL     997               812     185
COOLING TOTAL       0                 1      -1
 SINCE 1/1          0                 1      -1
..............................................................

WIND (MPH)
AVERAGE WIND SPEED              11.3
HIGHEST WIND SPEED/DIRECTION    31/250    DATE  03/28
HIGHEST GUST SPEED/DIRECTION    44/160    DATE  03/31



-  INDICATES NEGATIVE NUMBERS.
R  INDICATES RECORD WAS SET OR TIED.
MM INDICATES DATA IS MISSING.
T  INDICATES TRACE AMOUNT.

$$




U.S. Dept. of Commerce
NOAA National Weather Service
1325 East West Highway
Silver Spring, MD 20910
E-mail: w-nws.webmaster@noaa.gov
Page last modified: May 16, 2007
NATIONAL WEATHER SERVICE: for Safety, for Work, for Fun - FOR LIFE