168
CXUS53 KLOT 011246
CLMMDW


CLIMATE REPORT
NATIONAL WEATHER SERVICE CHICAGO IL
731 AM CDT FRI AUG 1 2014

...................................

...THE CHICAGO-MIDWAY CLIMATE SUMMARY FOR THE MONTH OF JULY 2014...

CLIMATE NORMAL PERIOD 1981 TO 2010
CLIMATE RECORD PERIOD 1928 TO 2014

WEATHER         OBSERVED          NORMAL  DEPART  LAST YEAR`S
                 VALUE   DATE(S)  VALUE   FROM    VALUE
                                          NORMAL
.............................................................
TEMPERATURE (F)
RECORD
 HIGH             109   07/23/1934
 LOW               46   07/05/1972
HIGHEST            91   07/22         0      91
LOWEST             56   07/16        68     -12
AVG. MAXIMUM     80.9              84.2    -3.3     82.6
AVG. MINIMUM     63.8              67.5    -3.7     66.7
MEAN             72.4              75.9    -3.5

PRECIPITATION (INCHES)
RECORD
 MAXIMUM        10.39   2010
 MINIMUM         0.31   1936
TOTALS           5.18              4.01    1.17

DEGREE_DAYS
HEATING TOTAL       1                 1       0
COOLING TOTAL     239               338     -99
 SINCE 1/1        601               622     -21
..............................................................

WIND (MPH)
AVERAGE WIND SPEED              9.0
HIGHEST WIND SPEED/DIRECTION    30/310    DATE  07/27
HIGHEST GUST SPEED/DIRECTION    39/320    DATE  07/27



-  INDICATES NEGATIVE NUMBERS.
R  INDICATES RECORD WAS SET OR TIED.
MM INDICATES DATA IS MISSING.
T  INDICATES TRACE AMOUNT.

$$




U.S. Dept. of Commerce
NOAA National Weather Service
1325 East West Highway
Silver Spring, MD 20910
E-mail: w-nws.webmaster@noaa.gov
Page last modified: May 16, 2007
NATIONAL WEATHER SERVICE: for Safety, for Work, for Fun - FOR LIFE