384
CXUS53 KLOT 011224
CLMMDW


CLIMATE REPORT
NATIONAL WEATHER SERVICE CHICAGO IL
610 AM CST MON DEC 1 2014

...................................

...THE CHICAGO-MIDWAY CLIMATE SUMMARY FOR THE MONTH OF NOVEMBER 2014...

CLIMATE NORMAL PERIOD 1981 TO 2010
CLIMATE RECORD PERIOD 1928 TO 2014

WEATHER         OBSERVED          NORMAL  DEPART  LAST YEAR`S
                 VALUE   DATE(S)  VALUE   FROM    VALUE
                                          NORMAL
.............................................................
TEMPERATURE (F)
RECORD
 HIGH              81   MM
 LOW               12   11/24/2013
HIGHEST            65   11/10                         69
LOWEST             12R  11/18                         12
AVG. MAXIMUM     43.7              48.6    -4.9     45.6
AVG. MINIMUM     29.1              34.5    -5.4     30.7
MEAN             36.4              41.5    -5.1     38.2

PRECIPITATION (INCHES)
RECORD
 MAXIMUM         7.63   1985
 MINIMUM         0.55   1976

TOTALS           1.27              3.42   -2.15     2.45

DEGREE_DAYS
HEATING TOTAL     852               704     148      797
 SINCE 7/1       1257              1135     122     1198
COOLING TOTAL       0                 0       0        0
 SINCE 1/1       1066              1045      21     1091
..............................................................

WIND (MPH)
AVERAGE WIND SPEED              12.0
HIGHEST WIND SPEED/DIRECTION    32/240    DATE  11/24
HIGHEST GUST SPEED/DIRECTION    43/240    DATE  11/24

AVERAGE RH (PERCENT)     64


-  INDICATES NEGATIVE NUMBERS.
R  INDICATES RECORD WAS SET OR TIED.
MM INDICATES DATA IS MISSING.
T  INDICATES TRACE AMOUNT.

$$





U.S. Dept. of Commerce
NOAA National Weather Service
1325 East West Highway
Silver Spring, MD 20910
E-mail: w-nws.webmaster@noaa.gov
Page last modified: May 16, 2007
NATIONAL WEATHER SERVICE: for Safety, for Work, for Fun - FOR LIFE