618
CXUS51 KCTP 012144 RRA
CLMMDT

CLIMATE REPORT
NATIONAL WEATHER SERVICE STATE COLLEGE PA
4 PM EST MON DEC 1 2014

...................................

...THE HARRISBURG PA CLIMATE SUMMARY FOR THE MONTH OF NOVEMBER 2014...

CLIMATE NORMAL PERIOD 1981 TO 2010
CLIMATE RECORD PERIOD 1888 TO 2014

WEATHER         OBSERVED          NORMAL  DEPART  LAST YEAR`S
                 VALUE   DATE(S)  VALUE   FROM    VALUE  DATE(S)
                                          NORMAL
................................................................
TEMPERATURE (F)
RECORD
 HIGH              84   11/01/1950
 LOW               10   11/30/1929
HIGHEST            71   11/04                         72  11/01
LOWEST             17   11/22                         18  11/30
AVG. MAXIMUM     48.6              53.1    -4.5     50.0
AVG. MINIMUM     32.1              35.1    -3.0     32.4
MEAN             40.3              44.1    -3.8     41.2
DAYS MAX >= 90      0               0.0     0.0        0
DAYS MAX <= 32      1               0.2     0.8        1
DAYS MIN <= 32     15              10.8     4.2       17
DAYS MIN <= 0       0               0.0     0.0        0

PRECIPITATION (INCHES)
RECORD
 MAXIMUM         7.20   1972
 MINIMUM         0.41   1909
TOTALS           2.75              3.23   -0.48     2.42
DAILY AVG.       0.09              0.11   -0.02     0.08
DAYS >= .01         8               9.0    -1.0        8
DAYS >= .10         5               5.8    -0.8        4
DAYS >= .50         2               2.2    -0.2        1
DAYS >= 1.00        0               0.7    -0.7        1
GREATEST
 24 HR. TOTAL    0.81   11/06 TO 11/06


SNOWFALL (INCHES)
RECORDS
 TOTAL           15.4   1953
TOTALS            2.4               0.6     1.8        T
SINCE 7/1         2.4               0.6     1.8        T
SNOWDEPTH AVG.      0                MM      MM        0
DAYS >= 1.0         1               0.2     0.8        0
GREATEST
 SNOW DEPTH         1   11/27
 24 HR TOTAL      2.4   MM

DEGREE_DAYS
HEATING TOTAL     734               627     107      707
 SINCE 7/1       1013              1039     -26     1053
COOLING TOTAL       0                 0       0        0
 SINCE 1/1       1050              1002      48     1105
........................................................

WIND (MPH)
AVERAGE WIND SPEED              8.0
HIGHEST WIND SPEED/DIRECTION    32/310    DATE  11/07
HIGHEST GUST SPEED/DIRECTION    42/320    DATE  11/07

SKY COVER
POSSIBLE SUNSHINE (PERCENT)   MM
AVERAGE SKY COVER           0.60
NUMBER OF DAYS FAIR            4
NUMBER OF DAYS PC             15
NUMBER OF DAYS CLOUDY         11

AVERAGE RH (PERCENT)     62

WEATHER CONDITIONS. NUMBER OF DAYS WITH
THUNDERSTORM              0     MIXED PRECIP               0
HEAVY RAIN                0     RAIN                       6
LIGHT RAIN               10     FREEZING RAIN              0
LT FREEZING RAIN          0     HAIL                       0
HEAVY SNOW                0     SNOW                       1
LIGHT SNOW                7     SLEET                      1
FOG                      11     FOG W/VIS <= 1/4 MILE      1
HAZE                      2

-  INDICATES NEGATIVE NUMBERS.
R  INDICATES RECORD WAS SET OR TIED.
MM INDICATES DATA IS MISSING.
T  INDICATES TRACE AMOUNT.

THE HIGH OF 69 DEGREES ON THE 24TH TIED THE RECORD WHICH WAS
PREVIOUSLY SET IN 1999.


$$

LA CORTE




U.S. Dept. of Commerce
NOAA National Weather Service
1325 East West Highway
Silver Spring, MD 20910
E-mail: w-nws.webmaster@noaa.gov
Page last modified: May 16, 2007
NATIONAL WEATHER SERVICE: for Safety, for Work, for Fun - FOR LIFE