038
CXUS52 KMLB 011614 AAA
CLMMCO

CLIMATE REPORT
NATIONAL WEATHER SERVICE MELBOURNE FL
1000 AM EST THU JAN 1 2015

...................................

...THE ORLANDO  AREA CLIMATE SUMMARY FOR THE MONTH OF DECEMBER 2014...

CLIMATE NORMAL PERIOD 1981 TO 2010
CLIMATE RECORD PERIOD 1892 TO 2014

WEATHER         OBSERVED          NORMAL  DEPART  LAST YEAR`S
                 VALUE   DATE(S)  VALUE   FROM    VALUE  DATE(S)
                                          NORMAL
................................................................

TEMPERATURE (F)

MONTHLY RECORD
 WARMEST         71.3   1971
 COOLEST         51.7   1935
DAILY RECORD
 HIGH              95   12/01/1922
 LOW               18   12/28/1894
DECEMBER 2014
HIGHEST            85   12/24
LOWEST             41   12/16
                        12/14
                        12/11
AVG. MAXIMUM     74.8              72.8     2.0     78.6
AVG. MINIMUM     55.0              52.4     2.6     57.4
MEAN             64.9              62.6     2.3     68.0
DAYS MAX >= 90      0               0.0     0.0        0
DAYS MAX <= 32      0               0.0     0.0        0
DAYS MIN <= 32      0               0.6    -0.6        0
DAYS MIN <= 0       0               0.0     0.0        0

PRECIPITATION (INCHES)

MONTHLY RECORD
 MAXIMUM        12.63   1997
 MINIMUM            T   1944
DAILY RECORD
 MAXIMUM         4.25   12/01/1925
DECEMBER 2014
TOTALS           1.59              2.58   -0.99     0.27
DAYS >= .01         8               6.6     1.4        5
DAYS >= .10         6               3.5     2.5        1
DAYS >= .50         0               1.7    -1.7        0
DAYS >= 1.00        0               0.8    -0.8        0
GREATEST
 24 HR. TOTAL    0.68   12/21 TO 12/22

SNOWFALL (INCHES)
TOTALS            0.0               0.0     0.0      0.0
SINCE 7/1         0.0               0.0     0.0      0.0
DAYS >= TRACE       0                                  0

DEGREE_DAYS
HEATING TOTAL      94               144     -50       34
 SINCE 7/1        176               191     -15       57
COOLING TOTAL      99                70      29      133
 SINCE 1/1       3590              3424     166     3694
.................................................................

WIND (MPH)
AVERAGE WIND SPEED              6.5
HIGHEST WIND SPEED/DIRECTION    26/290    DATE  12/24
HIGHEST GUST SPEED/DIRECTION    34/290    DATE  12/24

SKY COVER
POSSIBLE SUNSHINE (PERCENT)   MM
AVERAGE SKY COVER           0.60
NUMBER OF DAYS FAIR            5
NUMBER OF DAYS PC             16
NUMBER OF DAYS CLOUDY         10

AVERAGE RH (PERCENT)     75

WEATHER CONDITIONS. NUMBER OF DAYS WITH
THUNDERSTORM              1     MIXED PRECIP               0
HEAVY RAIN                1     RAIN                       3
LIGHT RAIN               12     LT FREEZING RAIN           0
HAIL                      0     LIGHT SNOW                 0
SLEET                     0     FOG                       19
FOG W/VIS <= 1/4 MILE     3     HAZE                       4

-  INDICATES NEGATIVE NUMBERS.
R  INDICATES RECORD WAS SET OR TIED.
MM INDICATES DATA IS MISSING.
T  INDICATES TRACE AMOUNT.

=====================================================================

...THE ORLANDO INTERNATIONAL CLIMATE SUMMARY FOR THE YEAR OF 2014...

CLIMATE NORMAL PERIOD 1981 TO 2010
CLIMATE RECORD PERIOD 1892 TO 2014

WEATHER         OBSERVED          NORMAL  DEPART  LAST YEAR`S
                 VALUE   DATE(S)  VALUE   FROM    VALUE
                                          NORMAL
.............................................................

TEMPERATURE (F)

YEARLY RECORDS
 WARMEST          74.9  1990
 COOLEST          70.1  1901
DAILY RECORDS
 HIGH             103   09/08/1921
 LOW               18   12/28/1894
2014 DATA
HIGHEST            98   08/24                         95
LOWEST             30   01/19                         30
AVG. MAXIMUM     83.1              82.8     0.3     83.9
AVG. MINIMUM     63.1              62.8     0.3     64.0
MEAN             73.2              72.8     0.4     73.9
DAYS MAX >= 90    115              96.7    18.3      108
DAYS MAX <= 32      0               0.0     0.0        0
DAYS MIN <= 32      1               2.3    -1.3        1
DAYS MIN <= 0       0               0.0     0.0        0

PRECIPITATION (INCHES)

YEARLY RECORDS
 MAXIMUM        74.79   1905
 MINIMUM        30.38   2000
2014 DATA
TOTALS          55.35             50.73    4.62    42.71
DAILY AVG.       0.15              0.14    0.01
DAYS >= .01       135             117.1    17.9      119
DAYS >= .10        84              75.9     8.1       67
DAYS >= .50        36              33.7     2.3       21
DAYS >= 1.00       15              15.0     0.0       13
GREATEST
 24 HR. TOTAL    3.23   11/25 TO 11/26

SNOWFALL (INCHES)
TOTALS            0.0               0.0     0.0      0.0
SINCE 7/1         0.0               0.0     0.0      0.0
DAYS >= TRACE       0               0.0     0.0        0

DEGREE_DAYS
HEATING TOTAL     525               571     -46      319
 SINCE 7/1        176               191     -15       23
COOLING TOTAL    3590              3424     166     3561
 SINCE 1/1       3590              3424     166     3561
..............................................................

WIND (MPH)
AVERAGE WIND SPEED              7.0
HIGHEST WIND SPEED/DIRECTION    38/290    DATE  06/14
HIGHEST GUST SPEED/DIRECTION    51/290    DATE  06/14

SKY COVER
POSSIBLE SUNSHINE (PERCENT)   MM
AVERAGE SKY COVER           0.50
NUMBER OF DAYS FAIR           84
NUMBER OF DAYS PC            196
NUMBER OF DAYS CLOUDY         85

AVERAGE RH (PERCENT)     71

WEATHER CONDITIONS. NUMBER OF DAYS WITH
THUNDERSTORM            106     MIXED PRECIP               0
HEAVY RAIN               62     RAIN                      74
LIGHT RAIN              188     FREEZING RAIN              0
LT FREEZING RAIN          0     HAIL                       0
LIGHT SNOW                0     SLEET                      0
FOG                     174     FOG W/VIS <= 1/4 MILE     26
HAZE                     27

-  INDICATES NEGATIVE NUMBERS.
R  INDICATES RECORD WAS SET OR TIED.
MM INDICATES DATA IS MISSING.
T  INDICATES TRACE AMOUNT.

$$

ULRICH






U.S. Dept. of Commerce
NOAA National Weather Service
1325 East West Highway
Silver Spring, MD 20910
E-mail: w-nws.webmaster@noaa.gov
Page last modified: May 16, 2007
NATIONAL WEATHER SERVICE: for Safety, for Work, for Fun - FOR LIFE