298
CXUS52 KMLB 011253
CLMMCO


CLIMATE REPORT
NATIONAL WEATHER SERVICE MELBOURNE FL
743 AM EDT WED OCT 1 2014

...................................

...THE ORLANDO  AREA CLIMATE SUMMARY FOR THE MONTH OF SEPTEMBER 2014...

CLIMATE NORMAL PERIOD 1981 TO 2010
CLIMATE RECORD PERIOD 1892 TO 2014

WEATHER         OBSERVED          NORMAL  DEPART  LAST YEAR`S
                 VALUE   DATE(S)  VALUE   FROM    VALUE  DATE(S)
                                          NORMAL
................................................................
TEMPERATURE (F)
MONTHLY RECORD
 HOTTEST         83.9   1988
 COLDEST         75.0   1897
DAILY RECORD
 HIGH             103   09/08/1921
 LOW               50   09/20/1910
SEPTEMBER 2014
HIGHEST            94   09/02                         94
                        09/01
LOWEST             69   09/25                         70


AVG. MAXIMUM     88.9              89.5    -0.6     89.3
AVG. MINIMUM     72.5              72.7    -0.2     73.1
MEAN             80.7              81.1    -0.4     81.2
DAYS MAX >= 90     16              15.5     0.5       18
DAYS MAX <= 32      0               0.0     0.0        0
DAYS MIN <= 32      0               0.0     0.0        0
DAYS MIN <= 0       0               0.0     0.0        0

PRECIPITATION (INCHES)
MONTHLY RECORD
 MAXIMUM        15.87   1945
 MINIMUM         0.43   1972
DAILY RECORD
 MAXIMUM         8.43   09/16/1945
SEPTEMBER 2014
TOTALS          10.45              6.06    4.39     5.78
DAYS >= .01        19              13.2     5.8       12
DAYS >= .10        17               8.8     8.2        7
DAYS >= .50         8               4.1     3.9        2
DAYS >= 1.00        3               1.8     1.2        2
GREATEST
 24 HR. TOTAL    2.06   09/26 TO 09/27

SNOWFALL (INCHES)
TOTALS            0.0               0.0     0.0      0.0
SINCE 7/1         0.0               0.0     0.0      0.0
DAYS >= TRACE       0                                  0

DEGREE_DAYS
HEATING TOTAL       0                 0       0        0
 SINCE 7/1          0                 0       0        0
COOLING TOTAL     477               483      -6      494
 SINCE 1/1       3075              2876     199     2985
.................................................................

WIND (MPH)
AVERAGE WIND SPEED              5.6
HIGHEST WIND SPEED/DIRECTION    29/170    DATE  09/06
HIGHEST GUST SPEED/DIRECTION    36/170    DATE  09/06

SKY COVER
POSSIBLE SUNSHINE (PERCENT)   MM
AVERAGE SKY COVER           0.60
NUMBER OF DAYS FAIR            2
NUMBER OF DAYS PC             22
NUMBER OF DAYS CLOUDY          6

AVERAGE RH (PERCENT)     79

WEATHER CONDITIONS. NUMBER OF DAYS WITH
THUNDERSTORM             13     MIXED PRECIP               0
HEAVY RAIN               12     RAIN                      11
LIGHT RAIN               25     LT FREEZING RAIN           0
HAIL                      0     LIGHT SNOW                 0
SLEET                     0     FOG                       20
FOG W/VIS <= 1/4 MILE     3     HAZE                       3

-  INDICATES NEGATIVE NUMBERS.
R  INDICATES RECORD WAS SET OR TIED.
MM INDICATES DATA IS MISSING.
T  INDICATES TRACE AMOUNT.

$$





U.S. Dept. of Commerce
NOAA National Weather Service
1325 East West Highway
Silver Spring, MD 20910
E-mail: w-nws.webmaster@noaa.gov
Page last modified: May 16, 2007
NATIONAL WEATHER SERVICE: for Safety, for Work, for Fun - FOR LIFE