219
CXUS52 KMLB 042029 CCA
CLMMCO

CLIMATE REPORT...CORRECTED DAILY RECORD TEMPERATURES
NATIONAL WEATHER SERVICE MELBOURNE FL
329 PM EST TUE NOV 4 2014

...................................

...THE ORLANDO AREA CLIMATE SUMMARY FOR THE MONTH OF OCTOBER 2014...

CLIMATE NORMAL PERIOD 1981 TO 2010
CLIMATE RECORD PERIOD 1892 TO 2014

WEATHER         OBSERVED          NORMAL  DEPART  LAST YEAR`S
                 VALUE   DATE(S)  VALUE   FROM    VALUE  DATE(S)
                                          NORMAL
................................................................
TEMPERATURE (F)
MONTHLY RECORD
 HOTTEST         80.2   1919
 COLDEST         70.3   1938
DAILY RECORD
 HIGH              98   10/08/1919
                        10/07/1919
                        10/05/1919
 LOW               38   10/25/1937
                        10/24/1937
OCTOBER 2014
HIGHEST            91   10/11                         91
                        10/03
                        10/02
LOWEST             55   10/27                         57

AVG. MAXIMUM     85.5              84.6     0.9     86.3
AVG. MINIMUM     64.7              66.4    -1.7     67.4
MEAN             75.1              75.5    -0.4     76.8
DAYS MAX >= 90      4               3.1     0.9        8
DAYS MAX <= 32      0               0.0     0.0        0
DAYS MIN <= 32      0               0.0     0.0        0
DAYS MIN <= 0       0               0.0     0.0        0

PRECIPITATION (INCHES)
MONTHLY RECORD
 MAXIMUM        19.10   1915
 MINIMUM         0.00   2010
DAILY RECORD
 MAXIMUM         8.02   10/18/1910

OCTOBER 2014
TOTALS           0.69              3.31   -2.62     0.15
DAYS >= .01         4               8.0    -4.0        2
DAYS >= .10         2               5.1    -3.1        0
DAYS >= .50         1               2.2    -1.2        0
DAYS >= 1.00        0               1.0    -1.0        0
GREATEST
 24 HR. TOTAL    0.58   09/30 TO 10/01

SNOWFALL (INCHES)
TOTALS            0.0               0.0     0.0      0.0
SINCE 7/1         0.0               0.0     0.0      0.0
DAYS >= TRACE       0                                  0

DEGREE_DAYS
HEATING TOTAL       0                 5      -5        0
 SINCE 7/1          0                 5      -5        0
COOLING TOTAL     321               331     -10      375
 SINCE 1/1       3396              3207     189     3360
.................................................................

WIND (MPH)
AVERAGE WIND SPEED              5.9
HIGHEST WIND SPEED/DIRECTION    21/160    DATE  10/14
HIGHEST GUST SPEED/DIRECTION    33/310    DATE  10/04

SKY COVER
POSSIBLE SUNSHINE (PERCENT)   MM
AVERAGE SKY COVER           0.40
NUMBER OF DAYS FAIR           16
NUMBER OF DAYS PC             13
NUMBER OF DAYS CLOUDY          2

AVERAGE RH (PERCENT)     72

WEATHER CONDITIONS. NUMBER OF DAYS WITH
THUNDERSTORM              3     MIXED PRECIP               0
HEAVY RAIN                1     RAIN                       2
LIGHT RAIN                6     LT FREEZING RAIN           0
HAIL                      0     LIGHT SNOW                 0
SLEET                     0     FOG                       15
FOG W/VIS <= 1/4 MILE     1     HAZE                       1

-  INDICATES NEGATIVE NUMBERS.
R  INDICATES RECORD WAS SET OR TIED.
MM INDICATES DATA IS MISSING.
T  INDICATES TRACE AMOUNT.

$$








U.S. Dept. of Commerce
NOAA National Weather Service
1325 East West Highway
Silver Spring, MD 20910
E-mail: w-nws.webmaster@noaa.gov
Page last modified: May 16, 2007
NATIONAL WEATHER SERVICE: for Safety, for Work, for Fun - FOR LIFE