304
CXUS42 KFFC 041915
CLMMCN


CLIMATE REPORT
NATIONAL WEATHER SERVICE PEACHTREE CITY GA
313 PM EDT FRI JUL 4 2014

...................................

...THE MACON CLIMATE SUMMARY FOR THE MONTH OF JUNE 2014...

CLIMATE NORMAL PERIOD 1981 TO 2010
CLIMATE RECORD PERIOD 1899 TO 2014

WEATHER         OBSERVED          NORMAL  DEPART  LAST YEAR`S
                 VALUE   DATE(S)  VALUE   FROM    VALUE  DATE(S)
                                          NORMAL
................................................................
TEMPERATURE (F)
RECORD
 HIGH             108   06/30/2012
 LOW               46   06/02/1972
                        06/12/1913
HIGHEST            95   06/21       105     -10       94  06/28
                        06/20                             06/12
LOWEST             63   06/14        46      17       62  06/22
                        06/02                             06/15
AVG. MAXIMUM     90.2              90.3    -0.1     87.8
AVG. MINIMUM     67.0              67.6    -0.6     68.1
MEAN             78.6              78.9    -0.3     77.9
DAYS MAX >= 90     21              17.2     3.8       10
DAYS MAX <= 32      0               0.0     0.0        0
DAYS MIN <= 32      0               0.0     0.0        0
DAYS MIN <= 0       0               0.0     0.0        0

PRECIPITATION (INCHES)
RECORD
 MAXIMUM        12.25   2013
 MINIMUM         0.40   1917
TOTALS           5.65              4.06    1.59
DAILY AVG.       0.19              0.14    0.05     0.41
DAYS >= .01        13              10.3     2.7       19
DAYS >= .10         7               6.7     0.3       16
DAYS >= .50         3               2.5     0.5        7
DAYS >= 1.00        2               1.1     0.9        5
GREATEST
 24 HR. TOTAL    1.99   06/29 TO 06/30           06/05 TO 06/06
                                                          06/30 TO 06/30
                                                          06/30 TO 06/30

DEGREE_DAYS
HEATING TOTAL       0                 0       0        0
 SINCE 7/1       2626              2322     304     2275
COOLING TOTAL     415               419      -4      396
 SINCE 1/1        693               732     -39      606
.................................................

WIND (MPH)
AVERAGE WIND SPEED              4.2
HIGHEST WIND SPEED/DIRECTION    38/340    DATE  06/05
HIGHEST GUST SPEED/DIRECTION    59/330    DATE  06/05

SKY COVER
POSSIBLE SUNSHINE (PERCENT)   MM
AVERAGE SKY COVER           0.30
NUMBER OF DAYS FAIR           22
NUMBER OF DAYS PC              5
NUMBER OF DAYS CLOUDY          3

AVERAGE RH (PERCENT)     72

WEATHER CONDITIONS. NUMBER OF DAYS WITH
THUNDERSTORM              0     MIXED PRECIP               0
HEAVY RAIN                3     RAIN                       5
LIGHT RAIN                9     FREEZING RAIN              0
LT FREEZING RAIN          0     HAIL                       0
HEAVY SNOW                0     SNOW                       0
LIGHT SNOW                0     SLEET                      0
FOG                      12     FOG W/VIS <= 1/4 MILE      1
HAZE                      4

-  INDICATES NEGATIVE NUMBERS.
R  INDICATES RECORD WAS SET OR TIED.
MM INDICATES DATA IS MISSING.
T  INDICATES TRACE AMOUNT.

$$




U.S. Dept. of Commerce
NOAA National Weather Service
1325 East West Highway
Silver Spring, MD 20910
E-mail: w-nws.webmaster@noaa.gov
Page last modified: May 16, 2007
NATIONAL WEATHER SERVICE: for Safety, for Work, for Fun - FOR LIFE