443
CXUS42 KFFC 011423
CLMMCN


CLIMATE REPORT
NATIONAL WEATHER SERVICE PEACHTREE CITY GA
1021 AM EDT SAT NOV 1 2014

...................................

...THE MACON CLIMATE SUMMARY FOR THE MONTH OF OCTOBER 2014...

CLIMATE NORMAL PERIOD 1981 TO 2010
CLIMATE RECORD PERIOD 1899 TO 2014

WEATHER         OBSERVED          NORMAL  DEPART  LAST YEAR`S
                 VALUE   DATE(S)  VALUE   FROM    VALUE  DATE(S)
                                          NORMAL
................................................................
TEMPERATURE (F)
RECORD
 HIGH             100   10/05/1954
 LOW               26   10/30/1952
HIGHEST            91   10/11        83       8       MM  MM
                        10/10
                        10/09
LOWEST             37   10/23        58     -21       MM  MM
                        10/05
AVG. MAXIMUM     80.3              77.4     2.9       MM
AVG. MINIMUM     50.4              52.4    -2.0       MM
MEAN             65.3              64.9     0.4       MM
DAYS MAX >= 90      5               0.6     4.4       MM
DAYS MAX <= 32      0               0.0     0.0       MM
DAYS MIN <= 32      0               0.5    -0.5       MM
DAYS MIN <= 0       0               0.0     0.0       MM

PRECIPITATION (INCHES)
RECORD
 MAXIMUM         9.39   1959
 MINIMUM         0.00   1963
                        1961
                        1939
TOTALS           1.57              2.79   -1.22
DAILY AVG.       0.05              0.09   -0.04       MM
DAYS >= .01         2               6.2    -4.2       MM
DAYS >= .10         1               4.0    -3.0       MM
DAYS >= .50         1               1.8    -0.8       MM
DAYS >= 1.00        1               0.9     0.1       MM
GREATEST
 24 HR. TOTAL    1.51   10/14 TO 10/14                MM
                        10/13 TO 10/14
                        10/14 TO 10/14

DEGREE_DAYS
HEATING TOTAL      85                97     -12       MM
 SINCE 7/1         86               103     -17       MM
COOLING TOTAL     104                94      10       MM
 SINCE 1/1       2041              2144    -103       MM
.................................................................

WIND (MPH)
AVERAGE WIND SPEED              3.9
HIGHEST WIND SPEED/DIRECTION    29/330    DATE  10/31
HIGHEST GUST SPEED/DIRECTION    53/090    DATE  10/24

SKY COVER
POSSIBLE SUNSHINE (PERCENT)   MM
AVERAGE SKY COVER           0.10
NUMBER OF DAYS FAIR           27
NUMBER OF DAYS PC              4
NUMBER OF DAYS CLOUDY          0

AVERAGE RH (PERCENT)     70

WEATHER CONDITIONS. NUMBER OF DAYS WITH
THUNDERSTORM              0     MIXED PRECIP               0
HEAVY RAIN                1     RAIN                       2
LIGHT RAIN                3     FREEZING RAIN              0
LT FREEZING RAIN          0     HAIL                       0
HEAVY SNOW                0     SNOW                       0
LIGHT SNOW                0     SLEET                      0
FOG                      25     FOG W/VIS <= 1/4 MILE      3
HAZE                      1

-  INDICATES NEGATIVE NUMBERS.
R  INDICATES RECORD WAS SET OR TIED.
MM INDICATES DATA IS MISSING.
T  INDICATES TRACE AMOUNT.

$$




U.S. Dept. of Commerce
NOAA National Weather Service
1325 East West Highway
Silver Spring, MD 20910
E-mail: w-nws.webmaster@noaa.gov
Page last modified: May 16, 2007
NATIONAL WEATHER SERVICE: for Safety, for Work, for Fun - FOR LIFE