540
CXUS42 KFFC 062056
CLMMCN


CLIMATE REPORT
NATIONAL WEATHER SERVICE PEACHTREE CITY GA
454 PM EDT WED AUG 6 2014

...................................

...THE MACON CLIMATE SUMMARY FOR THE MONTH OF JULY 2014...

CLIMATE NORMAL PERIOD 1981 TO 2010
CLIMATE RECORD PERIOD 1899 TO 2014

WEATHER         OBSERVED          NORMAL  DEPART  LAST YEAR`S
                 VALUE   DATE(S)  VALUE   FROM    VALUE  DATE(S)
                                          NORMAL
................................................................
TEMPERATURE (F)
RECORD
 HIGH             108   07/13/1980
 LOW               54   07/15/1967
HIGHEST            94   07/28        MM      MM       94  07/17
                        07/27
                        07/09
LOWEST             59   07/30        MM      MM       65  07/30
                        07/17
AVG. MAXIMUM     89.5              92.6    -3.1     88.2
AVG. MINIMUM     68.3              71.0    -2.7     70.3
MEAN             78.9              81.8    -2.9     79.3
DAYS MAX >= 90     15              23.0    -8.0       13
DAYS MAX <= 32      0               0.0     0.0        0
DAYS MIN <= 32      0               0.0     0.0        0
DAYS MIN <= 0       0               0.0     0.0        0

PRECIPITATION (INCHES)
RECORD
 MAXIMUM        18.16   1994
 MINIMUM         0.60   2004
TOTALS           5.04              4.95    0.09
DAILY AVG.       0.16              0.16    0.00     0.23
DAYS >= .01         6              11.4    -5.4       19
DAYS >= .10         6               7.6    -1.6       12
DAYS >= .50         4               2.8     1.2        6
DAYS >= 1.00        2               1.3     0.7        2
GREATEST
 24 HR. TOTAL    2.80   07/18 TO 07/19           07/03 TO 07/04
                                                          07/31 TO 07/31
                                                          07/31 TO 07/31

DEGREE_DAYS
HEATING TOTAL       0                 0       0        0
 SINCE 7/1          0                 0       0        0
COOLING TOTAL     439               521     -82      449
 SINCE 1/1       1132              1253    -121     1055
..................................................

WIND (MPH)
AVERAGE WIND SPEED              4.3
HIGHEST WIND SPEED/DIRECTION    20/280    DATE  07/28
HIGHEST GUST SPEED/DIRECTION    40/240    DATE  07/10

SKY COVER
POSSIBLE SUNSHINE (PERCENT)    0
AVERAGE SKY COVER           0.30
NUMBER OF DAYS FAIR           23
NUMBER OF DAYS PC              5
NUMBER OF DAYS CLOUDY          3

AVERAGE RH (PERCENT)     72

WEATHER CONDITIONS. NUMBER OF DAYS WITH
THUNDERSTORM              0     MIXED PRECIP               0
HEAVY RAIN                3     RAIN                       4
LIGHT RAIN                7     FREEZING RAIN              0
LT FREEZING RAIN          0     HAIL                       0
HEAVY SNOW                0     SNOW                       0
LIGHT SNOW                0     SLEET                      0
FOG                      10     FOG W/VIS <= 1/4 MILE      0
HAZE                      4

-  INDICATES NEGATIVE NUMBERS.
R  INDICATES RECORD WAS SET OR TIED.
MM INDICATES DATA IS MISSING.
T  INDICATES TRACE AMOUNT.

$$




U.S. Dept. of Commerce
NOAA National Weather Service
1325 East West Highway
Silver Spring, MD 20910
E-mail: w-nws.webmaster@noaa.gov
Page last modified: May 16, 2007
NATIONAL WEATHER SERVICE: for Safety, for Work, for Fun - FOR LIFE