124
CXUS42 KFFC 011542
CLMMCN


CLIMATE REPORT
NATIONAL WEATHER SERVICE PEACHTREE CITY GA
1041 AM EST THU JAN 1 2015

...................................

...THE MACON CLIMATE SUMMARY FOR THE MONTH OF DECEMBER 2014...

CLIMATE NORMAL PERIOD 1981 TO 2010
CLIMATE RECORD PERIOD 1899 TO 2014

WEATHER         OBSERVED          NORMAL  DEPART  LAST YEAR`S
                 VALUE   DATE(S)  VALUE   FROM    VALUE  DATE(S)
                                          NORMAL
................................................................
TEMPERATURE (F)
RECORD
 HIGH              82   12/13/1972
                        12/11/1972
                        12/10/1972
 LOW                5   12/13/1962
HIGHEST            76   12/04        67       9       77  12/21
                                                          12/06
LOWEST             26   12/13        29      -3       24  12/13
                        12/11
AVG. MAXIMUM     63.1              59.6     3.5     61.9
AVG. MINIMUM     39.0              36.4     2.6     38.8
MEAN             51.0              48.0     3.0     50.4
DAYS MAX >= 90      0               0.0     0.0        0
DAYS MAX <= 32      0               0.1    -0.1        0
DAYS MIN <= 32      9              11.9    -2.9       12
DAYS MIN <= 0       0               0.0     0.0        0

PRECIPITATION (INCHES)
RECORD
 MAXIMUM        10.39   1972
 MINIMUM         0.33   1946
TOTALS           5.89              4.04    1.85
DAILY AVG.       0.19              0.13    0.06     0.29
DAYS >= .01        11               8.8     2.2       13
DAYS >= .10         7               6.0     1.0        9
DAYS >= .50         4               2.6     1.4        6
DAYS >= 1.00        2               1.3     0.7        4
GREATEST
 24 HR. TOTAL    3.75   12/23 TO 12/24           12/22 TO 12/23
                                                          12/31 TO 12/31
                                                          12/31 TO 12/31

SNOWFALL (INCHES)
RECORDS
 TOTAL            0.1   2010
 24 HR TOTAL      0.1   12/25/2010 TO 12/25/2010
 SNOW DEPTH         0   MM
TOTALS            0.0               0.1    -0.1      0.0
SINCE 7/1         0.0               0.1    -0.1      0.0
SNOWDEPTH AVG.      0                MM      MM        0
DAYS >= TRACE       0               0.1    -0.1        0
DAYS >= 1.0         0               0.1    -0.1        0
GREATEST
 24 HR TOTAL      0.0   12/31 TO 12/31           12/31 TO 12/31
                                                          12/31 TO 12/31
                                                          12/31 TO 12/31

DEGREE_DAYS
HEATING TOTAL     427               530    -103      457
 SINCE 7/1        987               925      62      906
COOLING TOTAL       0                 3      -3       10
 SINCE 1/1       2048              2166    -118     1859
..................................................

WIND (MPH)
AVERAGE WIND SPEED              4.8
HIGHEST WIND SPEED/DIRECTION    25/260    DATE  12/24
HIGHEST GUST SPEED/DIRECTION    69/360    DATE  12/31

SKY COVER
POSSIBLE SUNSHINE (PERCENT)   MM
AVERAGE SKY COVER           0.40
NUMBER OF DAYS FAIR           16
NUMBER OF DAYS PC              5
NUMBER OF DAYS CLOUDY         10

AVERAGE RH (PERCENT)     75

WEATHER CONDITIONS. NUMBER OF DAYS WITH
THUNDERSTORM              0     MIXED PRECIP               0
HEAVY RAIN                4     RAIN                       6
LIGHT RAIN               12     FREEZING RAIN              0
LT FREEZING RAIN          0     HAIL                       0
HEAVY SNOW                0     SNOW                       0
LIGHT SNOW                0     SLEET                      0
FOG                      23     FOG W/VIS <= 1/4 MILE      7
HAZE                      4

-  INDICATES NEGATIVE NUMBERS.
R  INDICATES RECORD WAS SET OR TIED.
MM INDICATES DATA IS MISSING.
T  INDICATES TRACE AMOUNT.

$$




U.S. Dept. of Commerce
NOAA National Weather Service
1325 East West Highway
Silver Spring, MD 20910
E-mail: w-nws.webmaster@noaa.gov
Page last modified: May 16, 2007
NATIONAL WEATHER SERVICE: for Safety, for Work, for Fun - FOR LIFE