384
CXUS42 KFFC 011758
CLMMCN


CLIMATE REPORT
NATIONAL WEATHER SERVICE PEACHTREE CITY GA
1256 PM EST SAT MAR 1 2014

...................................

...THE MACON CLIMATE SUMMARY FOR THE MONTH OF FEBRUARY 2014...

CLIMATE NORMAL PERIOD 1981 TO 2010
CLIMATE RECORD PERIOD 1899 TO 2014

WEATHER         OBSERVED          NORMAL  DEPART  LAST YEAR`S
                 VALUE   DATE(S)  VALUE   FROM    VALUE  DATE(S)
                                          NORMAL
................................................................
TEMPERATURE (F)
RECORD
 HIGH              85   02/16/1989
                        02/28/1962
 LOW                8   02/03/1917
HIGHEST            78   02/20        85      -7       73  02/06
LOWEST             22   02/28         9      13       20  02/02
AVG. MAXIMUM     62.4              62.1     0.3     60.3
AVG. MINIMUM     36.5              38.0    -1.5     36.4
MEAN             49.4              50.0    -0.6     48.4
DAYS MAX >= 90      0               0.0     0.0        0
DAYS MAX <= 32      0               0.0     0.0        0
DAYS MIN <= 32     12               8.0     4.0       10
DAYS MIN <= 0       0               0.0     0.0        0

PRECIPITATION (INCHES)
RECORD
 MAXIMUM        12.87   2013
 MINIMUM         0.37   2000
TOTALS           4.60              4.36    0.24
DAILY AVG.       0.16              0.16    0.00     0.46
DAYS >= .01        13               9.0     4.0       10
DAYS >= .10         7               6.0     1.0       10
DAYS >= .50         4               3.0     1.0        8
DAYS >= 1.00        1               1.5    -0.5        6
GREATEST
 24 HR. TOTAL    1.88   02/12 TO 02/12           02/10 TO 02/11
                                                          02/28 TO 02/28
                                                          02/28 TO 02/28

SNOWFALL (INCHES)
RECORDS
 TOTAL            3.0   2010
 24 HR TOTAL      3.0   02/12/2010 TO 02/12/2010
 SNOW DEPTH         0   MM
TOTALS              T                 T     0.0      0.0
SINCE 7/1         2.1               0.5     1.6      0.0
SNOWDEPTH AVG.      0                MM      MM        0
DAYS >= TRACE       1               0.2     0.8        0
DAYS >= 1.0         0               0.0     0.0        0
GREATEST
 24 HR TOTAL        T   02/13 TO 02/13           02/28 TO 02/28
                                                          02/28 TO 02/28
                                                          02/28 TO 02/28

DEGREE_DAYS
HEATING TOTAL     431               420      11      460
 SINCE 7/1       2133              1925     208     1674
COOLING TOTAL       1                 2      -1        0
 SINCE 1/1          1                 3      -2       18
.........................................................

WIND (MPH)
AVERAGE WIND SPEED              5.7
HIGHEST WIND SPEED/DIRECTION    26/280    DATE  02/21
HIGHEST GUST SPEED/DIRECTION    40/290    DATE  02/15

SKY COVER
POSSIBLE SUNSHINE (PERCENT)   MM
AVERAGE SKY COVER           0.40
NUMBER OF DAYS FAIR           13
NUMBER OF DAYS PC             10
NUMBER OF DAYS CLOUDY          5

AVERAGE RH (PERCENT)     70

WEATHER CONDITIONS. NUMBER OF DAYS WITH
THUNDERSTORM              0     MIXED PRECIP               0
HEAVY RAIN                4     RAIN                       6
LIGHT RAIN               11     FREEZING RAIN              0
LT FREEZING RAIN          2     HAIL                       0
HEAVY SNOW                0     SNOW                       0
LIGHT SNOW                1     SLEET                      0
FOG                      18     FOG W/VIS <= 1/4 MILE      1
HAZE                      3

-  INDICATES NEGATIVE NUMBERS.
R  INDICATES RECORD WAS SET OR TIED.
MM INDICATES DATA IS MISSING.
T  INDICATES TRACE AMOUNT.

$$





U.S. Dept. of Commerce
NOAA National Weather Service
1325 East West Highway
Silver Spring, MD 20910
E-mail: w-nws.webmaster@noaa.gov
Page last modified: May 16, 2007
NATIONAL WEATHER SERVICE: for Safety, for Work, for Fun - FOR LIFE