248
CXUS42 KFFC 020927
CLMMCN


CLIMATE REPORT
NATIONAL WEATHER SERVICE PEACHTREE CITY GA
526 AM EDT TUE SEP 2 2014

...................................

...THE MACON CLIMATE SUMMARY FOR THE MONTH OF AUGUST 2014...

CLIMATE NORMAL PERIOD 1981 TO 2010
CLIMATE RECORD PERIOD 1899 TO 2014

WEATHER         OBSERVED          NORMAL  DEPART  LAST YEAR`S
                 VALUE   DATE(S)  VALUE   FROM    VALUE  DATE(S)
                                          NORMAL
................................................................
TEMPERATURE (F)
RECORD
 HIGH             105   08/10/2007
                        08/01/1986
                        08/21/1980
 LOW               55   08/28/1952
HIGHEST            99   08/22        MM      MM       94  08/12
                                                          08/10
LOWEST             58   08/28        MM      MM       58  08/26
AVG. MAXIMUM     92.3              91.4     0.9     87.7
AVG. MINIMUM     67.3              70.3    -3.0     69.0
MEAN             79.8              80.9    -1.1     78.4
DAYS MAX >= 90     25              20.2     4.8       17
DAYS MAX <= 32      0               0.0     0.0        0
DAYS MIN <= 32      0               0.0     0.0        0
DAYS MIN <= 0       0               0.0     0.0        0

PRECIPITATION (INCHES)
RECORD
 MAXIMUM        20.52   1928
 MINIMUM         0.70   1925
TOTALS           1.05              4.10   -3.05
DAILY AVG.       0.03              0.13   -0.10     0.33
DAYS >= .01         7              10.4    -3.4       16
DAYS >= .10         3               6.5    -3.5        9
DAYS >= .50         1               2.7    -1.7        7
DAYS >= 1.00        0               1.3    -1.3        5
GREATEST
 24 HR. TOTAL    0.73   08/19 TO 08/19           08/23 TO 08/23
                        08/18 TO 08/19                    08/31 TO 08/31
                        08/19 TO 08/19                    08/31 TO 08/31

DEGREE_DAYS
HEATING TOTAL       0                 0       0        0
 SINCE 7/1          0                 0       0        0
COOLING TOTAL     466               491     -25      420
 SINCE 1/1       1598              1744    -146     1475
..................................................

WIND (MPH)
AVERAGE WIND SPEED              4.4
HIGHEST WIND SPEED/DIRECTION    25/260    DATE  08/17
HIGHEST GUST SPEED/DIRECTION    31/290    DATE  08/19

SKY COVER
POSSIBLE SUNSHINE (PERCENT)   MM
AVERAGE SKY COVER           0.20
NUMBER OF DAYS FAIR           24
NUMBER OF DAYS PC              5
NUMBER OF DAYS CLOUDY          2

AVERAGE RH (PERCENT)     71

WEATHER CONDITIONS. NUMBER OF DAYS WITH
THUNDERSTORM              0     MIXED PRECIP               0
HEAVY RAIN                1     RAIN                       1
LIGHT RAIN                6     FREEZING RAIN              0
LT FREEZING RAIN          0     HAIL                       0
HEAVY SNOW                0     SNOW                       0
LIGHT SNOW                0     SLEET                      0
FOG                       8     FOG W/VIS <= 1/4 MILE      0
HAZE                      2

-  INDICATES NEGATIVE NUMBERS.
R  INDICATES RECORD WAS SET OR TIED.
MM INDICATES DATA IS MISSING.
T  INDICATES TRACE AMOUNT.

$$




U.S. Dept. of Commerce
NOAA National Weather Service
1325 East West Highway
Silver Spring, MD 20910
E-mail: w-nws.webmaster@noaa.gov
Page last modified: May 16, 2007
NATIONAL WEATHER SERVICE: for Safety, for Work, for Fun - FOR LIFE