553
CXUS53 KGLD 040119
CLMMCK

CLIMATE REPORT
NATIONAL WEATHER SERVICE GOODLAND
659 PM MDT THU JUL 3 2014

...................................

...THE MCCOOK CLIMATE SUMMARY FOR THE MONTH OF JUNE 2014...

CLIMATE NORMAL PERIOD 1981 TO 2010
CLIMATE RECORD PERIOD 1896 TO 2014

WEATHER         OBSERVED          NORMAL  DEPART  LAST YEAR`S
                 VALUE   DATE(S)  VALUE   FROM    VALUE  DATE(S)
                                          NORMAL
................................................................
TEMPERATURE (F)
RECORD
 HIGH             115   06/26/2012
 LOW               33   06/11/1998
                        06/06/1998
HIGHEST            96   06/03        99      -3      108  06/11
LOWEST             46   06/10        45       1       39  06/02
AVG. MAXIMUM     83.8              84.0    -0.2     89.9
AVG. MINIMUM     58.3              55.9     2.4     57.5
MEAN             71.1              69.9     1.2     73.7
DAYS MAX >= 90      6               7.9    -1.9       16
DAYS MAX <= 32      0               0.0     0.0        0
DAYS MIN <= 32      0               0.0     0.0        0
DAYS MIN <= 0       0               0.0     0.0        0

PRECIPITATION (INCHES)
RECORD
 MAXIMUM         7.80   2005
 MINIMUM         0.42   1978
TOTALS           8.05R             3.38    4.67     1.10
DAILY AVG.       0.27              0.11    0.16     0.04
DAYS >= .01        16               9.1     6.9        9
DAYS >= .10        12               5.9     6.1        5
DAYS >= .50         4               2.2     1.8        0
DAYS >= 1.00        3               0.9     2.1        0
GREATEST
 24 HR. TOTAL    3.04   06/08 TO 06/09              0.36


.................................................................



-  INDICATES NEGATIVE NUMBERS.
R  INDICATES RECORD WAS SET OR TIED.
MM INDICATES DATA IS MISSING.
T  INDICATES TRACE AMOUNT.

$$







U.S. Dept. of Commerce
NOAA National Weather Service
1325 East West Highway
Silver Spring, MD 20910
E-mail: w-nws.webmaster@noaa.gov
Page last modified: May 16, 2007
NATIONAL WEATHER SERVICE: for Safety, for Work, for Fun - FOR LIFE