921
CXUS53 KGLD 032259
CLMMCK

CLIMATE REPORT
NATIONAL WEATHER SERVICE GOODLAND
446 PM MDT SUN AUG 3 2014

...................................

...THE MCCOOK CLIMATE SUMMARY FOR THE MONTH OF JULY 2014...

CLIMATE NORMAL PERIOD 1981 TO 2010
CLIMATE RECORD PERIOD 1896 TO 2014

WEATHER         OBSERVED          NORMAL  DEPART  LAST YEAR`S
                 VALUE   DATE(S)  VALUE   FROM    VALUE  DATE(S)
                                          NORMAL
................................................................
TEMPERATURE (F)
RECORD
 HIGH             114   07/20/1932
 LOW               43   07/04/1915
HIGHEST           104   07/24       103       1      106  07/13
LOWEST             47   07/15        53      -6       48  07/02
AVG. MAXIMUM     88.3              89.9    -1.6     90.7
AVG. MINIMUM     61.2              61.9    -0.7     63.5
MEAN             74.8              75.9    -1.1     77.1
DAYS MAX >= 90     17              16.5     0.5       20
DAYS MAX <= 32      0               0.0     0.0        0
DAYS MIN <= 32      0               0.0     0.0        0
DAYS MIN <= 0       0               0.0     0.0        0

PRECIPITATION (INCHES)
RECORD
 MAXIMUM         8.72   2004
 MINIMUM         0.77   1982
TOTALS           2.12              3.25   -1.13     1.69
DAILY AVG.       0.07              0.10   -0.03     0.05
DAYS >= .01         6               8.5    -2.5       11
DAYS >= .10         5               5.5    -0.5        5
DAYS >= .50         1               2.2    -1.2        1
DAYS >= 1.00        0               0.8    -0.8        0
GREATEST
 24 HR. TOTAL    0.75   07/16 TO 07/16              0.58
                        07/15 TO 07/16
                        07/16 TO 07/16


.................................................................



-  INDICATES NEGATIVE NUMBERS.
R  INDICATES RECORD WAS SET OR TIED.
MM INDICATES DATA IS MISSING.
T  INDICATES TRACE AMOUNT.

$$







U.S. Dept. of Commerce
NOAA National Weather Service
1325 East West Highway
Silver Spring, MD 20910
E-mail: w-nws.webmaster@noaa.gov
Page last modified: May 16, 2007
NATIONAL WEATHER SERVICE: for Safety, for Work, for Fun - FOR LIFE