472
CXUS53 KGLD 031843 RRA
CLMMCK

CLIMATE REPORT
NATIONAL WEATHER SERVICE GOODLAND
1140 AM MST MON NOV 3 2014

...................................

...THE MCCOOK CLIMATE SUMMARY FOR THE MONTH OF OCTOBER 2014...

CLIMATE NORMAL PERIOD 1981 TO 2010
CLIMATE RECORD PERIOD 1896 TO 2014

WEATHER         OBSERVED          NORMAL  DEPART  LAST YEAR`S
                 VALUE   DATE(S)  VALUE   FROM    VALUE  DATE(S)
                                          NORMAL
................................................................
TEMPERATURE (F)
RECORD
 HIGH              98   10/09/1928
 LOW                    10/29/1913
HIGHEST            89   10/26        88       1       86  10/10
                        10/24
LOWEST             23   10/29        23       0       28  10/19
AVG. MAXIMUM     72.4              66.5     5.9     65.5
AVG. MINIMUM     37.9              36.2     1.7     38.1
MEAN             55.1              51.3     3.8     51.8
DAYS MAX >= 90      0               0.4    -0.4        0
DAYS MAX <= 32      0               0.3    -0.3        0
DAYS MIN <= 32      8               9.4    -1.4        9
DAYS MIN <= 0       0               0.0     0.0        0

PRECIPITATION (INCHES)
RECORD
 MAXIMUM         4.88   1997
 MINIMUM         0.04   1999
TOTALS           0.27              1.79   -1.52     0.61
DAILY AVG.       0.01              0.06   -0.05     0.02
DAYS >= .01         5               6.1    -1.1        4
DAYS >= .10         1               3.4    -2.4        2
DAYS >= .50         0               1.1    -1.1        0
DAYS >= 1.00        0               0.3    -0.3        0
GREATEST
 24 HR. TOTAL    0.12   10/05 TO 10/05              0.36
                        10/04 TO 10/05
                        10/05 TO 10/05
 STORM TOTAL       MM
 (MM/DD(HH))            MM

.................................................................



-  INDICATES NEGATIVE NUMBERS.
R  INDICATES RECORD WAS SET OR TIED.
MM INDICATES DATA IS MISSING.
T  INDICATES TRACE AMOUNT.

$$




U.S. Dept. of Commerce
NOAA National Weather Service
1325 East West Highway
Silver Spring, MD 20910
E-mail: w-nws.webmaster@noaa.gov
Page last modified: May 16, 2007
NATIONAL WEATHER SERVICE: for Safety, for Work, for Fun - FOR LIFE