370
CXUS53 KGLD 032033
CLMMCK

CLIMATE REPORT
NATIONAL WEATHER SERVICE GOODLAND
104 PM MST SAT JAN 3 2015

...................................

...THE MCCOOK CLIMATE SUMMARY FOR THE MONTH OF DECEMBER 2014...

CLIMATE NORMAL PERIOD 1981 TO 2010
CLIMATE RECORD PERIOD 1896 TO 2014

WEATHER         OBSERVED          NORMAL  DEPART  LAST YEAR`S
                 VALUE   DATE(S)  VALUE   FROM    VALUE  DATE(S)
                                          NORMAL
................................................................
TEMPERATURE (F)
RECORD
 HIGH              81   12/23/1964
 LOW              -27   12/23/1989
                        12/22/1989
HIGHEST            70   12/02        64       6       70  12/18
LOWEST            -15   12/31        -2     -13      -10  12/09
AVG. MAXIMUM     41.3              41.0     0.3     40.7
AVG. MINIMUM     18.8              15.0     3.8     12.1
MEAN             30.0              28.0     2.0     26.2
DAYS MAX >= 90      0               0.0     0.0        0
DAYS MAX <= 32     10               7.5     2.5       10
DAYS MIN <= 32     28              30.7    -2.7       28
DAYS MIN <= 0       2               2.5    -0.5        5

PRECIPITATION (INCHES)
RECORD
 MAXIMUM         4.08   2006
 MINIMUM         0.00   2002
TOTALS           1.29              0.64    0.65     0.22
DAILY AVG.       0.04              0.02    0.02     0.01
DAYS >= .01         5               3.5     1.5        2
DAYS >= .10         3               1.4     1.6        1
DAYS >= .50         1               0.3     0.7        0
DAYS >= 1.00        0               0.1    -0.1        0
GREATEST
 24 HR. TOTAL    0.84   12/14 TO 12/15              0.14  12/23


.................................................................



-  INDICATES NEGATIVE NUMBERS.
R  INDICATES RECORD WAS SET OR TIED.
MM INDICATES DATA IS MISSING.
T  INDICATES TRACE AMOUNT.

$$




U.S. Dept. of Commerce
NOAA National Weather Service
1325 East West Highway
Silver Spring, MD 20910
E-mail: w-nws.webmaster@noaa.gov
Page last modified: May 16, 2007
NATIONAL WEATHER SERVICE: for Safety, for Work, for Fun - FOR LIFE