847
CXUS53 KGLD 011911
CLMMCK

CLIMATE REPORT
NATIONAL WEATHER SERVICE GOODLAND
111 PM MDT WED OCT 1 2014

...................................

...THE MCCOOK CLIMATE SUMMARY FOR THE MONTH OF SEPTEMBER 2014...

CLIMATE NORMAL PERIOD 1981 TO 2010
CLIMATE RECORD PERIOD 1896 TO 2014

WEATHER         OBSERVED          NORMAL  DEPART  LAST YEAR`S
                 VALUE   DATE(S)  VALUE   FROM    VALUE  DATE(S)
                                          NORMAL
................................................................
TEMPERATURE (F)
RECORD
 HIGH             107   09/01/1929
 LOW               22   09/30/1912
HIGHEST            97   09/03        97       0      106  09/07
                                                          09/06
LOWEST             32   09/13        35      -3       40  09/29
AVG. MAXIMUM     79.1              79.4    -0.3     85.6
AVG. MINIMUM     51.8              49.3     2.5     56.7
MEAN             65.4              64.4     1.0     71.2
DAYS MAX >= 90      3               5.2    -2.2       10
DAYS MAX <= 32      0               0.0     0.0        0
DAYS MIN <= 32      1               0.6     0.4        0
DAYS MIN <= 0       0               0.0     0.0        0

PRECIPITATION (INCHES)
RECORD
 MAXIMUM         7.11   1973
 MINIMUM         0.06   1978
TOTALS           1.68              1.44    0.24     2.35
DAILY AVG.       0.06              0.05    0.01     0.08
DAYS >= .01         7               5.3     1.7        9
DAYS >= .10         4               3.1     0.9        5
DAYS >= .50         1               1.1    -0.1        1
DAYS >= 1.00        0               0.3    -0.3        1
GREATEST
 24 HR. TOTAL    0.63   09/11 TO 09/11              1.28
 STORM TOTAL       MM
 (MM/DD(HH))            MM

.................................................................

-  INDICATES NEGATIVE NUMBERS.
R  INDICATES RECORD WAS SET OR TIED.
MM INDICATES DATA IS MISSING.
T  INDICATES TRACE AMOUNT.

$$




U.S. Dept. of Commerce
NOAA National Weather Service
1325 East West Highway
Silver Spring, MD 20910
E-mail: w-nws.webmaster@noaa.gov
Page last modified: May 16, 2007
NATIONAL WEATHER SERVICE: for Safety, for Work, for Fun - FOR LIFE