652
CXUS53 KEAX 011602 CCA
CLMMCI

CLIMATE REPORT......CORRECTED
NATIONAL WEATHER SERVICE KANSAS CITY/PLEASANT HILL MO
125 AM CST THU JAN 1 2015

...................................

...THE KANSAS CITY INTERNATIONAL MO CLIMATE SUMMARY FOR THE MONTH
OF DECEMBER 2014...

CLIMATE NORMAL PERIOD 1981 TO 2010
CLIMATE RECORD PERIOD 1888 TO 2014

WEATHER         OBSERVED          NORMAL  DEPART  LAST YEAR`S
                 VALUE   DATE(S)  VALUE   FROM    VALUE  DATE(S)
                                          NORMAL
................................................................
TEMPERATURE (F)
RECORD
 HIGH              74   12/03/2012
                        12/05/2001
                        12/06/1939
 LOW              -23   12/23/1989
                        12/22/1989
HIGHEST            62   12/14        62       0       62  12/18
LOWEST              2   12/31         2       0       -2  12/24
AVG. MAXIMUM     40.6              40.3     0.3     38.6
AVG. MINIMUM     28.1              22.6     5.5     17.6
MEAN             34.3              31.5     2.8     28.1
DAYS MAX >= 90      0               0.0     0.0        0
DAYS MAX <= 32      7               7.7    -0.7       11
DAYS MIN <= 32     20              25.6    -5.6       27
DAYS MIN <= 0       0               1.6    -1.6        2

PRECIPITATION (INCHES)
RECORD
 MAXIMUM         5.42   1980
 MINIMUM         0.03   1996
                        2002
TOTALS           1.83              1.53    0.30     0.80
DAILY AVG.       0.06              0.05    0.01     0.03
DAYS >= .01         8               7.2     0.8        8
DAYS >= .10         4               3.2     0.8        2
DAYS >= .50         2               0.9     1.1        0
DAYS >= 1.00        0               0.3    -0.3        0
GREATEST
 24 HR. TOTAL    0.67   12/14 TO 12/15

SNOWFALL (INCHES)
RECORDS
 TOTAL           16.6   1961
                        0
                        0
TOTALS            2.6               4.8    -2.2      5.7
SINCE 7/1         3.1               6.2    -3.1      5.7
SNOWDEPTH AVG.      0                MM      MM        1
DAYS >= 1.0         1               1.5    -0.5        3
GREATEST
 SNOW DEPTH         3   12/19                          4  12/25
                                                          12/24
                                                          12/23
 24 HR TOTAL      2.6   MM

DEGREE_DAYS
HEATING TOTAL     943              1040     -97     1132
 SINCE 7/1       2064              2042      22     2197
COOLING TOTAL       0                 0       0        0
 SINCE 1/1       1263              1360     -97     1345
.................................................................

WIND (MPH)
AVERAGE WIND SPEED              9.7
HIGHEST WIND SPEED/DIRECTION    30/180    DATE  12/25
HIGHEST GUST SPEED/DIRECTION    38/300    DATE  12/16

SKY COVER
POSSIBLE SUNSHINE (PERCENT)   MM
AVERAGE SKY COVER           0.80
NUMBER OF DAYS FAIR            2
NUMBER OF DAYS PC             10
NUMBER OF DAYS CLOUDY         19

AVERAGE RH (PERCENT)     79

WEATHER CONDITIONS. NUMBER OF DAYS WITH
THUNDERSTORM              0     MIXED PRECIP               0
HEAVY RAIN                1     RAIN                       3
LIGHT RAIN               16     FREEZING RAIN              0
LT FREEZING RAIN          3     HAIL                       0
HEAVY SNOW                0     SNOW                       0
LIGHT SNOW                6     SLEET                      0
FOG                      20     FOG W/VIS <= 1/4 MILE      6
HAZE                      5

-  INDICATES NEGATIVE NUMBERS.
R  INDICATES RECORD WAS SET OR TIED.
MM INDICATES DATA IS MISSING.
T  INDICATES TRACE AMOUNT.

$$










U.S. Dept. of Commerce
NOAA National Weather Service
1325 East West Highway
Silver Spring, MD 20910
E-mail: w-nws.webmaster@noaa.gov
Page last modified: May 16, 2007
NATIONAL WEATHER SERVICE: for Safety, for Work, for Fun - FOR LIFE