424
CXUS53 KEAX 010647 CCA
CLMMCI

STLCLMWRK 000
TTAA00 KEAX 010636


CLIMATE REPORT...CORRECTED
NATIONAL WEATHER SERVICE KANSAS CITY/PLEASANT HILL MO
1236 AM CST MON DEC 1 2014

...................................

...THE KANSAS CITY INTERNATIONAL MO CLIMATE SUMMARY FOR THE MONTH OF
NOVEMBER 2014...

CLIMATE NORMAL PERIOD 1981 TO 2010
CLIMATE RECORD PERIOD 1888 TO 2014

WEATHER         OBSERVED          NORMAL  DEPART  LAST YEAR`S
                 VALUE   DATE(S)  VALUE   FROM    VALUE  DATE(S)
                                          NORMAL
................................................................
TEMPERATURE (F)
RECORD
 HIGH              83   11/01/1937
                        11/06/1915
 LOW                1   11/08/1991
                        11/28/1976
HIGHEST            69   11/10        73      -4       70  11/16
LOWEST              6   11/18        17     -11       11  11/24
AVG. MAXIMUM     47.7              53.2    -5.5     51.1
AVG. MINIMUM     27.2              34.1    -6.9     30.7
MEAN             37.5              43.6    -6.1     40.9
DAYS MAX >= 90      0               0.0     0.0        0
DAYS MAX <= 32      6               1.4     4.6        4
DAYS MIN <= 32     23              13.1     9.9       14
DAYS MIN <= 0       0               0.0     0.0        0

PRECIPITATION (INCHES)
RECORD
 MAXIMUM         9.52   1931
 MINIMUM            T   1989
TOTALS           0.68              2.15   -1.47     1.43
DAILY AVG.       0.02              0.07   -0.05     0.05
DAYS >= .01         8               7.3     0.7        5
DAYS >= .10         2               4.2    -2.2        4
DAYS >= .50         0               1.3    -1.3        1
DAYS >= 1.00        0               0.5    -0.5        0
GREATEST
 24 HR. TOTAL    0.38   11/23 TO 11/23

SNOWFALL (INCHES)
RECORDS
 TOTAL            9.1   1923
                        0
                        0
TOTALS            0.5               1.2    -0.7        T
SINCE 7/1         0.5               1.4    -0.9        T
SNOWDEPTH AVG.      0                MM      MM        0
DAYS >= 1.0         0               0.4    -0.4        0
GREATEST
 SNOW DEPTH         0   MM                             0  MM
 24 HR TOTAL      0.4   11/15 TO 11/16

DEGREE_DAYS
HEATING TOTAL     819               642     177      717
 SINCE 7/1       1121              1002     119     1065
COOLING TOTAL       0                 2      -2        0
 SINCE 1/1       1263              1360     -97     1345
.................................................................

WIND (MPH)
AVERAGE WIND SPEED              12.2
HIGHEST WIND SPEED/DIRECTION    32/190    DATE  11/02
HIGHEST GUST SPEED/DIRECTION    42/330    DATE  11/23

SKY COVER
POSSIBLE SUNSHINE (PERCENT)   MM
AVERAGE SKY COVER           0.50
NUMBER OF DAYS FAIR            8
NUMBER OF DAYS PC             15
NUMBER OF DAYS CLOUDY          7

AVERAGE RH (PERCENT)     64

WEATHER CONDITIONS. NUMBER OF DAYS WITH
THUNDERSTORM              0     MIXED PRECIP               0
HEAVY RAIN                0     RAIN                       1
LIGHT RAIN                5     FREEZING RAIN              0
LT FREEZING RAIN          0     HAIL                       0
HEAVY SNOW                0     SNOW                       0
LIGHT SNOW                5     SLEET                      0
FOG                       9     FOG W/VIS <= 1/4 MILE      1
HAZE                      9

-  INDICATES NEGATIVE NUMBERS.
R  INDICATES RECORD WAS SET OR TIED.
MM INDICATES DATA IS MISSING.
T  INDICATES TRACE AMOUNT.

$$










U.S. Dept. of Commerce
NOAA National Weather Service
1325 East West Highway
Silver Spring, MD 20910
E-mail: w-nws.webmaster@noaa.gov
Page last modified: May 16, 2007
NATIONAL WEATHER SERVICE: for Safety, for Work, for Fun - FOR LIFE