459
CXUS53 KEAX 010712
CLMMCI

STLCLMWRK 000
TTAA00 KEAX 010712


CLIMATE REPORT
NATIONAL WEATHER SERVICE KANSAS CITY/PLEASANT HILL MO
210 AM CDT TUE APR 1 2014

...................................

...THE KANSAS CITY INTERNATIONAL MO CLIMATE SUMMARY FOR THE MONTH OF MARCH 2014...

CLIMATE NORMAL PERIOD 1981 TO 2010
CLIMATE RECORD PERIOD 1888 TO 2014

WEATHER         OBSERVED          NORMAL  DEPART  LAST YEAR`S
                 VALUE   DATE(S)  VALUE   FROM    VALUE  DATE(S)
                                          NORMAL
................................................................
TEMPERATURE (F)
RECORD
 HIGH              91   03/21/1907
 LOW              -10   03/04/1978
HIGHEST            80   03/31        78       2       83  03/15
LOWEST             -7R  03/03        14     -21       20  03/26
AVG. MAXIMUM     53.1              55.1    -2.0     46.2
AVG. MINIMUM     27.1              33.4    -6.3     29.3
MEAN             40.1              44.2    -4.1     37.8
DAYS MAX >= 90      0               0.0     0.0        0
DAYS MAX <= 32      3               1.3     1.7        5
DAYS MIN <= 32     19              14.6     4.4       21
DAYS MIN <= 0       2               0.1     1.9        0

PRECIPITATION (INCHES)
RECORD
 MAXIMUM         9.08   1973
 MINIMUM         0.08   1910
                        1936
TOTALS           1.61              2.37   -0.76     1.95
DAILY AVG.       0.05              0.08   -0.03     0.06
DAYS >= .01        11               9.5     1.5       12
DAYS >= .10         5               5.3    -0.3        4
DAYS >= .50         1               1.7    -0.7        1
DAYS >= 1.00        0               0.3    -0.3        1
GREATEST
 24 HR. TOTAL    0.59   03/15 TO 03/15

SNOWFALL (INCHES)
RECORDS
 TOTAL           40.2   1912
                        0
                        0
TOTALS            3.4               2.0     1.4      6.0
SINCE 7/1        26.0              18.2     7.8     31.2
SNOWDEPTH AVG.      0                MM      MM        2
DAYS >= 1.0         2               0.6     1.4        2
GREATEST
 SNOW DEPTH         3   03/04                          9  03/03
                        03/03                             03/02
                        03/02                             03/01
 24 HR TOTAL      2.1   03/02

DEGREE_DAYS
HEATING TOTAL     765               646     119      836
 SINCE 7/1       5331              4691     640     4568
COOLING TOTAL       0                 3      -3        0
 SINCE 1/1          0                 3      -3        0
.................................................................

WIND (MPH)
AVERAGE WIND SPEED              12.8
HIGHEST WIND SPEED/DIRECTION    37/200    DATE  03/26
HIGHEST GUST SPEED/DIRECTION    49/210    DATE  03/26

SKY COVER
POSSIBLE SUNSHINE (PERCENT)   MM
AVERAGE SKY COVER           0.50
NUMBER OF DAYS FAIR            9
NUMBER OF DAYS PC             13
NUMBER OF DAYS CLOUDY          9

AVERAGE RH (PERCENT)     56

WEATHER CONDITIONS. NUMBER OF DAYS WITH
THUNDERSTORM              0     MIXED PRECIP               0
HEAVY RAIN                2     RAIN                       1
LIGHT RAIN                6     FREEZING RAIN              0
LT FREEZING RAIN          1     HAIL                       3
HEAVY SNOW                0     SNOW                       1
LIGHT SNOW                8     SLEET                      2
FOG                      12     FOG W/VIS <= 1/4 MILE      0
HAZE                     10

-  INDICATES NEGATIVE NUMBERS.
R  INDICATES RECORD WAS SET OR TIED.
MM INDICATES DATA IS MISSING.
T  INDICATES TRACE AMOUNT.

$$








U.S. Dept. of Commerce
NOAA National Weather Service
1325 East West Highway
Silver Spring, MD 20910
E-mail: w-nws.webmaster@noaa.gov
Page last modified: May 16, 2007
NATIONAL WEATHER SERVICE: for Safety, for Work, for Fun - FOR LIFE