581
CXAK59 PAMC 011525
CLMMCG

CLIMATE REPORT
NATIONAL WEATHER SERVICE MCGRATH, AK
725 AM AKDT TUE APR 1 2014

...................................

...THE MCGRATH AIRPORT CLIMATE SUMMARY FOR THE MONTH OF MARCH 2014...

CLIMATE NORMAL PERIOD 1981 TO 2010
CLIMATE RECORD PERIOD 1940 TO 2014

WEATHER         OBSERVED          NORMAL  DEPART  LAST YEAR`S
                 VALUE   DATE(S)  VALUE   FROM    VALUE  DATE(S)
                                          NORMAL
................................................................
TEMPERATURE (F)
RECORD
 HIGH              55   3/20/1998
 LOW              -51   3/17/1966
HIGHEST            44   3/13         43       1      47  3/08
LOWEST            -23               -28       5     -34  3/23
AVG. MAXIMUM       27.8              24.8     3.0    23.9
AVG. MINIMUM       -1.6              -1.6     0.0    -5.2
MEAN               13.1              11.6     1.5     9.3
DAYS MAX >= 90      0                 0.0     0.0     0
DAYS MAX <= 32     18                21.7    -3.7    25
DAYS MAX >= 80      0                 0.0     0.0     0
DAYS MAX >= 70      0                 0.0     0.0     0
DAYS MIN <= 32     31                30.7     0.3    31
DAYS MIN <= 0      16                17.1    -1.1    21

PRECIPITATION (INCHES)
RECORD
 MAXIMUM            2.74   1991
 MINIMUM            0.00   1960
TOTALS              0.04              0.81   -0.77    0.49
DAILY AVG.          0.00              0.02   -0.02    0.02
DAYS >= .01         2                 8.7    -6.7     5
DAYS >= .10         0                 2.6    -2.6     2
DAYS >= .50         0                 0.3    -0.3     0
DAYS >= 1.0         0                 0.0     0.0     0
GREATEST
 24 HR TOTAL        0.03   3/12                       0.19  3/22

SNOWFALL (INCHES)
RECORDS
 TOTAL             35.8   1990
 24 HR TOTAL       12.0   3-17-1982
 SNOW DEPTH        68     3-04-1990
TOTALS              0.4              11.3   -10.9     7.2
SINCE 7/1          46.4              90.3   -43.9    73.1
SNOWDEPTH AVG.     13                26     -12      33
DAYS >= TRACE       8                13.3    -5.3    12
DAYS >= 1.0         0                 3.5    -3.5     4
DAYS >= 6.0         0                 0.2    -0.2     0
GREATEST
 SNOW DEPTH        15   3/09                         41  3/04
 24 HR TOTAL      0.3   3/12                        2.6  3/22

DEGREE_DAYS
HEATING TOTAL    1600              1656     -56    1718
 SINCE 7/1      10404             11894   -1490   12250
COOLING TOTAL       0                 0       0       0
 SINCE 1/1          0                 0       0       0
................................................................

WIND (MPH)
AVERAGE WIND SPEED                3.8
HIGHEST WIND SPEED/DIRECTION     21/200    DATE   03/14
HIGHEST GUST SPEED/DIRECTION     26/200    DATE   03/14

WEATHER CONDITIONS. NUMBER OF DAYS WITH
THUNDERSTORM              0     ICE PELLETS                 0
RAIN                      0     GLAZE                       0
DRIZZLE                   0     HAIL                        0
SNOW                      8     HAZE                        0
FOG                       3     FOG W/VIS <= 1/4 MILE       0
BLOWING SNOW              0


-  INDICATES NEGATIVE NUMBERS.
R  INDICATES RECORD WAS SET OR TIED.
MM INDICATES DATA IS MISSING.
T  INDICATES TRACE AMOUNT.

&&

MCGRATH HAD A UNSEASONABLY WARMER MONTH WITH BELOW AVERAGE PRECIP AND SNOW FALL
FOR THE MONTH...MCGRATH HAD A NEW RECORD HIGH OF 44 DEGREES ON THE 13TH PASSING
THE OLD RECORD OF 40 FROM 2005...WITH ONLY 0.4 INCHES OF PRECIP/SNOW THIS WAS A
LESS THAN AVERAGE MONTH AND ONLY 8 TO 10 DAYS OF CLOUD COVER MADE THE MAJORITY
OF THE MONTH CLEAR WITH TEMPS IN THE LOW TO MID 30 WITH THE OCCASIONAL
40`S...THIS PATTERN LOOKS TO CONTINUE UNTIL THE FIRST OR SECOND WEEK OF APRIL

$$
JCD APR 14




U.S. Dept. of Commerce
NOAA National Weather Service
1325 East West Highway
Silver Spring, MD 20910
E-mail: w-nws.webmaster@noaa.gov
Page last modified: May 16, 2007
NATIONAL WEATHER SERVICE: for Safety, for Work, for Fun - FOR LIFE