819
CXUS56 KHNX 011140
CLMMCE


CLIMATE REPORT
NATIONAL WEATHER SERVICE SAN JOAQUIN VALLEY - HANFORD CA
440 AM PDT TUE JUL 1 2014

...................................

...THE MERCED CA AIRPORT CLIMATE SUMMARY FOR THE MONTH OF JUNE 2014...

CLIMATE NORMAL PERIOD 1981 TO 2010
CLIMATE RECORD PERIOD 1998 TO 2014

WEATHER         OBSERVED          NORMAL  DEPART  LAST YEAR`S
                 VALUE   DATE(S)  VALUE   FROM    VALUE  DATE(S)
                                          NORMAL
................................................................
TEMPERATURE (F)
RECORD
 HIGH             107   06/09/2014
                        06/29/2013
                        06/17/2012
                        06/22/2011
                        06/29/2009
 LOW               45   06/07/1999
HIGHEST           107R  06/09        MM      MM      107  06/29
LOWEST             51   06/17        MM      MM       52  06/13
                        06/01
AVG. MAXIMUM     94.1              89.5     4.6     92.5
AVG. MINIMUM     59.1              57.8     1.3     60.7
MEAN             76.6              73.7     2.9     76.6
DAYS MAX >= 90     24              14.8     9.2       21
DAYS MIN <= 32      0               0.0     0.0        0

PRECIPITATION (INCHES)
RECORD
 MAXIMUM         1.16   2011
TOTALS              T              0.13   -0.13     0.09
DAYS >= .01         0                MM      MM        2
DAYS >= .10         0                MM      MM        0
DAYS >= .50         0                MM      MM        0
DAYS >= 1.00        0                MM      MM        0
GREATEST
 24 HR. TOTAL       T   06/26 TO 06/26

SNOWFALL (INCHES)
RECORDS
 TOTAL             MM   MM
TOTALS            0.0                MM

DEGREE_DAYS
HEATING TOTAL       0                 3      -3        0
 SINCE 7/1       2132              2778    -646     2166
COOLING TOTAL     353               263      90      356
 SINCE 1/1        616               393     223      593
.................................................................

WIND (MPH)
AVERAGE WIND SPEED              7.9
HIGHEST WIND SPEED/DIRECTION    24/330    DATE  06/25
HIGHEST GUST SPEED/DIRECTION    27/330    DATE  06/25

AVERAGE RH (PERCENT)     40

WEATHER CONDITIONS. NUMBER OF DAYS WITH
THUNDERSTORM              0     RAIN                       1
HAIL                      0     FOG                        0
FOG W/VIS <= 1/4 MILE     0     HAZE                       0

-  INDICATES NEGATIVE NUMBERS.
R  INDICATES RECORD WAS SET OR TIED.
MM INDICATES DATA IS MISSING.
T  INDICATES TRACE AMOUNT.

$$

SANGER/OCHS

WEATHER.GOV/HANFORD




U.S. Dept. of Commerce
NOAA National Weather Service
1325 East West Highway
Silver Spring, MD 20910
E-mail: w-nws.webmaster@noaa.gov
Page last modified: May 16, 2007
NATIONAL WEATHER SERVICE: for Safety, for Work, for Fun - FOR LIFE