300
CXUS56 KHNX 031545
CLMMCE


CLIMATE REPORT
NATIONAL WEATHER SERVICE SAN JOAQUIN VALLEY - HANFORD CA
845 AM PDT THU APR 3 2014

...................................

...THE MERCED CA AIRPORT CLIMATE SUMMARY FOR THE MONTH OF MARCH 2014...

CLIMATE NORMAL PERIOD 1981 TO 2010
CLIMATE RECORD PERIOD 1998 TO 2014

WEATHER         OBSERVED          NORMAL  DEPART  LAST YEAR`S
                 VALUE   DATE(S)  VALUE   FROM    VALUE  DATE(S)
                                          NORMAL
................................................................
TEMPERATURE (F)
RECORD
 HIGH              85   03/16/2007
 LOW               27   03/10/2009
HIGHEST            83   03/24        MM      MM       83  03/30
                        03/16
LOWEST             41   03/14        MM      MM       37  03/24
                                                          03/10
                                                          03/09
AVG. MAXIMUM     72.3              65.4     6.9     72.8
AVG. MINIMUM     46.9              41.8     5.1     45.4
MEAN             59.6              53.6     6.0     59.1
DAYS MAX >= 90      0               0.0     0.0        0
DAYS MIN <= 32      0               0.2    -0.2        0

PRECIPITATION (INCHES)
RECORD
 MAXIMUM         4.11   2011
TOTALS           1.41              2.07   -0.66     0.74
DAYS >= .01         9                MM      MM        7
DAYS >= .10         4                MM      MM        3
DAYS >= .50         0                MM      MM        0
DAYS >= 1.00        0                MM      MM        0
GREATEST
 24 HR. TOTAL    0.49   03/29 TO 03/29

SNOWFALL (INCHES)
RECORDS
 TOTAL             MM   MM
TOTALS            0.0                MM

DEGREE_DAYS
HEATING TOTAL     159               354    -195      178
 SINCE 7/1       2028              2524    -496     2090
COOLING TOTAL       0                 0       0        5
 SINCE 1/1          0                 0       0        5
.................................................................

WIND (MPH)
AVERAGE WIND SPEED              6.0
HIGHEST WIND SPEED/DIRECTION    33/140    DATE  03/01
HIGHEST GUST SPEED/DIRECTION    40/140    DATE  03/01

AVERAGE RH (PERCENT)     61

WEATHER CONDITIONS. NUMBER OF DAYS WITH
THUNDERSTORM              0     RAIN                      10
HAIL                      0     FOG                       14
FOG W/VIS <= 1/4 MILE     0     HAZE                       7

-  INDICATES NEGATIVE NUMBERS.
R  INDICATES RECORD WAS SET OR TIED.
MM INDICATES DATA IS MISSING.
T  INDICATES TRACE AMOUNT.

$$

SANGER/OCHS

WEATHER.GOV/HANFORD





U.S. Dept. of Commerce
NOAA National Weather Service
1325 East West Highway
Silver Spring, MD 20910
E-mail: w-nws.webmaster@noaa.gov
Page last modified: May 16, 2007
NATIONAL WEATHER SERVICE: for Safety, for Work, for Fun - FOR LIFE