190
CXUS56 KHNX 011300
CLMMCE


CLIMATE REPORT
NATIONAL WEATHER SERVICE SAN JOAQUIN VALLEY - HANFORD CA
500 AM PST THU JAN 1 2015

...................................

...THE MERCED CA AIRPORT CLIMATE SUMMARY FOR THE MONTH OF DECEMBER 2014...

CLIMATE NORMAL PERIOD 1981 TO 2010
CLIMATE RECORD PERIOD 1998 TO 2014

WEATHER         OBSERVED          NORMAL  DEPART  LAST YEAR`S
                 VALUE   DATE(S)  VALUE   FROM    VALUE  DATE(S)
                                          NORMAL
................................................................
TEMPERATURE (F)
RECORD
 HIGH              74   12/20/1999
 LOW               18   12/23/1998
HIGHEST            71   12/06        MM      MM       67  12/02
                        12/01
LOWEST             31   12/29        MM      MM       22  12/09
AVG. MAXIMUM     59.8              53.4     6.4     57.3
AVG. MINIMUM     44.9              35.9     9.0     29.5
MEAN             52.4              44.6     7.8     43.4
DAYS MAX >= 90      0               0.0     0.0        0
DAYS MIN <= 32      2              10.0    -8.0       24

PRECIPITATION (INCHES)
RECORD
 MAXIMUM         3.69   2002
TOTALS           3.39              1.52    1.87     0.29
DAYS >= .01        13                MM      MM        2
DAYS >= .10         6                MM      MM        1
DAYS >= .50         3                MM      MM        0
DAYS >= 1.00        1                MM      MM        0
GREATEST
 24 HR. TOTAL    1.84   12/11 TO 12/12

SNOWFALL (INCHES)
RECORDS
 TOTAL             MM   MM
TOTALS            0.0                MM

DEGREE_DAYS
HEATING TOTAL     385               630    -245      663
 SINCE 7/1        670              1119    -449     1103
COOLING TOTAL       0                 0       0        0
 SINCE 1/1       2147              1408     739     1787
.................................................................

WIND (MPH)
AVERAGE WIND SPEED              5.9
HIGHEST WIND SPEED/DIRECTION    35/140    DATE  12/11
HIGHEST GUST SPEED/DIRECTION    46/150    DATE  12/11

AVERAGE RH (PERCENT)     78

WEATHER CONDITIONS. NUMBER OF DAYS WITH
THUNDERSTORM              0     RAIN                      16
HAIL                      0     FOG                       29
FOG W/VIS <= 1/4 MILE    13     HAZE                      23

-  INDICATES NEGATIVE NUMBERS.
R  INDICATES RECORD WAS SET OR TIED.
MM INDICATES DATA IS MISSING.
T  INDICATES TRACE AMOUNT.

$$

SANGER/OCHS

WEATHER.GOV/HANFORD




U.S. Dept. of Commerce
NOAA National Weather Service
1325 East West Highway
Silver Spring, MD 20910
E-mail: w-nws.webmaster@noaa.gov
Page last modified: May 16, 2007
NATIONAL WEATHER SERVICE: for Safety, for Work, for Fun - FOR LIFE