173
CXUS53 KABR 011428
CLMMBG


CLIMATE REPORT
NATIONAL WEATHER SERVICE ABERDEEN SD
917 AM CDT TUE APR 1 2014

...................................

...THE MOBRIDGE SD CLIMATE SUMMARY FOR THE MONTH OF MARCH 2014...

CLIMATE NORMAL PERIOD 1981 TO 2010
CLIMATE RECORD PERIOD 1911 TO 2014

WEATHER         OBSERVED          NORMAL  DEPART  LAST YEAR`S
                 VALUE   DATE(S)  VALUE   FROM    VALUE  DATE(S)
                                          NORMAL
................................................................
TEMPERATURE (F)
RECORD
 HIGH              84   03/27/1946
                        03/23/1939
 LOW              -22   03/10/1948
                        03/03/1916
HIGHEST            64   03/29        MM      MM       71  03/14
LOWEST            -16   03/02        MM      MM       -2  03/20
AVG. MAXIMUM     39.0              42.6    -3.6     37.3
AVG. MINIMUM     16.6              21.1    -4.5     14.3
MEAN             27.8              31.9    -4.1     25.8
DAYS MAX >= 90      0               0.0     0.0        0
DAYS MAX <= 32     10               6.5     3.5       14
DAYS MIN <= 32     30              27.4     2.6       31
DAYS MIN <= 0       3               1.9     1.1        1

PRECIPITATION (INCHES)
RECORD
 MAXIMUM         3.98   1966
 MINIMUM            T   1927
TOTALS           0.51              0.90   -0.39     0.38
DAYS >= .01        11                MM      MM        7
DAYS >= .10         2                MM      MM        1
DAYS >= .50         0                MM      MM        0
DAYS >= 1.00        0                MM      MM        0

SNOWFALL (INCHES)
RECORDS
 TOTAL             MM   MM
 SNOW DEPTH        MM   MM
TOTALS            9.4                MM      MM      4.7
SINCE 7/1        40.8                MM      MM     29.0
SNOWDEPTH AVG.      0                MM      MM        0
DAYS >= TRACE      12
DAYS >= 1.0         3
GREATEST
 SNOW DEPTH         3   03/06                          2  03/23
                        03/05

DEGREE_DAYS
HEATING TOTAL    1144              1027     117     1208
 SINCE 7/1       7684              7002     682     7024
COOLING TOTAL       0                 0       0        0
 SINCE 1/1          0                 0       0        0

FREEZE DATES
RECORD
 EARLIEST     MM
 LATEST       MM
EARLIEST      MM               MM
LATEST                          MM
.................................................................

WIND (MPH)
AVERAGE WIND SPEED              11.4
RESULTANT WIND SPEED/DIRECTION   3/019
HIGHEST WIND SPEED/DIRECTION    40/350    DATE  03/31
HIGHEST GUST SPEED/DIRECTION    49/350    DATE  03/31

SKY COVER
POSSIBLE SUNSHINE (PERCENT)   MM
AVERAGE SKY COVER           0.40
NUMBER OF DAYS FAIR           15
NUMBER OF DAYS PC             14
NUMBER OF DAYS CLOUDY          2

AVERAGE RH (PERCENT)     67

WEATHER CONDITIONS. NUMBER OF DAYS WITH
THUNDERSTORM              0     MIXED PRECIP               0
HEAVY RAIN                0     RAIN                       0
LIGHT RAIN                6     FREEZING RAIN              0
LT FREEZING RAIN          0     HAIL                       0
HEAVY SNOW                1     SNOW                       2
LIGHT SNOW               10     SLEET                      0
FOG                      11     FOG W/VIS <= 1/4 MILE      1
HAZE                      6

-  INDICATES NEGATIVE NUMBERS.
R  INDICATES RECORD WAS SET OR TIED.
MM INDICATES DATA IS MISSING.
T  INDICATES TRACE AMOUNT.

$$





U.S. Dept. of Commerce
NOAA National Weather Service
1325 East West Highway
Silver Spring, MD 20910
E-mail: w-nws.webmaster@noaa.gov
Page last modified: May 16, 2007
NATIONAL WEATHER SERVICE: for Safety, for Work, for Fun - FOR LIFE