492
CXUS54 KMAF 011358
CLMMAF


CLIMATE REPORT
NATIONAL WEATHER SERVICE MIDLAND/ODESSA TX
856 AM CDT WED OCT 1 2014

...................................

...THE MIDLAND CLIMATE SUMMARY FOR THE MONTH OF SEPTEMBER 2014...

CLIMATE NORMAL PERIOD 1981 TO 2010
CLIMATE RECORD PERIOD 1930 TO 2014

WEATHER         OBSERVED          NORMAL  DEPART  LAST YEAR`S
                 VALUE   DATE(S)  VALUE   FROM    VALUE  DATE(S)
                                          NORMAL
................................................................
TEMPERATURE (F)
RECORD
 HIGH             107   09/20/1953
 LOW               36   09/24/1989
HIGHEST           104   09/01        86      18       99  09/01
LOWEST             49   09/13        62     -13       50  09/29
AVG. MAXIMUM     83.9              86.9    -3.0     89.4
AVG. MINIMUM     66.0              62.0     4.0     65.7
MEAN             74.9              74.5     0.4     77.6
DAYS MAX >= 90      8              11.1    -3.1       18
DAYS MAX <= 32      0               0.0     0.0        0
DAYS MIN <= 32      0               0.0     0.0        0
DAYS MIN <= 0       0               0.0     0.0        0

PRECIPITATION (INCHES)
RECORD
 MAXIMUM         9.70   1980
 MINIMUM         0.00   2000
TOTALS           1.69              1.86   -0.17     0.27
DAILY AVG.       0.06              0.06    0.00     0.01
DAYS >= .01        12               5.4     6.6        4
DAYS >= .10         5               3.3     1.7        1
DAYS >= .50         1               1.4    -0.4        0
DAYS >= 1.00        0               0.5    -0.5        0
GREATEST
 24 HR. TOTAL    0.55   09/18 TO 09/19              0.17

DEGREE_DAYS
HEATING TOTAL      14                11       3        0
 SINCE 7/1         14                11       3        0
COOLING TOTAL     320               295      25      384
 SINCE 1/1       2517              2179     338     2559
.................................................................

WIND (MPH)
AVERAGE WIND SPEED              10.8
HIGHEST WIND SPEED/DIRECTION    36/160    DATE  09/04
HIGHEST GUST SPEED/DIRECTION    45/170    DATE  09/04

SKY COVER
POSSIBLE SUNSHINE (PERCENT)   MM
AVERAGE SKY COVER           0.40
NUMBER OF DAYS FAIR           16
NUMBER OF DAYS PC              6
NUMBER OF DAYS CLOUDY          8

AVERAGE RH (PERCENT)     69

WEATHER CONDITIONS. NUMBER OF DAYS WITH
THUNDERSTORM              0     MIXED PRECIP               0
HEAVY RAIN                1     RAIN                       5
LIGHT RAIN               14     FREEZING RAIN              0
LT FREEZING RAIN          0     HAIL                       0
HEAVY SNOW                0     SNOW                       0
LIGHT SNOW                0     SLEET                      0
FOG                      18     FOG W/VIS <= 1/4 MILE      2
HAZE                      9

-  INDICATES NEGATIVE NUMBERS.
R  INDICATES RECORD WAS SET OR TIED.
MM INDICATES DATA IS MISSING.
T  INDICATES TRACE AMOUNT.

$$




U.S. Dept. of Commerce
NOAA National Weather Service
1325 East West Highway
Silver Spring, MD 20910
E-mail: w-nws.webmaster@noaa.gov
Page last modified: May 16, 2007
NATIONAL WEATHER SERVICE: for Safety, for Work, for Fun - FOR LIFE