080
CXUS54 KMAF 011212
CLMMAF


CLIMATE REPORT
NATIONAL WEATHER SERVICE MIDLAND/ODESSA TX
711 AM CDT MON SEP 1 2014

...................................

...THE MIDLAND CLIMATE SUMMARY FOR THE MONTH OF AUGUST 2014...

CLIMATE NORMAL PERIOD 1981 TO 2010
CLIMATE RECORD PERIOD 1930 TO 2014

WEATHER         OBSERVED          NORMAL  DEPART  LAST YEAR`S
                 VALUE   DATE(S)  VALUE   FROM    VALUE  DATE(S)
                                          NORMAL
................................................................
TEMPERATURE (F)
RECORD
 HIGH             107   08/06/1964
                        08/12/1936
 LOW               57   08/26/2010
HIGHEST           103   08/07        93      10      106  08/06
LOWEST             67   08/04        68      -1       67  08/29
AVG. MAXIMUM     95.8              93.6     2.2     96.4
AVG. MINIMUM     72.1              68.8     3.3     72.1
MEAN             83.9              81.2     2.7     84.2
DAYS MAX >= 90     29              24.1     4.9       30
DAYS MAX <= 32      0               0.0     0.0        0
DAYS MIN <= 32      0               0.0     0.0        0
DAYS MIN <= 0       0               0.0     0.0        0

PRECIPITATION (INCHES)
RECORD
 MAXIMUM         5.92   2006
 MINIMUM         0.00   1936
TOTALS           0.77              1.84   -1.07     1.18
DAILY AVG.       0.02              0.06   -0.04     0.04
DAYS >= .01         4               5.7    -1.7        3
DAYS >= .10         2               3.2    -1.2        1
DAYS >= .50         0               1.2    -1.2        1
DAYS >= 1.00        0               0.5    -0.5        1
GREATEST
 24 HR. TOTAL    0.45   08/19 TO 08/20              1.15
                        08/20 TO 08/20
                        08/20 TO 08/21

DEGREE_DAYS
COOLING TOTAL     595               502      93      605
 SINCE 1/1       2197              1884     313     2175
.................................................................

WIND (MPH)
AVERAGE WIND SPEED              9.9
HIGHEST WIND SPEED/DIRECTION    36/230    DATE  08/21
HIGHEST GUST SPEED/DIRECTION    46/230    DATE  08/21

SKY COVER
POSSIBLE SUNSHINE (PERCENT)   MM
AVERAGE SKY COVER           0.10
NUMBER OF DAYS FAIR           29
NUMBER OF DAYS PC              2
NUMBER OF DAYS CLOUDY          0

AVERAGE RH (PERCENT)     47

WEATHER CONDITIONS. NUMBER OF DAYS WITH
THUNDERSTORM              0     MIXED PRECIP               0
HEAVY RAIN                2     RAIN                       2
LIGHT RAIN                7     FREEZING RAIN              0
LT FREEZING RAIN          0     HAIL                       0
HEAVY SNOW                0     SNOW                       0
LIGHT SNOW                0     SLEET                      0
FOG                       0     FOG W/VIS <= 1/4 MILE      0
HAZE                      7

-  INDICATES NEGATIVE NUMBERS.
R  INDICATES RECORD WAS SET OR TIED.
MM INDICATES DATA IS MISSING.
T  INDICATES TRACE AMOUNT.

$$




U.S. Dept. of Commerce
NOAA National Weather Service
1325 East West Highway
Silver Spring, MD 20910
E-mail: w-nws.webmaster@noaa.gov
Page last modified: May 16, 2007
NATIONAL WEATHER SERVICE: for Safety, for Work, for Fun - FOR LIFE