614
CXUS54 KMAF 011143
CLMMAF


CLIMATE REPORT
NATIONAL WEATHER SERVICE MIDLAND/ODESSA TX
643 AM CDT SAT NOV 1 2014

...................................

...THE MIDLAND CLIMATE SUMMARY FOR THE MONTH OF OCTOBER 2014...

CLIMATE NORMAL PERIOD 1981 TO 2010
CLIMATE RECORD PERIOD 1930 TO 2014

WEATHER         OBSERVED          NORMAL  DEPART  LAST YEAR`S
                 VALUE   DATE(S)  VALUE   FROM    VALUE  DATE(S)
                                          NORMAL
................................................................
TEMPERATURE (F)
RECORD
 HIGH             100   10/08/1979
 LOW               24   10/30/1993
HIGHEST            93   10/08        77      16       96  10/01
LOWEST             44   10/14        51      -7       38  10/19
AVG. MAXIMUM     83.2              77.9     5.3     79.0
AVG. MINIMUM     55.7              51.8     3.9     53.5
MEAN             69.5              64.8     4.7     66.3
DAYS MAX >= 90      8               2.1     5.9        4
DAYS MAX <= 32      0               0.0     0.0        0
DAYS MIN <= 32      0               0.3    -0.3        0
DAYS MIN <= 0       0               0.0     0.0        0

PRECIPITATION (INCHES)
RECORD
 MAXIMUM         7.45   1986
 MINIMUM         0.00   1952
TOTALS              T              1.73   -1.73     1.66
DAILY AVG.          T              0.06   -0.06     0.05
DAYS >= .01         0               4.9    -4.9        2
DAYS >= .10         0               2.7    -2.7        2
DAYS >= .50         0               1.1    -1.1        1
DAYS >= 1.00        0               0.5    -0.5        1
GREATEST
 24 HR. TOTAL       T   10/22 TO 10/22              1.42

SNOWFALL (INCHES)
RECORDS
 TOTAL            0.6   1993
                        2001
TOTALS            0.0                 T     0.0      0.0
SINCE 7/1         0.0                 T     0.0      0.0
SNOWDEPTH AVG.      0                MM      MM        0
DAYS >= 1.0         0               0.0     0.0        0
GREATEST
 SNOW DEPTH         0   MM                             0  MM
 24 HR TOTAL      0.0   10/31 TO 10/31               0.0

DEGREE_DAYS
HEATING TOTAL      24                98     -74       79
 SINCE 7/1         38               109     -71       79
COOLING TOTAL     170                93      77      125
 SINCE 1/1       2687              2272     415     2684
.................................................................

WIND (MPH)
AVERAGE WIND SPEED              9.7
HIGHEST WIND SPEED/DIRECTION    35/350    DATE  10/13
HIGHEST GUST SPEED/DIRECTION    45/340    DATE  10/13

SKY COVER
POSSIBLE SUNSHINE (PERCENT)   MM
AVERAGE SKY COVER           0.10
NUMBER OF DAYS FAIR           28
NUMBER OF DAYS PC              2
NUMBER OF DAYS CLOUDY          1

AVERAGE RH (PERCENT)     52

WEATHER CONDITIONS. NUMBER OF DAYS WITH
THUNDERSTORM              0     MIXED PRECIP               0
HEAVY RAIN                0     RAIN                       0
LIGHT RAIN                0     FREEZING RAIN              0
LT FREEZING RAIN          0     HAIL                       0
HEAVY SNOW                0     SNOW                       0
LIGHT SNOW                0     SLEET                      0
FOG                       6     FOG W/VIS <= 1/4 MILE      2
HAZE                     12

-  INDICATES NEGATIVE NUMBERS.
R  INDICATES RECORD WAS SET OR TIED.
MM INDICATES DATA IS MISSING.
T  INDICATES TRACE AMOUNT.

$$





U.S. Dept. of Commerce
NOAA National Weather Service
1325 East West Highway
Silver Spring, MD 20910
E-mail: w-nws.webmaster@noaa.gov
Page last modified: May 16, 2007
NATIONAL WEATHER SERVICE: for Safety, for Work, for Fun - FOR LIFE