365
CXUS54 KMAF 011330
CLMMAF


CLIMATE REPORT
NATIONAL WEATHER SERVICE MIDLAND/ODESSA TX
728 AM CST MON DEC 1 2014

...................................

...THE MIDLAND CLIMATE SUMMARY FOR THE MONTH OF NOVEMBER 2014...

CLIMATE NORMAL PERIOD 1981 TO 2010
CLIMATE RECORD PERIOD 1930 TO 2014

WEATHER         OBSERVED          NORMAL  DEPART  LAST YEAR`S
                 VALUE   DATE(S)  VALUE   FROM    VALUE  DATE(S)
                                          NORMAL
................................................................
TEMPERATURE (F)
RECORD
 HIGH              90   11/20/1996
 LOW               10   11/24/1938
HIGHEST            82   11/10        66      16       81  11/16
LOWEST             22   11/17        39     -17       27  11/13
AVG. MAXIMUM     63.4              66.6    -3.2     63.0
AVG. MINIMUM     39.1              39.2    -0.1     39.3
MEAN             51.2              52.9    -1.7     51.1
DAYS MAX >= 90      0               0.0     0.0        0
DAYS MAX <= 32      1               0.1     0.9        2
DAYS MIN <= 32      8               6.4     1.6        9
DAYS MIN <= 0       0               0.0     0.0        0

PRECIPITATION (INCHES)
RECORD
 MAXIMUM         5.42   2004
 MINIMUM         0.00   2010
                        1999
                        1950
TOTALS           1.02              0.69    0.33     0.57
DAILY AVG.       0.03              0.02    0.01     0.02
DAYS >= .01         3               3.0     0.0        3
DAYS >= .10         2               1.5     0.5        1
DAYS >= .50         1               0.4     0.6        0
DAYS >= 1.00        0               0.2    -0.2        0
GREATEST
 24 HR. TOTAL    0.96   11/04 TO 11/05              0.51

SNOWFALL (INCHES)
RECORDS
 TOTAL            8.0   2001
TOTALS              T               0.5    -0.5      0.1
SINCE 7/1           T               0.5    -0.5      0.1
SNOWDEPTH AVG.      0                MM      MM        0
DAYS >= 1.0         0               0.2    -0.2        0
GREATEST
 SNOW DEPTH         T   11/17                          0  MM
 24 HR TOTAL        T   11/16 TO 11/16               0.1

DEGREE_DAYS
HEATING TOTAL     410               370      40      418
 SINCE 7/1        448               479     -31      497
.................................................................

WIND (MPH)
AVERAGE WIND SPEED              11.4
HIGHEST WIND SPEED/DIRECTION    36/010    DATE  11/23
HIGHEST GUST SPEED/DIRECTION    45/360    DATE  11/23

SKY COVER
POSSIBLE SUNSHINE (PERCENT)   MM
AVERAGE SKY COVER           0.20
NUMBER OF DAYS FAIR           22
NUMBER OF DAYS PC              5
NUMBER OF DAYS CLOUDY          3

AVERAGE RH (PERCENT)     56

WEATHER CONDITIONS. NUMBER OF DAYS WITH
THUNDERSTORM              0     MIXED PRECIP               0
HEAVY RAIN                1     RAIN                       1
LIGHT RAIN                2     FREEZING RAIN              0
LT FREEZING RAIN          0     HAIL                       0
HEAVY SNOW                0     SNOW                       0
LIGHT SNOW                1     SLEET                      0
FOG                       6     FOG W/VIS <= 1/4 MILE      1
HAZE                      4

-  INDICATES NEGATIVE NUMBERS.
R  INDICATES RECORD WAS SET OR TIED.
MM INDICATES DATA IS MISSING.
T  INDICATES TRACE AMOUNT.

$$





U.S. Dept. of Commerce
NOAA National Weather Service
1325 East West Highway
Silver Spring, MD 20910
E-mail: w-nws.webmaster@noaa.gov
Page last modified: May 16, 2007
NATIONAL WEATHER SERVICE: for Safety, for Work, for Fun - FOR LIFE