157
CXUS54 KMAF 011244
CLMMAF


CLIMATE REPORT
NATIONAL WEATHER SERVICE MIDLAND/ODESSA TX
644 AM CST SUN FEB 1 2015

...................................

...THE MIDLAND CLIMATE SUMMARY FOR THE MONTH OF JANUARY 2015...

CLIMATE NORMAL PERIOD 1981 TO 2010
CLIMATE RECORD PERIOD 1930 TO 2015

WEATHER         OBSERVED          NORMAL  DEPART  LAST YEAR`S
                 VALUE   DATE(S)  VALUE   FROM    VALUE  DATE(S)
                                          NORMAL
................................................................
TEMPERATURE (F)
RECORD
 HIGH              84   01/21/1974
                        01/17/1974
 LOW               -8   01/11/1962
HIGHEST            79   01/28        57      22       79  01/30
LOWEST             20   01/08        30     -10       14  01/24
                                                          01/06
AVG. MAXIMUM     52.3              57.4    -5.1     59.8
AVG. MINIMUM     31.1              30.3     0.8     29.4
MEAN             41.7              43.9    -2.2     44.6
DAYS MAX >= 90      0               0.0     0.0        0
DAYS MAX <= 32      3               0.9     2.1        1
DAYS MIN <= 32     18              18.3    -0.3       20
DAYS MIN <= 0       0               0.0     0.0        0

PRECIPITATION (INCHES)
RECORD
 MAXIMUM         4.99   1939
 MINIMUM         0.00   2014
                        1967
TOTALS           2.43              0.56    1.87     0.00
DAILY AVG.       0.08              0.02    0.06     0.00
DAYS >= .01         8               3.6     4.4        0
DAYS >= .10         3               1.4     1.6        0
DAYS >= .50         2               0.2     1.8        0
DAYS >= 1.00        1               0.0     1.0        0
GREATEST
 24 HR. TOTAL    1.45   01/02 TO 01/02              0.00

SNOWFALL (INCHES)
RECORDS
 TOTAL           10.6   2012
TOTALS            2.4               2.0     0.4      0.0
SINCE 7/1         2.5               4.0    -1.5      0.1
SNOWDEPTH AVG.      0                MM      MM        0
DAYS >= 1.0         1               0.8     0.2        0
GREATEST
 SNOW DEPTH         2   01/23                          0  MM
 24 HR TOTAL      1.9   MM                           0.0

DEGREE_DAYS
HEATING TOTAL     713               656      57      624
 SINCE 7/1       1646              1772    -126     1786
.................................................................

WIND (MPH)
AVERAGE WIND SPEED              9.6
HIGHEST WIND SPEED/DIRECTION    32/040    DATE  01/07
HIGHEST GUST SPEED/DIRECTION    40/040    DATE  01/07

SKY COVER
POSSIBLE SUNSHINE (PERCENT)   MM
AVERAGE SKY COVER           0.40
NUMBER OF DAYS FAIR           16
NUMBER OF DAYS PC              7
NUMBER OF DAYS CLOUDY          8

AVERAGE RH (PERCENT)     68

WEATHER CONDITIONS. NUMBER OF DAYS WITH
THUNDERSTORM              0     MIXED PRECIP               0
HEAVY RAIN                0     RAIN                       2
LIGHT RAIN                3     FREEZING RAIN              1
LT FREEZING RAIN          4     HAIL                       0
HEAVY SNOW                0     SNOW                       1
LIGHT SNOW                4     SLEET                      1
FOG                      14     FOG W/VIS <= 1/4 MILE      3
HAZE                      4

-  INDICATES NEGATIVE NUMBERS.
R  INDICATES RECORD WAS SET OR TIED.
MM INDICATES DATA IS MISSING.
T  INDICATES TRACE AMOUNT.

$$





U.S. Dept. of Commerce
NOAA National Weather Service
1325 East West Highway
Silver Spring, MD 20910
E-mail: w-nws.webmaster@noaa.gov
Page last modified: May 16, 2007
NATIONAL WEATHER SERVICE: for Safety, for Work, for Fun - FOR LIFE