746
CXUS54 KMAF 011627
CLMMAF


CLIMATE REPORT
NATIONAL WEATHER SERVICE MIDLAND/ODESSA TX
1107 AM CDT FRI AUG 1 2014

...................................

...THE MIDLAND CLIMATE SUMMARY FOR THE MONTH OF JULY 2014...

CLIMATE NORMAL PERIOD 1981 TO 2010
CLIMATE RECORD PERIOD 1930 TO 2014

WEATHER         OBSERVED          NORMAL  DEPART  LAST YEAR`S
                 VALUE   DATE(S)  VALUE   FROM    VALUE  DATE(S)
                                          NORMAL
................................................................
TEMPERATURE (F)
RECORD
 HIGH             112   07/02/1989
 LOW               49   07/13/1936
HIGHEST           102   07/30        94       8      102  07/30
LOWEST             67   07/18        69      -2       62  07/15
                                                          07/03
AVG. MAXIMUM     95.1              94.6     0.5     92.4
AVG. MINIMUM     71.7              69.7     2.0     70.5
MEAN             83.4              82.1     1.3     81.5
DAYS MAX >= 90     26              25.6     0.4       24
DAYS MAX <= 32      0               0.0     0.0        0
DAYS MIN <= 32      0               0.0     0.0        0
DAYS MIN <= 0       0               0.0     0.0        0

PRECIPITATION (INCHES)
RECORD
 MAXIMUM         8.50   1991
 MINIMUM         0.00   1946
TOTALS           0.33              1.82   -1.49     0.98
DAILY AVG.       0.01              0.06   -0.05     0.03
DAYS >= .01         2               4.9    -2.9        5
DAYS >= .10         1               2.9    -1.9        4
DAYS >= .50         0               1.3    -1.3        1
DAYS >= 1.00        0               0.4    -0.4        0
GREATEST
 24 HR. TOTAL    0.28   07/17 TO 07/17              0.50

DEGREE_DAYS
COOLING TOTAL     578               532      46      519
 SINCE 1/1       1602              1382     220     1571
.................................................................

WIND (MPH)
AVERAGE WIND SPEED              11.7
HIGHEST WIND SPEED/DIRECTION    38/330    DATE  07/30
HIGHEST GUST SPEED/DIRECTION    49/330    DATE  07/30

SKY COVER
POSSIBLE SUNSHINE (PERCENT)   MM
AVERAGE SKY COVER           0.10
NUMBER OF DAYS FAIR           28
NUMBER OF DAYS PC              3
NUMBER OF DAYS CLOUDY          0

AVERAGE RH (PERCENT)     51

WEATHER CONDITIONS. NUMBER OF DAYS WITH
THUNDERSTORM              0     MIXED PRECIP               0
HEAVY RAIN                0     RAIN                       0
LIGHT RAIN                2     FREEZING RAIN              0
LT FREEZING RAIN          0     HAIL                       0
HEAVY SNOW                0     SNOW                       0
LIGHT SNOW                0     SLEET                      0
FOG                       1     FOG W/VIS <= 1/4 MILE      0
HAZE                      8

-  INDICATES NEGATIVE NUMBERS.
R  INDICATES RECORD WAS SET OR TIED.
MM INDICATES DATA IS MISSING.
T  INDICATES TRACE AMOUNT.

$$





U.S. Dept. of Commerce
NOAA National Weather Service
1325 East West Highway
Silver Spring, MD 20910
E-mail: w-nws.webmaster@noaa.gov
Page last modified: May 16, 2007
NATIONAL WEATHER SERVICE: for Safety, for Work, for Fun - FOR LIFE