769
CXUS56 KHNX 012326
CLMMAE


CLIMATE REPORT
NATIONAL WEATHER SERVICE SAN JOAQUIN VALLEY - HANFORD CA
425 PM PDT WED OCT 1 2014

...................................

...THE MADERA CA AIRPORT CLIMATE SUMMARY FOR THE MONTH OF SEPTEMBER 2014...

CLIMATE NORMAL PERIOD 1981 TO 2010
CLIMATE RECORD PERIOD 1998 TO 2014

WEATHER         OBSERVED          NORMAL  DEPART  LAST YEAR`S
                 VALUE   DATE(S)  VALUE   FROM    VALUE  DATE(S)
                                          NORMAL
................................................................
TEMPERATURE (F)
RECORD
 HIGH             109   09/03/1998
 LOW               43   09/27/2013
HIGHEST           102   09/14        MM      MM       99  09/09
                        09/13
                        09/12
                        09/11
LOWEST             52   09/29        MM      MM       43  09/27
AVG. MAXIMUM     92.7              89.6     3.1     88.4
AVG. MINIMUM     59.6              55.8     3.8     57.1
MEAN             76.2              72.7     3.5     72.6
DAYS MAX >= 90     21              15.7     5.3       15
DAYS MIN <= 32      0               0.0     0.0        0

PRECIPITATION (INCHES)
RECORD
 MAXIMUM         0.27   2013
TOTALS           0.03              0.25   -0.22     0.27
DAYS >= .01         1                MM      MM        2
DAYS >= .10         0                MM      MM        1
DAYS >= .50         0                MM      MM        0
DAYS >= 1.00        0                MM      MM        0
GREATEST
 24 HR. TOTAL    0.03   09/28 TO 09/28

SNOWFALL (INCHES)
RECORDS
 TOTAL             MM   MM
TOTALS            0.0                MM

DEGREE_DAYS
HEATING TOTAL       0                 7      -7        9
 SINCE 7/1          0                 7      -7        9
COOLING TOTAL     344               238     106      237
 SINCE 1/1       2830              1462    1368     1679
.................................................................

WIND (MPH)
AVERAGE WIND SPEED              5.9
HIGHEST WIND SPEED/DIRECTION    21/330    DATE  09/25
HIGHEST GUST SPEED/DIRECTION    26/090    DATE  09/01

AVERAGE RH (PERCENT)     49

WEATHER CONDITIONS. NUMBER OF DAYS WITH
THUNDERSTORM              0     RAIN                       2
HAIL                      0     FOG                        4
FOG W/VIS <= 1/4 MILE     0     HAZE                      18

-  INDICATES NEGATIVE NUMBERS.
R  INDICATES RECORD WAS SET OR TIED.
MM INDICATES DATA IS MISSING.
T  INDICATES TRACE AMOUNT.

$$

SANGER/OCHS

WEATHER.GOV/HANFORD






U.S. Dept. of Commerce
NOAA National Weather Service
1325 East West Highway
Silver Spring, MD 20910
E-mail: w-nws.webmaster@noaa.gov
Page last modified: May 16, 2007
NATIONAL WEATHER SERVICE: for Safety, for Work, for Fun - FOR LIFE