301
CXUS56 KHNX 031545
CLMMAE


CLIMATE REPORT
NATIONAL WEATHER SERVICE SAN JOAQUIN VALLEY - HANFORD CA
845 AM PDT THU APR 3 2014

...................................

...THE MADERA CA AIRPORT CLIMATE SUMMARY FOR THE MONTH OF MARCH 2014...

CLIMATE NORMAL PERIOD 1981 TO 2010
CLIMATE RECORD PERIOD 1998 TO 2014

WEATHER         OBSERVED          NORMAL  DEPART  LAST YEAR`S
                 VALUE   DATE(S)  VALUE   FROM    VALUE  DATE(S)
                                          NORMAL
................................................................
TEMPERATURE (F)
RECORD
 HIGH              88   03/16/2007
 LOW               29   03/10/2009
HIGHEST            82   03/16        MM      MM       83  03/30
LOWEST             37   03/13        MM      MM       33  03/23
AVG. MAXIMUM     72.3              66.3     6.0     72.6
AVG. MINIMUM     45.0              42.1     2.9     44.2
MEAN             58.6              54.2     4.4     58.4
DAYS MAX >= 90      0               0.0     0.0        0
DAYS MIN <= 32      0               0.3    -0.3        0

PRECIPITATION (INCHES)
RECORD
 MAXIMUM         4.26   2006
TOTALS           0.66              1.80   -1.14     0.75
DAYS >= .01         9                MM      MM        6
DAYS >= .10         2                MM      MM        2
DAYS >= .50         0                MM      MM        0
DAYS >= 1.00        0                MM      MM        0
GREATEST
 24 HR. TOTAL    0.36   03/29 TO 03/29

SNOWFALL (INCHES)
RECORDS
 TOTAL             MM   MM
TOTALS            0.0                MM

DEGREE_DAYS
HEATING TOTAL     190               336    -146      198
 SINCE 7/1       2017              2418    -401     2201
COOLING TOTAL       0                 1      -1        2
 SINCE 1/1          0                 1      -1        2
.................................................................

WIND (MPH)
AVERAGE WIND SPEED              6.1
HIGHEST WIND SPEED/DIRECTION    31/330    DATE  03/29
HIGHEST GUST SPEED/DIRECTION    37/330    DATE  03/29

AVERAGE RH (PERCENT)     62

WEATHER CONDITIONS. NUMBER OF DAYS WITH
THUNDERSTORM              0     RAIN                      10
HAIL                      0     FOG                       13
FOG W/VIS <= 1/4 MILE     2     HAZE                       5

-  INDICATES NEGATIVE NUMBERS.
R  INDICATES RECORD WAS SET OR TIED.
MM INDICATES DATA IS MISSING.
T  INDICATES TRACE AMOUNT.

$$

SANGER/OCHS

WEATHER.GOV/HANFORD






U.S. Dept. of Commerce
NOAA National Weather Service
1325 East West Highway
Silver Spring, MD 20910
E-mail: w-nws.webmaster@noaa.gov
Page last modified: May 16, 2007
NATIONAL WEATHER SERVICE: for Safety, for Work, for Fun - FOR LIFE