808
CXUS54 KLZK 011837
CLMLZK


CLIMATE REPORT
NATIONAL WEATHER SERVICE LITTLE ROCK AR
1231 PM CST MON DEC 1 2014

...................................

...THE NORTH LITTLE ROCK CLIMATE SUMMARY FOR THE MONTH OF NOVEMBER 2014...

CLIMATE NORMAL PERIOD 1981 TO 2010
CLIMATE RECORD PERIOD 1975 TO 2014

WEATHER         OBSERVED          NORMAL  DEPART  LAST YEAR`S
                 VALUE   DATE(S)  VALUE   FROM    VALUE  DATE(S)
                                          NORMAL
................................................................
TEMPERATURE (F)
RECORD
 HIGH              84   11/01/2003
 LOW               14   11/29/1976
HIGHEST            73   11/30        62      11       83  11/17
                        11/29
LOWEST             20   11/18        43     -23       23  11/24
AVG. MAXIMUM     55.9              61.7    -5.8     58.1
AVG. MINIMUM     38.1              43.9    -5.8     39.8
MEAN             47.0              52.8    -5.8     49.0
DAYS MAX >= 90      0               0.0     0.0        0
DAYS MAX <= 32      0               0.0     0.0        0
DAYS MIN <= 32     10               3.0     7.0       10
DAYS MIN <= 0       0               0.0     0.0        0

PRECIPITATION (INCHES)
RECORD
 MAXIMUM        14.82   1988
 MINIMUM         0.50   1999
TOTALS           2.04              5.39   -3.35     4.04
DAILY AVG.       0.07              0.18   -0.11     0.13
DAYS >= .01         8               8.8    -0.8       11
DAYS >= .10         5                                  6
DAYS >= .50         2                                  3
DAYS >= 1.00        0               1.9    -1.9        1
GREATEST
 24 HR. TOTAL    1.00   11/04 TO 11/05

SNOWFALL (INCHES)
RECORDS
 TOTAL            4.0   1980
                        1976
 24 HR TOTAL      4.0   11/26/1980 TO 11/26/1980
                        11/14/1976 TO 11/14/1976
 SNOW DEPTH         4   11/27/1980
TOTALS            0.6                 T     0.6      0.0
 LIQUID EQUIV    0.06              0.00    0.06     0.00
SINCE 7/1         0.6                 T     0.6      0.0
 LIQUID 7/1      0.06              0.00    0.06     0.00
SNOWDEPTH AVG.      0
DAYS >= TRACE       4               0.0     4.0        0
DAYS >= 1.0         0                                  0
GREATEST
 SNOW DEPTH         0   MM
 24 HR TOTAL      0.4   11/12 TO 11/13

DEGREE_DAYS
HEATING TOTAL     534               377     157      482
 SINCE 7/1        615               512     103      606
COOLING TOTAL       3                11      -8        8
 SINCE 1/1       1934              2169    -235     2118

FREEZE DATES
RECORD
 EARLIEST     10/20/1989
 LATEST       04/19/1983
EARLIEST      11/12             11/13
LATEST                          03/19
.................................................

WIND (MPH)
AVERAGE WIND SPEED              7.4
HIGHEST WIND SPEED/DIRECTION    16/220    DATE  11/30
HIGHEST GUST SPEED/DIRECTION    32/220    DATE  11/30

SKY COVER
POSSIBLE SUNSHINE (PERCENT)   MM
AVERAGE SKY COVER             MM
NUMBER OF DAYS FAIR          MM
NUMBER OF DAYS PC            MM
NUMBER OF DAYS CLOUDY        MM

AVERAGE RH (PERCENT)     MM

WEATHER CONDITIONS. NUMBER OF DAYS WITH
THUNDERSTORM              0     MIXED PRECIP               0
HEAVY RAIN                0     RAIN                       0
LIGHT RAIN                7     FREEZING RAIN              0
LT FREEZING RAIN          0     HAIL                       0
HEAVY SNOW                0     SNOW                       1
LIGHT SNOW                4     SLEET                      2
FOG                       0     FOG W/VIS <= 1/4 MILE      0
HAZE                      0

-  INDICATES NEGATIVE NUMBERS.
R  INDICATES RECORD WAS SET OR TIED.
MM INDICATES DATA IS MISSING.
T  INDICATES TRACE AMOUNT.

&&

...DATA FOR NORTH LITTLE ROCK FOR NOVEMBER 2014...

.SUMMARY...
REVERSING THE TREND OF THE PREVIOUS TWO MONTHS...NOVEMBER
TEMPERATURES WERE SIGNIFICANTLY BELOW THE 30-YEAR AVERAGE. THE ONLY
WARM PERIODS DURING THE MONTH WERE DURING THE 22ND-24TH...AND
29TH-30TH...WHERE DAILY TEMPERATURES WERE ANYWHERE FROM 10-20
DEGREES ABOVE AVERAGE. HOWEVER...MUCH OF THE MONTH...WAS RATHER
CHILLY...WITH THE MOST SIGNIFICANT COLD SPELL FROM THE 11TH-21ST...
WITH TEMPERATURES AROUND 20 DEGREES BELOW AVERAGE. IN FACT...READINGS
DURING THIS TIME WERE SOME OF THE COLDEST SEEN IN THE MONTH OF
NOVEMBER IN SEVERAL DECADES...AND SOME OF THE COLDEST EVER RECORDED
DURING THE MONTH.

NOVEMBER PRECIPITATION WAS BELOW THE 30-YEAR AVERAGE. HOWEVER...MORE
SIGNIFICANTLY...THIS WAS THE FIRST NOVEMBER WITH MEASURABLE SNOWFALL
SINCE 1995.

.MONTHLY TEMPERATURES...

THE AVERAGE HIGH TEMPERATURE WAS THE COLDEST SINCE 1996...AND THE
4TH COLDEST ON RECORD.

THE AVERAGE LOW TEMPERATURE WAS THE COLDEST SINCE 1976...AND THE 2ND
COLDEST ON RECORD.

THE AVERAGE MONTHLY TEMPERATURE WAS THE COLDEST SINCE 1976...AND THE
2ND COLDEST ON RECORD.

.DAILY AVERAGE TEMPERATURES...

ABOVE NORMAL ON SEVEN DAYS...AND BELOW NORMAL ON 23 DAYS.

.NUMBER OF DAYS WITH TEMPERATURES...

AT OR ABOVE  80....0...FIRST TIME SINCE 2011
AT OR BELOW  32...10...SAME AS 2013

.DAILY TEMPERATURE RECORDS TIED OR BROKEN DURING THE MONTH...

DATE  RECORD TYPE                NEW RECORD       PREVIOUS RECORD
15TH  LOWEST HIGH TEMPERATURE    41 IN 2014          44 IN 1997
      LOW TEMPERATURE            25 IN 2014          25 IN 1982
16TH  LOWEST HIGH TEMPERATURE    38 IN 2014          42 IN 1997
17TH  LOWEST HIGH TEMPERATURE    37 IN 2014          41 IN 1980
      LOW TEMPERATURE            24 IN 2014          26 IN 1989
18TH  LOW TEMPERATURE            20 IN 2014          29 IN 2005
23RD  HIGHEST LOW TEMPERATURE    56 IN 2014          56 IN 1987

ON THE 18TH...THE LOW OF 20 DEGREES WAS THE COLDEST TEMPERATURE
RECORDED IN THE MONTH OF NOVEMBER SINCE 1991...AND MOST RECENTLY
TIED NOVEMBER 30TH 1979 FOR THE 3RD COLDEST ON RECORD FOR THE MONTH.

.RAINFALL...

IT WAS THE DRIEST NOVEMBER SINCE 2009...AND THE 8TH DRIEST ON
RECORD.

.DAILY RAINFALL RECORDS TIED OR BROKEN DURING THE MONTH...

NONE.

.SNOWFALL...

SNOW FELL FOR THE FIRST TIME SINCE 2011. MEASURABLE SNOW FELL FOR
THE FIRST TIME SINCE 1991.

SNOW FELL ON FOUR DAYS...WITH MEASURABLE SNOWFALL ON THREE DAYS. THE
0.4 INCHES OF SNOW THAT FELL ON THE 13TH WAS THE EARLIEST MEASURABLE
SNOWFALL SINCE 1993...AND THE 3RD EARLIEST MEASURABLE SNOWFALL EVER
RECORDED...FOLLOWED BY NOVEMBER 7TH 1991..AND OCTOBER 29TH 1993.

IT WAS THE SNOWIEST NOVEMBER SINCE 1991...AND 4TH SNOWIEST ON
RECORD.

.DAILY SNOWFALL RECORDS TIED OR BROKEN DURING THE MONTH...

DATE    NEW RECORD         PREVIOUS RECORD
12TH   TRACE IN 2014      NONE ESTABLISHED
13TH    0.4 IN 2014       NONE ESTABLISHED
16TH    0.1 IN 2014        TRACE IN 1982
17TH    0.1 IN 2014       NONE ESTABLISHED

$$

57




U.S. Dept. of Commerce
NOAA National Weather Service
1325 East West Highway
Silver Spring, MD 20910
E-mail: w-nws.webmaster@noaa.gov
Page last modified: May 16, 2007
NATIONAL WEATHER SERVICE: for Safety, for Work, for Fun - FOR LIFE