418
CXUS54 KLZK 011018
CLMLZK


CLIMATE REPORT
NATIONAL WEATHER SERVICE LITTLE ROCK AR
514 AM CDT TUE JUL 1 2014

...................................

...THE NORTH LITTLE ROCK CLIMATE SUMMARY FOR THE MONTH OF JUNE 2014...

CLIMATE NORMAL PERIOD 1981 TO 2010
CLIMATE RECORD PERIOD 1975 TO 2014

WEATHER         OBSERVED          NORMAL  DEPART  LAST YEAR`S
                 VALUE   DATE(S)  VALUE   FROM    VALUE  DATE(S)
                                          NORMAL
................................................................
TEMPERATURE (F)
RECORD
 HIGH             105   06/25/2012
 LOW               53   06/13/1985
HIGHEST            92   06/22        89       3       98  06/27
LOWEST             62   06/14        69      -7       58  06/03
AVG. MAXIMUM     85.8              88.2    -2.4     88.0
AVG. MINIMUM     70.0              69.3     0.7     70.1
MEAN             77.9              78.7    -0.8     79.1
DAYS MAX >= 90      4              12.5    -8.5       15
DAYS MAX <= 32      0               0.0     0.0        0
DAYS MIN <= 32      0               0.0     0.0        0
DAYS MIN <= 0       0               0.0     0.0        0

PRECIPITATION (INCHES)
RECORD
 MAXIMUM         7.58   2014
 MINIMUM         0.64   1980
TOTALS           7.58              3.31    4.27     1.64
DAILY AVG.       0.25              0.11    0.14     0.05
DAYS >= .01        15               9.0     6.0        4
DAYS >= .10        11                                  3
DAYS >= .50         5                                  1
DAYS >= 1.00        3               1.0     2.0        1
GREATEST
 24 HR. TOTAL    2.00   06/28 TO 06/29

SNOWFALL (INCHES)
TOTALS            0.0               0.0     0.0      0.0
 LIQUID EQUIV    0.00              0.00    0.00     0.00
SINCE 7/1         5.2               4.4     0.8     10.9
 LIQUID 7/1      0.52              0.50    0.02     1.09
SNOWDEPTH AVG.      0
DAYS >= TRACE       0               0.0     0.0        0
DAYS >= 1.0         0                                  0
GREATEST
 SNOW DEPTH         0   MM
 24 HR TOTAL      0.0

DEGREE_DAYS
HEATING TOTAL       0                 1      -1        0
 SINCE 7/1       3534              3006     528     3045
COOLING TOTAL     392               413     -21      429
 SINCE 1/1        656               709     -53      680

FREEZE DATES
RECORD
 EARLIEST     10/20/1989
 LATEST       04/19/1983
EARLIEST      12/05             11/13
LATEST        03/26             03/19
.................................................

WIND (MPH)
AVERAGE WIND SPEED              6.4
HIGHEST WIND SPEED/DIRECTION    16/140    DATE  06/05
HIGHEST GUST SPEED/DIRECTION    33/210    DATE  06/29

SKY COVER
POSSIBLE SUNSHINE (PERCENT)   MM
AVERAGE SKY COVER             MM
NUMBER OF DAYS FAIR          MM
NUMBER OF DAYS PC            MM
NUMBER OF DAYS CLOUDY        MM

AVERAGE RH (PERCENT)     MM

WEATHER CONDITIONS. NUMBER OF DAYS WITH
THUNDERSTORM              0     MIXED PRECIP               0
HEAVY RAIN                4     RAIN                       7
LIGHT RAIN               11     FREEZING RAIN              0
LT FREEZING RAIN          0     HAIL                       0
HEAVY SNOW                0     SNOW                       0
LIGHT SNOW                0     SLEET                      0
FOG                       3     FOG W/VIS <= 1/4 MILE      0
HAZE                      0

-  INDICATES NEGATIVE NUMBERS.
R  INDICATES RECORD WAS SET OR TIED.
MM INDICATES DATA IS MISSING.
T  INDICATES TRACE AMOUNT.

&&

...DATA FOR NORTH LITTLE ROCK FOR JUNE 2014...

.SUMMARY...
FOR THE SECOND JUNE IN A ROW...THERE WERE NO DAYS WITH TEMPERATURES
AT OR ABOVE 100 DEGREES. HIGHS WERE THE COLDEST IN OVER A DECADE...
WHILE LOWS WERE THE COLDEST IN EIGHT YEARS. FOR THE FIRST TIME SINCE
1995...THERE WERE NO TEMPERATURES WARMER THAN 92 DEGREES DURING THE
MONTH.

RAINFALL WAS RATHER ABUNDANT AND FREQUENT...AND IT WAS THE FIRST
TIME IN TEN YEARS WITH JUNE RAINFALL AT OR ABOVE NORMAL.

.MONTHLY TEMPERATURES...
THE AVERAGE HIGH TEMPERATURE WAS THE COLDEST SINCE 2003...AND THE 8TH
COLDEST ON RECORD.

THE AVERAGE LOW TEMPERATURE WAS THE COLDEST SINCE 2006.

THE AVERAGE MONTHLY TEMPERATURE WAS THE COLDEST SINCE 2003.

.DAILY AVERAGE TEMPERATURES...

ABOVE NORMAL ON 13 DAYS...NORMAL ON FIVE DAYS...AND BELOW NORMAL ON
12 DAYS.

.NUMBER OF DAYS WITH TEMPERATURES...

HIGHS AT OR ABOVE 90 DEGREES...4...FEWEST SINCE 2003...FEWEST ON RECORD
HIGHS AT OR BELOW 80 DEGREES...3...FEWEST SINCE 2012
LOWS AT OR BELOW 70 DEGREES...12...THE FEWEST SINCE 2012

.DAILY TEMPERATURE RECORDS TIED OR BROKEN DURING THE MONTH...

DATE  RECORD TYPE                  NEW RECORD    PREVIOUS RECORD
 8TH  LOWEST HIGH TEMPERATURE      73 IN 2014       75 IN 1996
 9TH  LOWEST HIGH TEMPERATURE      72 IN 2014       72 IN 1997

ON THE 9TH...THE HIGH OF 72 WAS THE COLDEST JUNE HIGH TEMPERATURE SINCE
JUNE 11TH 1995...AND TIED SEVERAL OTHER DATES FOR THE 5TH COLDEST ON RECORD
IN THE MONTH OF JUNE.

.RAINFALL...

IT WAS THE WETTEST JUNE SINCE 1976...AND THE WETTEST ON RECORD. THE
PREVIOUS WETTEST JUNE WAS IN 1976...WITH 6.57 INCHES.

.DAILY RAINFALL RECORDS TIED OR BROKEN DURING THE MONTH...

DATE     NEW RECORD         PREVIOUS RECORD
23RD    1.07 IN 2014         0.70 IN 1983
29TH    1.32 IN 2014         1.31 IN 1983

.OTHER PHENOMENA...

ON JUNE 27TH...A FUNNEL CLOUD PASSED OVER THE NORTH LITTLE ROCK AIRPORT.
THIS WAS THE FIRST SUCH OCCURRENCE SINCE APRIL 25TH 2011.

$$

57




U.S. Dept. of Commerce
NOAA National Weather Service
1325 East West Highway
Silver Spring, MD 20910
E-mail: w-nws.webmaster@noaa.gov
Page last modified: May 16, 2007
NATIONAL WEATHER SERVICE: for Safety, for Work, for Fun - FOR LIFE