150
CXUS51 KRNK 011119
CLMLYH


CLIMATE REPORT
NATIONAL WEATHER SERVICE BLACKSBURG VA
611 AM EST MON DEC 1 2014

...................................

...THE LYNCHBURG VA CLIMATE SUMMARY FOR THE MONTH OF NOVEMBER 2014...

CLIMATE NORMAL PERIOD 1981 TO 2010
CLIMATE RECORD PERIOD 1893 TO 2014

WEATHER         OBSERVED          NORMAL  DEPART  LAST YEAR`S
                 VALUE   DATE(S)  VALUE   FROM    VALUE
                                          NORMAL
.............................................................
TEMPERATURE (F)
RECORD
 HIGH              83   11/02/1974
                        11/01/1974
 LOW                8   11/25/1970
HIGHEST            72   11/04                         73
LOWEST             13   11/19                         14
AVG. MAXIMUM     53.6              58.5    -4.9     54.5
AVG. MINIMUM     30.4              35.1    -4.7     32.4
MEAN             42.0              46.8    -4.8     43.5
DAYS MAX >= 90      0               0.0     0.0
DAYS MAX <= 32      0               0.0     0.0
DAYS MIN <= 32     18              12.0     6.0
DAYS MIN <= 0       0               0.0     0.0

PRECIPITATION (INCHES)
RECORD
 MAXIMUM         8.77   1985
 MINIMUM         0.19   1922
TOTALS           2.43              3.41   -0.98     3.35
DAILY AVG.       0.08              0.11   -0.03     0.11
DAYS >= .01         5               8.3    -3.3
DAYS >= .10         4               5.4    -1.4
DAYS >= .50         2               2.5    -0.5
DAYS >= 1.00        1               1.1    -0.1
GREATEST
 24 HR. TOTAL    1.10   11/26 TO 11/26

SNOWFALL (INCHES)
TOTALS              T                                  T
SINCE 7/1           T
SNOWDEPTH AVG.      0
DAYS >= 1.0         0
GREATEST
 SNOW DEPTH         0

DEGREE_DAYS
HEATING TOTAL     683               547     136
 SINCE 7/1        976               894      82
COOLING TOTAL       0                 1      -1
 SINCE 1/1        967              1032     -65
..............................................................

WIND (MPH)
AVERAGE WIND SPEED              4.9
HIGHEST WIND SPEED/DIRECTION    25/200    DATE  11/24
HIGHEST GUST SPEED/DIRECTION    34/190    DATE  11/24

SKY COVER
POSSIBLE SUNSHINE (PERCENT)   MM
AVERAGE SKY COVER           0.30
NUMBER OF DAYS FAIR           22
NUMBER OF DAYS PC              3
NUMBER OF DAYS CLOUDY          5

AVERAGE RH (PERCENT)     61

WEATHER CONDITIONS. NUMBER OF DAYS WITH
THUNDERSTORM              0     MIXED PRECIP               0
HEAVY RAIN                2     RAIN                       4
LIGHT RAIN                9     FREEZING RAIN              0
LT FREEZING RAIN          0     HAIL                       0
HEAVY SNOW                0     SNOW                       0
LIGHT SNOW                3     SLEET                      0
FOG                       7     FOG W/VIS <= 1/4 MILE      2
HAZE                      0

-  INDICATES NEGATIVE NUMBERS.
R  INDICATES RECORD WAS SET OR TIED.
MM INDICATES DATA IS MISSING.
T  INDICATES TRACE AMOUNT.

REMARKS:
DUE TO A SYSTEM FAILURE CAUSING MISSING TEMPERATURES ON
AUGUST 21-24...THE SEASONAL TOTAL AND DEPARTURE FROM NORMAL
FOR CDD WILL BE CALCULATED WITHOUT DATA FROM THOSE DATES.

$$





U.S. Dept. of Commerce
NOAA National Weather Service
1325 East West Highway
Silver Spring, MD 20910
E-mail: w-nws.webmaster@noaa.gov
Page last modified: May 16, 2007
NATIONAL WEATHER SERVICE: for Safety, for Work, for Fun - FOR LIFE