213
CXUS53 KILX 011639
CLMLWV


CLIMATE REPORT
NATIONAL WEATHER SERVICE LINCOLN IL
1100 AM CDT TUE JUL 1 2014

...................................

...THE LAWRENCEVILLE IL AIRPORT CLIMATE SUMMARY FOR THE MONTH OF JUNE 2014...

CLIMATE NORMAL PERIOD 1981 TO 2010
CLIMATE RECORD PERIOD 9999 TO 9999

WEATHER         OBSERVED          NORMAL  DEPART  LAST YEAR`S
                 VALUE   DATE(S)  VALUE   FROM    VALUE
                                          NORMAL
.............................................................
TEMPERATURE (F)
RECORD
 HIGH              MM   MM
 LOW               MM   MM
HIGHEST            92   06/19        MM      MM       93
                        06/18
LOWEST             52   06/14        MM      MM       53
AVG. MAXIMUM     84.5              85.2    -0.7     82.0
AVG. MINIMUM     66.4              63.7     2.7     64.3
MEAN             75.4              74.5     0.9     73.2
DAYS MAX >= 90      6               8.6    -2.6        2
DAYS MAX <= 32      0               0.0     0.0        0
DAYS MIN <= 32      0               0.0     0.0        0
DAYS MIN <= 0       0               0.0     0.0        0

PRECIPITATION (INCHES)
RECORD
 MAXIMUM           MM   MM
 MINIMUM           MM   MM
TOTALS           3.94              3.98   -0.04    10.43
DAILY AVG.       0.13              0.13    0.00     0.35
DAYS >= .01        12                MM      MM       13
DAYS >= .10         9                MM      MM       10
DAYS >= .50         2                MM      MM        5
DAYS >= 1.00        1                MM      MM        5
GREATEST
 24 HR. TOTAL    1.84   06/09 TO 06/10              2.65

DEGREE_DAYS
HEATING TOTAL       0                 7      -7        3
 SINCE 7/1       5549              4680     869     4930
COOLING TOTAL     323               290      33      256
 SINCE 1/1        514               429      85      424
..............................................................

WIND (MPH)
AVERAGE WIND SPEED              8.0
HIGHEST WIND SPEED/DIRECTION    30/300    DATE  06/20
HIGHEST GUST SPEED/DIRECTION    36/310    DATE  06/20

SKY COVER
POSSIBLE SUNSHINE (PERCENT)   MM
AVERAGE SKY COVER           0.30
NUMBER OF DAYS FAIR           18
NUMBER OF DAYS PC             10
NUMBER OF DAYS CLOUDY          2

AVERAGE RH (PERCENT)     73

WEATHER CONDITIONS. NUMBER OF DAYS WITH
THUNDERSTORM              7     MIXED PRECIP               0
HEAVY RAIN                5     RAIN                       7
LIGHT RAIN               16     FREEZING RAIN              0
LT FREEZING RAIN          0     HAIL                       0
HEAVY SNOW                0     SNOW                       0
LIGHT SNOW                0     SLEET                      0
FOG                      26     FOG W/VIS <= 1/4 MILE      1
HAZE                     14

-  INDICATES NEGATIVE NUMBERS.
R  INDICATES RECORD WAS SET OR TIED.
MM INDICATES DATA IS MISSING.
T  INDICATES TRACE AMOUNT.

$$





U.S. Dept. of Commerce
NOAA National Weather Service
1325 East West Highway
Silver Spring, MD 20910
E-mail: w-nws.webmaster@noaa.gov
Page last modified: May 16, 2007
NATIONAL WEATHER SERVICE: for Safety, for Work, for Fun - FOR LIFE