798
CXUS53 KTOP 011425
CLMLWC


CLIMATE REPORT
NATIONAL WEATHER SERVICE TOPEKA KS
922 AM CDT WED OCT 1 2014

...................................

...THE LAWRENCE KS CLIMATE SUMMARY FOR THE MONTH OF SEPTEMBER 2014...

CLIMATE NORMAL PERIOD 1981 TO 2010
CLIMATE RECORD PERIOD 9999 TO 9999

WEATHER         OBSERVED          NORMAL  DEPART  LAST YEAR`S
                 VALUE   DATE(S)  VALUE   FROM    VALUE
                                          NORMAL
.............................................................
TEMPERATURE (F)
HIGHEST            94   09/04                        103
LOWEST             34   09/13                         42
AVG. MAXIMUM     78.3              81.3    -3.0     85.5
AVG. MINIMUM     53.8              54.9    -1.1     58.2
MEAN             66.0              68.1    -2.1     71.8
DAYS MAX >= 90      2               4.7    -2.7        9
DAYS MAX <= 32      0               0.0     0.0        0
DAYS MIN <= 32      0               0.0     0.0        0
DAYS MIN <= 0       0               0.0     0.0        0

PRECIPITATION (INCHES)
TOTALS           4.62              4.16    0.46     3.34
DAILY AVG.       0.15                               0.12
DAYS >= .01        10                                  6
DAYS >= .10         5                                  5
DAYS >= .50         2                                  3
DAYS >= 1.00        2                                  1
GREATEST
 24 HR. TOTAL    2.57   09/03 TO 09/03              1.19
                        09/03 TO 09/04

DEGREE_DAYS
HEATING TOTAL      71                60      11       23
 SINCE 7/1         72                63       9       23
COOLING TOTAL     104               153     -49      235
 SINCE 1/1       1411              1344      67     1456
..............................................................

WIND (MPH)
AVERAGE WIND SPEED              7.1
HIGHEST WIND SPEED/DIRECTION    31/190    DATE  09/09
HIGHEST GUST SPEED/DIRECTION    43/190    DATE  09/09

SKY COVER
POSSIBLE SUNSHINE (PERCENT)   MM
AVERAGE SKY COVER           0.40
NUMBER OF DAYS FAIR           17
NUMBER OF DAYS PC              8
NUMBER OF DAYS CLOUDY          5

AVERAGE RH (PERCENT)     73

WEATHER CONDITIONS. NUMBER OF DAYS WITH
THUNDERSTORM              0     MIXED PRECIP               0
HEAVY RAIN                3     RAIN                       3
LIGHT RAIN               13     FREEZING RAIN              0
LT FREEZING RAIN          0     HEAVY SNOW                 0
SNOW                      0     LIGHT SNOW                 0
FOG                      23     FOG W/VIS <= 1/4 MILE     10
HAZE                     14

-  INDICATES NEGATIVE NUMBERS.
R  INDICATES RECORD WAS SET OR TIED.
MM INDICATES DATA IS MISSING.
T  INDICATES TRACE AMOUNT.

$$




U.S. Dept. of Commerce
NOAA National Weather Service
1325 East West Highway
Silver Spring, MD 20910
E-mail: w-nws.webmaster@noaa.gov
Page last modified: May 16, 2007
NATIONAL WEATHER SERVICE: for Safety, for Work, for Fun - FOR LIFE