853
CXUS53 KTOP 020639 CCA
CLMLWC

CLIMATE REPORT...CORRECTED NUMBER OF THUNDERSTORM DAYS
NATIONAL WEATHER SERVICE TOPEKA KS
139 AM CDT WED APR 2 2014

...................................

...THE LAWRENCE KS CLIMATE SUMMARY FOR THE MONTH OF MARCH 2014...

CLIMATE NORMAL PERIOD 1981 TO 2010
CLIMATE RECORD PERIOD 9999 TO 9999

WEATHER         OBSERVED          NORMAL  DEPART  LAST YEAR`S
                 VALUE   DATE(S)  VALUE   FROM    VALUE
                                          NORMAL
.............................................................
TEMPERATURE (F)
HIGHEST            82   03/31                         86
LOWEST             -6R  03/03                         15
AVG. MAXIMUM     56.5              56.7    -0.2     49.3
AVG. MINIMUM     25.1              32.1    -7.0     27.6
MEAN             40.8              44.4    -3.6     38.4
DAYS MAX >= 90      0               0.0     0.0        0
DAYS MAX <= 32      2               0.8     1.2        3
DAYS MIN <= 32     24              17.0     7.0       22
DAYS MIN <= 0       1               0.1     0.9        0

PRECIPITATION (INCHES)
TOTALS           0.97              2.62   -1.65     1.68
DAILY AVG.       0.03                               0.05
DAYS >= .01         7                                  7
DAYS >= .10         2                                  4
DAYS >= .50         1                                  1
DAYS >= 1.00        0                                  0
GREATEST
 24 HR. TOTAL    0.62   03/15 TO 03/15              0.97

DEGREE_DAYS
HEATING TOTAL     741               641     100      816
 SINCE 7/1       5167              4656     511     4647
COOLING TOTAL       0                 3      -3        0
 SINCE 1/1          0                 3      -3        0
..............................................................

WIND (MPH)
AVERAGE WIND SPEED              10.9
HIGHEST WIND SPEED/DIRECTION    36/290    DATE  03/27
HIGHEST GUST SPEED/DIRECTION    45/290    DATE  03/27

SKY COVER
POSSIBLE SUNSHINE (PERCENT)   MM
AVERAGE SKY COVER           0.30
NUMBER OF DAYS FAIR           21
NUMBER OF DAYS PC              8
NUMBER OF DAYS CLOUDY          2

AVERAGE RH (PERCENT)     57

WEATHER CONDITIONS. NUMBER OF DAYS WITH
THUNDERSTORM              2     MIXED PRECIP               0
HEAVY RAIN                1     RAIN                       1
LIGHT RAIN                4     FREEZING RAIN              0
LT FREEZING RAIN          0     HEAVY SNOW                 1
SNOW                      2     LIGHT SNOW                 7
FOG                      19     FOG W/VIS <= 1/4 MILE      1
HAZE                     24

-  INDICATES NEGATIVE NUMBERS.
R  INDICATES RECORD WAS SET OR TIED.
MM INDICATES DATA IS MISSING.
T  INDICATES TRACE AMOUNT.

$$








U.S. Dept. of Commerce
NOAA National Weather Service
1325 East West Highway
Silver Spring, MD 20910
E-mail: w-nws.webmaster@noaa.gov
Page last modified: May 16, 2007
NATIONAL WEATHER SERVICE: for Safety, for Work, for Fun - FOR LIFE