804
CXUS53 KTOP 011430
CLMLWC


CLIMATE REPORT
NATIONAL WEATHER SERVICE TOPEKA KS
830 AM CST THU JAN 1 2015

...................................

...THE LAWRENCE KS CLIMATE SUMMARY FOR THE MONTH OF DECEMBER 2014...

CLIMATE NORMAL PERIOD 1981 TO 2010
CLIMATE RECORD PERIOD 9999 TO 9999

WEATHER         OBSERVED          NORMAL  DEPART  LAST YEAR`S
                 VALUE   DATE(S)  VALUE   FROM    VALUE
                                          NORMAL
.............................................................
TEMPERATURE (F)
HIGHEST            63   12/14                         67
LOWEST              3   12/31                         -3
AVG. MAXIMUM     41.7              41.9    -0.2     41.8
AVG. MINIMUM     27.5              21.3     6.2     15.4
MEAN             34.6              31.6     3.0     28.6
DAYS MAX >= 90      0               0.0     0.0        0
DAYS MAX <= 32      4               6.9    -2.9        9
DAYS MIN <= 32     20              26.3    -6.3       29
DAYS MIN <= 0       0               0.6    -0.6        3

PRECIPITATION (INCHES)
TOTALS           1.86              1.47    0.39     0.46
DAILY AVG.       0.06                               0.01
DAYS >= .01         9                                  6
DAYS >= .10         3                                  1
DAYS >= .50         2                                  0
DAYS >= 1.00        0                                  0
GREATEST
 24 HR. TOTAL    0.93   12/05 TO 12/05              0.36
                        12/04 TO 12/05
                        12/05 TO 12/05

DEGREE_DAYS
HEATING TOTAL     934              1035    -101     1121
 SINCE 7/1       2114              2043      71     2151
COOLING TOTAL       0                 0       0        0
 SINCE 1/1       1426              1371      55     1492
..............................................................

WIND (MPH)
AVERAGE WIND SPEED              8.4
HIGHEST WIND SPEED/DIRECTION    29/180    DATE  12/25
HIGHEST GUST SPEED/DIRECTION    39/170    DATE  12/25

SKY COVER
POSSIBLE SUNSHINE (PERCENT)   MM
AVERAGE SKY COVER           0.60
NUMBER OF DAYS FAIR            9
NUMBER OF DAYS PC              4
NUMBER OF DAYS CLOUDY         18

AVERAGE RH (PERCENT)     77

WEATHER CONDITIONS. NUMBER OF DAYS WITH
THUNDERSTORM              0     MIXED PRECIP               0
HEAVY RAIN                2     RAIN                       3
LIGHT RAIN                9     FREEZING RAIN              1
LT FREEZING RAIN          1     HEAVY SNOW                 0
SNOW                      1     LIGHT SNOW                 2
FOG                      22     FOG W/VIS <= 1/4 MILE      0
HAZE                      9

-  INDICATES NEGATIVE NUMBERS.
R  INDICATES RECORD WAS SET OR TIED.
MM INDICATES DATA IS MISSING.
T  INDICATES TRACE AMOUNT.

$$




U.S. Dept. of Commerce
NOAA National Weather Service
1325 East West Highway
Silver Spring, MD 20910
E-mail: w-nws.webmaster@noaa.gov
Page last modified: May 16, 2007
NATIONAL WEATHER SERVICE: for Safety, for Work, for Fun - FOR LIFE