262
CXUS53 KTOP 020358 CCA
CLMLWC

CLIMATE REPORT...CORRECTED THUNDERSTORM DAYS
NATIONAL WEATHER SERVICE TOPEKA KS
1058 PM CDT SAT NOV 1 2014

...................................

...THE LAWRENCE KS CLIMATE SUMMARY FOR THE MONTH OF OCTOBER 2014...

CLIMATE NORMAL PERIOD 1981 TO 2010
CLIMATE RECORD PERIOD 9999 TO 9999

WEATHER         OBSERVED          NORMAL  DEPART  LAST YEAR`S
                 VALUE   DATE(S)  VALUE   FROM    VALUE
                                          NORMAL
.............................................................
TEMPERATURE (F)
HIGHEST            87   10/26                         91
LOWEST             24   10/31                         23
AVG. MAXIMUM     69.4              68.8     0.6     69.1
AVG. MINIMUM     43.8              43.4     0.4     41.9
MEAN             56.6              56.1     0.5     55.5
DAYS MAX >= 90      0               0.4    -0.4        1
DAYS MAX <= 32      0               0.0     0.0        0
DAYS MIN <= 32      2               4.5    -2.5        7
DAYS MIN <= 0       0               0.0     0.0        0

PRECIPITATION (INCHES)
TOTALS           5.57              2.88    2.69     4.05
DAILY AVG.       0.18                               0.13
DAYS >= .01         9                                  8
DAYS >= .10         6                                  7
DAYS >= .50         5                                  4
DAYS >= 1.00        2                                  1
GREATEST
 24 HR. TOTAL    2.34   10/01 TO 10/02              1.28

DEGREE_DAYS
HEATING TOTAL     266               301     -35      323
 SINCE 7/1        338               364     -26      346
COOLING TOTAL      15                26     -11       36
 SINCE 1/1       1426              1370      56     1492
..............................................................

WIND (MPH)
AVERAGE WIND SPEED              8.1
HIGHEST WIND SPEED/DIRECTION    36/300    DATE  10/01
HIGHEST GUST SPEED/DIRECTION    47/180    DATE  10/02

SKY COVER
POSSIBLE SUNSHINE (PERCENT)   MM
AVERAGE SKY COVER           0.30
NUMBER OF DAYS FAIR           23
NUMBER OF DAYS PC              4
NUMBER OF DAYS CLOUDY          4

AVERAGE RH (PERCENT)     70

WEATHER CONDITIONS. NUMBER OF DAYS WITH
THUNDERSTORM              5     MIXED PRECIP               0
HEAVY RAIN                3     RAIN                       6
LIGHT RAIN               10     FREEZING RAIN              0
LT FREEZING RAIN          0     HEAVY SNOW                 0
SNOW                      0     LIGHT SNOW                 0
FOG                      20     FOG W/VIS <= 1/4 MILE      7
HAZE                     15

-  INDICATES NEGATIVE NUMBERS.
R  INDICATES RECORD WAS SET OR TIED.
MM INDICATES DATA IS MISSING.
T  INDICATES TRACE AMOUNT.

$$








U.S. Dept. of Commerce
NOAA National Weather Service
1325 East West Highway
Silver Spring, MD 20910
E-mail: w-nws.webmaster@noaa.gov
Page last modified: May 16, 2007
NATIONAL WEATHER SERVICE: for Safety, for Work, for Fun - FOR LIFE