898
CXUS53 KTOP 011425
CLMLWC


CLIMATE REPORT
NATIONAL WEATHER SERVICE TOPEKA KS
923 AM CDT MON SEP 1 2014

...................................

...THE LAWRENCE KS CLIMATE SUMMARY FOR THE MONTH OF AUGUST 2014...

CLIMATE NORMAL PERIOD 1981 TO 2010
CLIMATE RECORD PERIOD 9999 TO 9999

WEATHER         OBSERVED          NORMAL  DEPART  LAST YEAR`S
                 VALUE   DATE(S)  VALUE   FROM    VALUE
                                          NORMAL
.............................................................
TEMPERATURE (F)
HIGHEST           104   08/23                        103
LOWEST             53   08/13                         53
AVG. MAXIMUM     92.7              89.4     3.3     88.3
AVG. MINIMUM     67.7              65.2     2.5     65.6
MEAN             80.2              77.3     2.9     77.0
DAYS MAX >= 90     19              14.1     4.9       15
DAYS MAX <= 32      0               0.0     0.0        0
DAYS MIN <= 32      0               0.0     0.0        0
DAYS MIN <= 0       0               0.0     0.0        0

PRECIPITATION (INCHES)
TOTALS           5.83              4.33    1.50     3.25
DAILY AVG.       0.19                               0.10
DAYS >= .01         9                                  8
DAYS >= .10         6                                  6
DAYS >= .50         4                                  3
DAYS >= 1.00        3                                  0
GREATEST
 24 HR. TOTAL    2.00   08/06 TO 08/06              0.90

DEGREE_DAYS
HEATING TOTAL       0                 2      -2        0
 SINCE 7/1          1                 3      -2        0
COOLING TOTAL     480               383      97      378
 SINCE 1/1       1307              1191     116     1221
..............................................................

WIND (MPH)
AVERAGE WIND SPEED              6.5
HIGHEST WIND SPEED/DIRECTION    35/320    DATE  08/31
HIGHEST GUST SPEED/DIRECTION    54/170    DATE  08/06

SKY COVER
POSSIBLE SUNSHINE (PERCENT)   MM
AVERAGE SKY COVER           0.20
NUMBER OF DAYS FAIR           23
NUMBER OF DAYS PC              7
NUMBER OF DAYS CLOUDY          0

AVERAGE RH (PERCENT)     66

WEATHER CONDITIONS. NUMBER OF DAYS WITH
THUNDERSTORM              9     MIXED PRECIP               0
HEAVY RAIN                4     RAIN                       4
LIGHT RAIN                9     FREEZING RAIN              0
LT FREEZING RAIN          0     HEAVY SNOW                 0
SNOW                      0     LIGHT SNOW                 0
FOG                      17     FOG W/VIS <= 1/4 MILE      3
HAZE                     15

-  INDICATES NEGATIVE NUMBERS.
R  INDICATES RECORD WAS SET OR TIED.
MM INDICATES DATA IS MISSING.
T  INDICATES TRACE AMOUNT.

$$





U.S. Dept. of Commerce
NOAA National Weather Service
1325 East West Highway
Silver Spring, MD 20910
E-mail: w-nws.webmaster@noaa.gov
Page last modified: May 16, 2007
NATIONAL WEATHER SERVICE: for Safety, for Work, for Fun - FOR LIFE