572
CXUS51 KRNK 011922
CLMLWB

CLIMATE REPORT
NATIONAL WEATHER SERVICE BLACKSBURG VA
542 AM EDT SAT NOV 1 2014

...................................

...THE LEWISBURG WV CLIMATE SUMMARY FOR THE MONTH OF OCTOBER 2014...

CLIMATE NORMAL PERIOD 1981 TO 2010
CLIMATE RECORD PERIOD 1973 TO 2014

WEATHER         OBSERVED          NORMAL  DEPART
                 VALUE   DATE(S)  VALUE   FROM
                                          NORMAL
................................................
TEMPERATURE (F)
RECORD
 HIGH              88   10/08/2007
 LOW               14   10/23/1997
HIGHEST            79   10/28
                        10/02
LOWEST             29   10/31
AVG. MAXIMUM     64.9              64.5     0.4
AVG. MINIMUM     43.3              37.8     5.5
MEAN             54.1              51.2     2.9
DAYS MAX >= 90      0               0.0     0.0
DAYS MAX <= 32      0               0.0     0.0
DAYS MIN <= 32      4               9.6    -5.6
DAYS MIN <= 0       0               0.0     0.0

PRECIPITATION (INCHES)
RECORD
 MAXIMUM         1.32   2011
 MINIMUM         0.11   2010
TOTALS           3.40              2.57    0.83
DAILY AVG.       0.11              0.08    0.03
DAYS >= .01        12               8.9     3.1
DAYS >= .10         7               5.2     1.8
DAYS >= .50         3               1.8     1.2
DAYS >= 1.00        0               0.5    -0.5
GREATEST
 24 HR. TOTAL    0.88   10/06 TO 10/06

SNOWFALL (INCHES)
TOTALS            0.0
SINCE 7/1         0.0
SNOWDEPTH AVG.      0
DAYS >= 1.0         0
GREATEST
 SNOW DEPTH         0

DEGREE_DAYS
HEATING TOTAL     333               435    -102
 SINCE 7/1        427               597    -170
COOLING TOTAL       5                 6      -1
 SINCE 1/1        619               499     120
.................................................

WIND (MPH)
AVERAGE WIND SPEED              3.6
HIGHEST WIND SPEED/DIRECTION    18/200    DATE  10/06
HIGHEST GUST SPEED/DIRECTION    25/170    DATE  10/14



-  INDICATES NEGATIVE NUMBERS.
R  INDICATES RECORD WAS SET OR TIED.
MM INDICATES DATA IS MISSING.
T  INDICATES TRACE AMOUNT.

$$




U.S. Dept. of Commerce
NOAA National Weather Service
1325 East West Highway
Silver Spring, MD 20910
E-mail: w-nws.webmaster@noaa.gov
Page last modified: May 16, 2007
NATIONAL WEATHER SERVICE: for Safety, for Work, for Fun - FOR LIFE