900
CXUS51 KRNK 011918 RRC
CLMLWB

CLIMATE REPORT
NATIONAL WEATHER SERVICE BLACKSBURG VA
615 AM EST THU JAN 1 2015

...................................

...THE LEWISBURG WV CLIMATE SUMMARY FOR THE MONTH OF DECEMBER 2014...

CLIMATE NORMAL PERIOD 1981 TO 2010
CLIMATE RECORD PERIOD 1973 TO 2014

WEATHER         OBSERVED          NORMAL  DEPART
                 VALUE   DATE(S)  VALUE   FROM
                                          NORMAL
................................................
TEMPERATURE (F)
RECORD
 HIGH              72   12/01/2006
 LOW                7   12/25/2013
HIGHEST            62   12/01
LOWEST             21   12/31
                        12/26
AVG. MAXIMUM     45.5              40.9     4.6
AVG. MINIMUM     31.5              21.7     9.8
MEAN             38.5              31.3     7.2
DAYS MAX >= 90      0               0.0     0.0
DAYS MAX <= 32      1               7.1    -6.1
DAYS MIN <= 32     20              26.1    -6.1
DAYS MIN <= 0       0               0.7    -0.7

SNOWFALL (INCHES)
TOTALS              T
SINCE 7/1         2.0
SNOWDEPTH AVG.      0
DAYS >= 1.0         0
GREATEST
 SNOW DEPTH         0

DEGREE_DAYS
HEATING TOTAL     813              1045    -232
 SINCE 7/1       2025              2362    -337
COOLING TOTAL       0                 0       0
 SINCE 1/1        619               499     120
.................................................

WIND (MPH)
AVERAGE WIND SPEED              4.2
HIGHEST WIND SPEED/DIRECTION    18/280    DATE  12/24
HIGHEST GUST SPEED/DIRECTION    26/280    DATE  12/24



-  INDICATES NEGATIVE NUMBERS.
R  INDICATES RECORD WAS SET OR TIED.
MM INDICATES DATA IS MISSING.
T  INDICATES TRACE AMOUNT.


REMARKS:
DUE TO HIGHLY SUSPECT PRECIPITATION VALUES FROM THE AUTOMATED RAIN
GAUGE...ALL LIQUID PRECIPITATION DATA WILL BE CODED AS MISSING.


$$




U.S. Dept. of Commerce
NOAA National Weather Service
1325 East West Highway
Silver Spring, MD 20910
E-mail: w-nws.webmaster@noaa.gov
Page last modified: May 16, 2007
NATIONAL WEATHER SERVICE: for Safety, for Work, for Fun - FOR LIFE