153
CXUS51 KRNK 011119
CLMLWB


CLIMATE REPORT
NATIONAL WEATHER SERVICE BLACKSBURG VA
611 AM EST MON DEC 1 2014

...................................

...THE LEWISBURG WV CLIMATE SUMMARY FOR THE MONTH OF NOVEMBER 2014...

CLIMATE NORMAL PERIOD 1981 TO 2010
CLIMATE RECORD PERIOD 1973 TO 2014

WEATHER         OBSERVED          NORMAL  DEPART
                 VALUE   DATE(S)  VALUE   FROM
                                          NORMAL
................................................
TEMPERATURE (F)
RECORD
 HIGH              77   11/14/1993
 LOW                3   11/04/1973
HIGHEST            71   11/24
                        11/11
LOWEST             10   11/19
AVG. MAXIMUM     48.8              53.2    -4.4
AVG. MINIMUM     28.5              28.8    -0.3
MEAN             38.7              41.0    -2.3
DAYS MAX >= 90      0               0.0     0.0
DAYS MAX <= 32      3               0.8     2.2
DAYS MIN <= 32     21              19.3     1.7
DAYS MIN <= 0       0               0.0     0.0

PRECIPITATION (INCHES)
RECORD
 MAXIMUM         2.21   2011
 MINIMUM         0.17   2010
TOTALS           1.33              2.87   -1.54
DAILY AVG.       0.04              0.10   -0.06
DAYS >= .01         8               9.8    -1.8
DAYS >= .10         5               5.7    -0.7
DAYS >= .50         0               2.0    -2.0
DAYS >= 1.00        0               0.6    -0.6
GREATEST
 24 HR. TOTAL    0.42   11/26 TO 11/26

SNOWFALL (INCHES)
TOTALS            2.0
SINCE 7/1         2.0
SNOWDEPTH AVG.      0
DAYS >= 1.0         1
GREATEST
 SNOW DEPTH         2

DEGREE_DAYS
HEATING TOTAL     785               720      65
 SINCE 7/1       1212              1317    -105
COOLING TOTAL       0                 0       0
 SINCE 1/1        619               499     120
.................................................

WIND (MPH)
AVERAGE WIND SPEED              4.4
HIGHEST WIND SPEED/DIRECTION    30/230    DATE  11/24
HIGHEST GUST SPEED/DIRECTION    46/230    DATE  11/24



-  INDICATES NEGATIVE NUMBERS.
R  INDICATES RECORD WAS SET OR TIED.
MM INDICATES DATA IS MISSING.
T  INDICATES TRACE AMOUNT.

$$





U.S. Dept. of Commerce
NOAA National Weather Service
1325 East West Highway
Silver Spring, MD 20910
E-mail: w-nws.webmaster@noaa.gov
Page last modified: May 16, 2007
NATIONAL WEATHER SERVICE: for Safety, for Work, for Fun - FOR LIFE