027
CXUS51 KRNK 010956 CCA
CLMLWB

CLIMATE REPORT
NATIONAL WEATHER SERVICE BLACKSBURG VA
540 AM EDT MON SEP 1 2014

...................................

...THE LEWISBURG WV CLIMATE SUMMARY FOR THE MONTH OF AUGUST 2014...

CLIMATE NORMAL PERIOD 1981 TO 2010
CLIMATE RECORD PERIOD 1973 TO 2014

WEATHER         OBSERVED          NORMAL  DEPART
                 VALUE   DATE(S)  VALUE   FROM
                                          NORMAL
................................................
TEMPERATURE (F)
RECORD
 HIGH              96   08/17/1988
 LOW               38   08/29/1986
HIGHEST            88   08/30
LOWEST             47   08/16
AVG. MAXIMUM     78.5              80.9    -2.4
AVG. MINIMUM     59.9              57.3     2.6
MEAN             69.2              69.1     0.1
DAYS MAX >= 90      0               1.1    -1.1
DAYS MAX <= 32      0               0.0     0.0
DAYS MIN <= 32      0               0.0     0.0
DAYS MIN <= 0       0               0.0     0.0

PRECIPITATION (INCHES)
RECORD
 MAXIMUM         3.35   2013
 MINIMUM         0.07   2012
TOTALS           2.75              3.17   -0.42
DAILY AVG.       0.09              0.10   -0.01
DAYS >= .01        10              10.1    -0.1
DAYS >= .10         8               6.5     1.5
DAYS >= .50         1               2.0    -1.0
DAYS >= 1.00        0               0.7    -0.7
GREATEST
 24 HR. TOTAL    0.76   08/18 TO 08/18

SNOWFALL (INCHES)
TOTALS            0.0
SINCE 7/1         0.0
SNOWDEPTH AVG.      0
DAYS >= 1.0         0
GREATEST
 SNOW DEPTH         0

DEGREE_DAYS
HEATING TOTAL       5                17     -12
 SINCE 7/1         22                28      -6
COOLING TOTAL     144               144       0
 SINCE 1/1        517               450      67
.................................................

WIND (MPH)
AVERAGE WIND SPEED              2.1
HIGHEST WIND SPEED/DIRECTION    15/320    DATE  08/12
HIGHEST GUST SPEED/DIRECTION    24/330    DATE  08/12



-  INDICATES NEGATIVE NUMBERS.
R  INDICATES RECORD WAS SET OR TIED.
MM INDICATES DATA IS MISSING.
T  INDICATES TRACE AMOUNT.

$$




U.S. Dept. of Commerce
NOAA National Weather Service
1325 East West Highway
Silver Spring, MD 20910
E-mail: w-nws.webmaster@noaa.gov
Page last modified: May 16, 2007
NATIONAL WEATHER SERVICE: for Safety, for Work, for Fun - FOR LIFE