689
CXUS51 KRNK 010944
CLMLWB


CLIMATE REPORT
NATIONAL WEATHER SERVICE BLACKSBURG VA
536 AM EDT WED OCT 1 2014

...................................

...THE LEWISBURG WV CLIMATE SUMMARY FOR THE MONTH OF SEPTEMBER 2014...

CLIMATE NORMAL PERIOD 1981 TO 2010
CLIMATE RECORD PERIOD 1973 TO 2014

WEATHER         OBSERVED          NORMAL  DEPART
                 VALUE   DATE(S)  VALUE   FROM
                                          NORMAL
................................................
TEMPERATURE (F)
RECORD
 HIGH              93   09/03/2011
 LOW               27   09/24/1983
HIGHEST            89   09/02
LOWEST             38   09/23
AVG. MAXIMUM     75.7              74.5     1.2
AVG. MINIMUM     55.5              49.4     6.1
MEAN             65.6              62.0     3.6
DAYS MAX >= 90      0               0.3    -0.3
DAYS MAX <= 32      0               0.0     0.0
DAYS MIN <= 32      0               0.6    -0.6
DAYS MIN <= 0       0               0.0     0.0

PRECIPITATION (INCHES)
RECORD
 MAXIMUM         2.63   2013
 MINIMUM         0.54   2012
TOTALS           0.98              3.28   -2.30
DAILY AVG.       0.03              0.11   -0.08
DAYS >= .01         6               8.1    -2.1
DAYS >= .10         2               5.4    -3.4
DAYS >= .50         1               2.1    -1.1
DAYS >= 1.00        0               0.9    -0.9
GREATEST
 24 HR. TOTAL    0.76   09/02 TO 09/02

SNOWFALL (INCHES)
TOTALS            0.0
SINCE 7/1         0.0
SNOWDEPTH AVG.      0
DAYS >= 1.0         0
GREATEST
 SNOW DEPTH         0

DEGREE_DAYS
HEATING TOTAL      72               134     -62
 SINCE 7/1         94               162     -68
COOLING TOTAL      97                43      54
 SINCE 1/1        614               493     121
.................................................

WIND (MPH)
AVERAGE WIND SPEED              2.1
HIGHEST WIND SPEED/DIRECTION    16/250    DATE  09/21
HIGHEST GUST SPEED/DIRECTION    28/250    DATE  09/21

-  INDICATES NEGATIVE NUMBERS.
R  INDICATES RECORD WAS SET OR TIED.
MM INDICATES DATA IS MISSING.
T  INDICATES TRACE AMOUNT.

$$





U.S. Dept. of Commerce
NOAA National Weather Service
1325 East West Highway
Silver Spring, MD 20910
E-mail: w-nws.webmaster@noaa.gov
Page last modified: May 16, 2007
NATIONAL WEATHER SERVICE: for Safety, for Work, for Fun - FOR LIFE