412
CXUS51 KRNK 010948
CLMLWB


CLIMATE REPORT
NATIONAL WEATHER SERVICE BLACKSBURG VA
545 AM EDT TUE APR 1 2014

...................................

...THE LEWISBURG WV CLIMATE SUMMARY FOR THE MONTH OF MARCH 2014...

CLIMATE NORMAL PERIOD 1981 TO 2010
CLIMATE RECORD PERIOD 1973 TO 2014

WEATHER         OBSERVED          NORMAL  DEPART
                 VALUE   DATE(S)  VALUE   FROM
                                          NORMAL
................................................
TEMPERATURE (F)
RECORD
 HIGH              81   MM
 LOW               -2   03/04/2014
HIGHEST            66   03/11
LOWEST             -2R  03/04
AVG. MAXIMUM     48.7              51.8    -3.1
AVG. MINIMUM     25.0              26.8    -1.8
MEAN             36.8              39.3    -2.5
DAYS MAX >= 90      0               0.0     0.0
DAYS MAX <= 32      4               1.7     2.3
DAYS MIN <= 32     24              22.6     1.4
DAYS MIN <= 0       1               0.1     0.9

PRECIPITATION (INCHES)
RECORD
 MAXIMUM         3.40   2012
 MINIMUM         0.23   2011
TOTALS           1.85              3.45   -1.60
DAILY AVG.       0.06              0.11   -0.05
DAYS >= .01         9              12.0    -3.0
DAYS >= .10         5               7.4    -2.4
DAYS >= .50         1               2.7    -1.7
DAYS >= 1.00        0               0.5    -0.5
GREATEST
 24 HR. TOTAL    0.54   03/03 TO 03/03

SNOWFALL (INCHES)
TOTALS            9.5
SINCE 7/1        40.4
SNOWDEPTH AVG.      0
DAYS >= 1.0         4
GREATEST
 SNOW DEPTH         5

DEGREE_DAYS
HEATING TOTAL     865               797      68
 SINCE 7/1       4154              5222   -1068
COOLING TOTAL       0                 0       0
 SINCE 1/1          0                 0       0
.................................................

WIND (MPH)
AVERAGE WIND SPEED              5.5
HIGHEST WIND SPEED/DIRECTION    25/260    DATE  03/12
HIGHEST GUST SPEED/DIRECTION    48/260    DATE  03/12



-  INDICATES NEGATIVE NUMBERS.
R  INDICATES RECORD WAS SET OR TIED.
MM INDICATES DATA IS MISSING.
T  INDICATES TRACE AMOUNT.

REMARLS:
THE SEASONAL SNOWFALL TOTAL...AND THE SEASONAL TOTAL AND DEPARTURE
FROM NORMAL FOR HDD ARE INVALID DUE TO INCOMPLETE DATA BEFORE
DECEMBER 1. ALSO...DUE TO MISSING PRECIPITATION ON JANUARY 25...THE
ANNUAL TOTAL AND DEPARTURE FROM NORMAL FOR PRECIPITATION WILL BE
CALCULATED WITHOUT DATA FROM THAT DATE.

$$






U.S. Dept. of Commerce
NOAA National Weather Service
1325 East West Highway
Silver Spring, MD 20910
E-mail: w-nws.webmaster@noaa.gov
Page last modified: May 16, 2007
NATIONAL WEATHER SERVICE: for Safety, for Work, for Fun - FOR LIFE