718
CXUS51 KRNK 010949
CLMLWB


CLIMATE REPORT
NATIONAL WEATHER SERVICE BLACKSBURG VA
542 AM EDT FRI AUG 1 2014

...................................

...THE LEWISBURG WV CLIMATE SUMMARY FOR THE MONTH OF JULY 2014...

CLIMATE NORMAL PERIOD 1981 TO 2010
CLIMATE RECORD PERIOD 1973 TO 2014

WEATHER         OBSERVED          NORMAL  DEPART
                 VALUE   DATE(S)  VALUE   FROM
                                          NORMAL
................................................
TEMPERATURE (F)
RECORD
 HIGH              98   07/16/1988
 LOW               42   07/07/1983
                        07/06/1979
HIGHEST            89   07/13
                        07/02
LOWEST             46   07/17
                        07/05
AVG. MAXIMUM     81.1              81.9    -0.8
AVG. MINIMUM     58.7              58.7     0.0
MEAN             69.9              70.3    -0.4
DAYS MAX >= 90      0               1.3    -1.3
DAYS MAX <= 32      0               0.0     0.0
DAYS MIN <= 32      0               0.0     0.0
DAYS MIN <= 0       0               0.0     0.0

PRECIPITATION (INCHES)
RECORD
 MAXIMUM         3.65   2013
 MINIMUM         0.34   2012
TOTALS           1.58              4.02   -2.44
DAILY AVG.       0.05              0.13   -0.08
DAYS >= .01         9              11.6    -2.6
DAYS >= .10         4               7.8    -3.8
DAYS >= .50         1               3.0    -2.0
DAYS >= 1.00        0               0.6    -0.6
GREATEST
 24 HR. TOTAL    0.58   07/27 TO 07/27

SNOWFALL (INCHES)
TOTALS            0.0
SINCE 7/1         0.0
SNOWDEPTH AVG.      0
DAYS >= 1.0         0
GREATEST
 SNOW DEPTH         0

DEGREE_DAYS
HEATING TOTAL      17                11       6
 SINCE 7/1         17                11       6
COOLING TOTAL     176               176       0
 SINCE 1/1        373               306      67
.................................................

WIND (MPH)
AVERAGE WIND SPEED              3.0
HIGHEST WIND SPEED/DIRECTION    18/230    DATE  07/08
HIGHEST GUST SPEED/DIRECTION    27/230    DATE  07/08



-  INDICATES NEGATIVE NUMBERS.
R  INDICATES RECORD WAS SET OR TIED.
MM INDICATES DATA IS MISSING.
T  INDICATES TRACE AMOUNT.

$$





U.S. Dept. of Commerce
NOAA National Weather Service
1325 East West Highway
Silver Spring, MD 20910
E-mail: w-nws.webmaster@noaa.gov
Page last modified: May 16, 2007
NATIONAL WEATHER SERVICE: for Safety, for Work, for Fun - FOR LIFE