143
CXUS55 KBYZ 011032
CLMLVM


CLIMATE REPORT
NATIONAL WEATHER SERVICE BILLINGS MT
426 AM MDT TUE JUL 1 2014

...................................

...THE LIVINGSTON MT CLIMATE SUMMARY FOR THE MONTH OF JUNE 2014...

CLIMATE NORMAL PERIOD 1981 TO 2010
CLIMATE RECORD PERIOD 1948 TO 2014

WEATHER         OBSERVED          NORMAL  DEPART
                 VALUE   DATE(S)  VALUE   FROM
                                          NORMAL
................................................
TEMPERATURE (F)
HIGHEST            83   06/09
LOWEST             37   06/08
AVG. MAXIMUM     71.6              73.4    -1.8
AVG. MINIMUM     45.2              44.0     1.2
MEAN             58.4              58.7    -0.3
DAYS MAX >= 90      0
DAYS MAX <= 32      0
DAYS MIN <= 32      0
DAYS MIN <= 0       0

PRECIPITATION (INCHES)
TOTALS           2.30              2.39   -0.09
DAYS >= .01        19
DAYS >= .10         9
DAYS >= .50         0
DAYS >= 1.00        0
GREATEST
 24 HR. TOTAL    0.48   06/15 TO 06/16

DEGREE_DAYS
HEATING TOTAL     195               207     -12
 SINCE 7/1       7356              7603    -247
COOLING TOTAL       2                19     -17
 SINCE 1/1          7                20     -13
.................................................

WIND (MPH)
AVERAGE WIND SPEED              10.9
HIGHEST WIND SPEED/DIRECTION    45/210    DATE  06/21
HIGHEST GUST SPEED/DIRECTION    58/210    DATE  06/21

AVERAGE RH (PERCENT)     61

WEATHER CONDITIONS. NUMBER OF DAYS WITH
THUNDERSTORM              0     MIXED PRECIP               0
HEAVY RAIN                5     RAIN                       9
LIGHT RAIN               20     FREEZING RAIN              0
LT FREEZING RAIN          0     HAIL                       0
HEAVY SNOW                0     SNOW                       0
LIGHT SNOW                0     SLEET                      0
FOG                       7     FOG W/VIS <= 1/4 MILE      0
HAZE                      1

-  INDICATES NEGATIVE NUMBERS.
R  INDICATES RECORD WAS SET OR TIED.
MM INDICATES DATA IS MISSING.
T  INDICATES TRACE AMOUNT.

&&

...JUNE 2014 MONTH IN REVIEW FOR LIVINGSTON...

BELOW IS A SUMMARY OF THE TEMPERATURE AND PRECIPITATION
STATISTICS FOR LIVINGSTON FOR JUNE 2014. ALL TEMPERATURES ARE IN
DEGREES FAHRENHEIT AND ALL PRECIPITATION AMOUNTS ARE IN INCHES. NORMALS
ARE 30 YEAR AVERAGES CALCULATED FROM 1981 TO 2010. MONTHLY RANKINGS
FOR PRECIPITATION...SNOWFALL...AND TEMPERATURES USE A PERIOD
OF RECORD THAT STARTED IN JULY 1948 AT OR NEAR THE LIVINGSTON AIRPORT.

NUMBERS DENOTED WITH AN * IS MISSING DATA IN THE CALCULATION.

... MONTHLY PRECIPITATION...

 MONTH   2014 VALUES  NORMALS    DEPARTURE  RANKING

JUNE         2.30     2.39       -0.09      33RD WETTEST OUT OF 66 YEARS
                                            (RECORD WETTEST WAS 6.77 IN 1992)
                                            (WETTEST SINCE 3.30 IN 2011)

... JUNE 2014 BROKEN OR TIED DAILY PRECIPITATION RECORDS...

NONE

NOTE: SINCE THE LATE 1990S...LIVINGSTON BECAME AN AUTOMATED AND UNATTENDED
WEATHER STATION. PRECIPITATION AMOUNTS IN THE WINTER MAY BE UNDERESTIMATED.

... AVERAGE TEMPERATURES...

 MONTH   2014 VALUES  NORMALS   DEPARTURE  RANKING

JUNE         58.4      58.7      -0.3      TIED FOR THE 22ND COLDEST OUT OF 66 YEARS
                                           (RECORD COLDEST WAS 53.8 IN 1951)
                                           (COLDEST SINCE 56.9 IN 2011)

... AVERAGE HIGH TEMPERATURES...

 MONTH   2014 VALUES  NORMALS   DEPARTURE  RANKING

JUNE         71.6      73.4      -1.8      22ND COLDEST OUT OF 66 YEARS
                                           (RECORD COLDEST WAS 66.6 IN 1951)
                                           (COLDEST SINCE 70.8 IN 2011)

... JUNE 2014 BROKEN OR TIED WARMEST DAILY HIGH TEMPERATURE RECORDS...

NONE

... JUNE 2014 BROKEN OR TIED COLDEST DAILY HIGH TEMPERATURE RECORDS...

NONE

... AVERAGE LOW TEMPERATURES...

 MONTH   2014 VALUES  NORMALS   DEPARTURE  RANKING

JUNE         45.2      44.0      +1.2      30TH COLDEST OUT OF 66 YEARS
                                           (RECORD COLDEST WAS 40.9 IN 1951)
                                           (COLDEST SINCE 44.7 IN 2013)

... JUNE 2014 BROKEN OR TIED WARMEST DAILY LOW TEMPERATURE RECORDS...

NONE

... JUNE 2014 BROKEN OR TIED COLDEST DAILY LOW TEMPERATURE RECORDS...

NONE

$$





U.S. Dept. of Commerce
NOAA National Weather Service
1325 East West Highway
Silver Spring, MD 20910
E-mail: w-nws.webmaster@noaa.gov
Page last modified: May 16, 2007
NATIONAL WEATHER SERVICE: for Safety, for Work, for Fun - FOR LIFE