241
CXUS55 KBYZ 011001
CLMLVM


CLIMATE REPORT
NATIONAL WEATHER SERVICE BILLINGS MT
358 AM MDT WED OCT 1 2014

...................................

...THE LIVINGSTON MT CLIMATE SUMMARY FOR THE MONTH OF SEPTEMBER 2014...

CLIMATE NORMAL PERIOD 1981 TO 2010
CLIMATE RECORD PERIOD 1948 TO 2014

WEATHER         OBSERVED          NORMAL  DEPART
                 VALUE   DATE(S)  VALUE   FROM
                                          NORMAL
................................................
TEMPERATURE (F)
HIGHEST            91   09/25
LOWEST             21   09/12
AVG. MAXIMUM     72.6              72.1     0.5
AVG. MINIMUM     41.7              39.4     2.3
MEAN             57.2              55.8     1.4
DAYS MAX >= 90      1
DAYS MAX <= 32      0
DAYS MIN <= 32      4
DAYS MIN <= 0       0

PRECIPITATION (INCHES)
TOTALS           1.73              1.21    0.52
DAYS >= .01        11
DAYS >= .10         6
DAYS >= .50         1
DAYS >= 1.00        0
GREATEST
 24 HR. TOTAL    0.79   09/26 TO 09/27

DEGREE_DAYS
HEATING TOTAL     244               291     -47
 SINCE 7/1        313               409     -96
COOLING TOTAL      18                14       4
 SINCE 1/1        321               229      92
.................................................

WIND (MPH)
AVERAGE WIND SPEED              10.3
HIGHEST WIND SPEED/DIRECTION    32/280    DATE  09/08
HIGHEST GUST SPEED/DIRECTION    43/280    DATE  09/08

AVERAGE RH (PERCENT)     57

WEATHER CONDITIONS. NUMBER OF DAYS WITH
THUNDERSTORM              4     MIXED PRECIP               0
HEAVY RAIN                4     RAIN                       4
LIGHT RAIN                9     FREEZING RAIN              0
LT FREEZING RAIN          0     HAIL                       0
HEAVY SNOW                0     SNOW                       1
LIGHT SNOW                2     SLEET                      0
FOG                       8     FOG W/VIS <= 1/4 MILE      1
HAZE                      0

-  INDICATES NEGATIVE NUMBERS.
R  INDICATES RECORD WAS SET OR TIED.
MM INDICATES DATA IS MISSING.
T  INDICATES TRACE AMOUNT.

&&

...SEPTEMBER 2014 MONTH IN REVIEW FOR LIVINGSTON...

BELOW IS A SUMMARY OF THE TEMPERATURE AND PRECIPITATION
STATISTICS FOR LIVINGSTON FOR SEPTEMBER 2014. ALL TEMPERATURES ARE IN
DEGREES FAHRENHEIT AND ALL PRECIPITATION AMOUNTS ARE IN INCHES. NORMALS
ARE 30 YEAR AVERAGES CALCULATED FROM 1981 TO 2010. MONTHLY RANKINGS
FOR PRECIPITATION...SNOWFALL...AND TEMPERATURES USE A PERIOD
OF RECORD THAT STARTED IN JULY 1948 AT OR NEAR THE LIVINGSTON AIRPORT.

NUMBERS DENOTED WITH AN * IS MISSING DATA IN THE CALCULATION.

... MONTHLY PRECIPITATION...

 MONTH   2014 VALUES  NORMALS    DEPARTURE  RANKING

SEPTEMBER    1.73     1.21       +0.52      24TH WETTEST OUT OF 67 YEARS
                                            (RECORD WETTEST WAS 3.67 IN 1949)
                                            (WETTEST SINCE 2.31 IN 2013)

... SEPTEMBER 2014 BROKEN OR TIED DAILY PRECIPITATION RECORDS...

NONE

NOTE: SINCE THE LATE 1990S...LIVINGSTON BECAME AN AUTOMATED AND UNATTENDED
WEATHER STATION. PRECIPITATION AMOUNTS IN THE WINTER MAY BE UNDERESTIMATED.

... AVERAGE TEMPERATURES...

 MONTH   2014 VALUES  NORMALS   DEPARTURE  RANKING

SEPTEMBER    57.2      55.8      +1.4      TIED FOR THE 30TH WARMEST OUT OF 67 YEARS
                                           (RECORD WARMEST WAS 64.2 IN 1998)
                                           (WARMEST SINCE 60.9 IN 2013)

... AVERAGE HIGH TEMPERATURES...

 MONTH   2014 VALUES  NORMALS   DEPARTURE  RANKING

SEPTEMBER    72.6      72.1      +0.5      33RD WARMEST OUT OF 67 YEARS
                                           (RECORD WARMEST WAS 81.6 IN 1998)
                                           (WARMEST SINCE 75.0 IN 2013)

... SEPTEMBER 2014 BROKEN OR TIED WARMEST DAILY HIGH TEMPERATURE RECORDS...

91 ON SEPTEMBER 25 (TIED RECORD IN 2001)

... SEPTEMBER 2014 BROKEN OR TIED COLDEST DAILY HIGH TEMPERATURE RECORDS...

NONE

... AVERAGE LOW TEMPERATURES...

 MONTH   2014 VALUES  NORMALS   DEPARTURE  RANKING

SEPTEMBER    41.7      39.4      +2.3      30TH WARMEST OUT OF 67 YEARS
                                           (RECORD WARMEST WAS 47.3 IN 1963)
                                           (WARMEST SINCE 46.7 IN 2013)

... SEPTEMBER 2014 BROKEN OR TIED WARMEST DAILY LOW TEMPERATURE RECORDS...

NONE

... SEPTEMBER 2014 BROKEN OR TIED COLDEST DAILY LOW TEMPERATURE RECORDS...

21 ON SEPTEMBER 12 (OLD RECORD 22 IN 1989)

$$






U.S. Dept. of Commerce
NOAA National Weather Service
1325 East West Highway
Silver Spring, MD 20910
E-mail: w-nws.webmaster@noaa.gov
Page last modified: May 16, 2007
NATIONAL WEATHER SERVICE: for Safety, for Work, for Fun - FOR LIFE