040
CXUS53 KARX 010958
CLMLSE


CLIMATE REPORT
NATIONAL WEATHER SERVICE LA CROSSE WI
457 AM CDT TUE APR 1 2014

...................................

...THE LA CROSSE WI CLIMATE SUMMARY FOR THE MONTH OF MARCH 2014...

CLIMATE NORMAL PERIOD 1981 TO 2010
CLIMATE RECORD PERIOD 1873 TO 2014

WEATHER         OBSERVED          NORMAL  DEPART  LAST YEAR`S
                 VALUE   DATE(S)  VALUE   FROM    VALUE  DATE(S)
                                          NORMAL
................................................................
TEMPERATURE (F)
RECORD
 HIGH              84   03/29/1986
 LOW              -28   03/01/1962
HIGHEST            68   03/31        MM      MM       50  03/29
LOWEST            -21   03/03        MM      MM       -4  03/07
AVG. MAXIMUM     37.2              43.9    -6.7     34.9
AVG. MINIMUM     17.8              25.2    -7.4     17.6
MEAN             27.5              34.5    -7.0     26.2
DAYS MAX >= 90      0               0.0     0.0        0
DAYS MAX <= 32      9               4.5     4.5       13
DAYS MIN <= 32     27              23.3     3.7       30
DAYS MIN <= 0       3               0.6     2.4        1

PRECIPITATION (INCHES)
RECORD
 MAXIMUM         4.23   1876
 MINIMUM         0.03   1910
TOTALS           1.31              2.04   -0.73     2.12
DAILY AVG.       0.04              0.07   -0.03     0.07
DAYS >= .01        10               9.8     0.2       11
DAYS >= .10         5               4.5     0.5        6
DAYS >= .50         1               1.2    -0.2        0
DAYS >= 1.00        0               0.3    -0.3        0
GREATEST
 24 HR. TOTAL    0.64   03/27 TO 03/27

SNOWFALL (INCHES)
RECORDS
 TOTAL           33.5   1959
TOTALS            5.7               7.1    -1.4     15.6
SINCE 7/1        46.6              41.6     5.0     55.6
SNOWDEPTH AVG.      7                MM      MM        5
DAYS >= TRACE      10               4.3     5.7       14
DAYS >= 1.0         2               1.7     0.3        4
GREATEST
 SNOW DEPTH        17   03/07                         12  03/08
                        03/06                             03/07
                        03/05                             03/06
 24 HR TOTAL      1.5   03/04 TO 03/04

DEGREE_DAYS
HEATING TOTAL    1155               944     211     1195
 SINCE 7/1       7345              6453     892     6524
COOLING TOTAL       0                 0       0        0
 SINCE 1/1          0                 0       0        0
.................................................................

WIND (MPH)
AVERAGE WIND SPEED              9.6
HIGHEST WIND SPEED/DIRECTION    33/210    DATE  03/31
HIGHEST GUST SPEED/DIRECTION    43/220    DATE  03/31

SKY COVER
POSSIBLE SUNSHINE (PERCENT)   MM
AVERAGE SKY COVER           0.40
NUMBER OF DAYS FAIR           13
NUMBER OF DAYS PC             14
NUMBER OF DAYS CLOUDY          4

AVERAGE RH (PERCENT)     63

WEATHER CONDITIONS. NUMBER OF DAYS WITH
THUNDERSTORM              0     MIXED PRECIP               0
HEAVY RAIN                0     RAIN                       2
LIGHT RAIN                5     FREEZING RAIN              0
LT FREEZING RAIN          0     HAIL                       0
HEAVY SNOW                1     SNOW                       1
LIGHT SNOW               10     SLEET                      0
FOG                      10     FOG W/VIS <= 1/4 MILE      0
HAZE                      4

-  INDICATES NEGATIVE NUMBERS.
R  INDICATES RECORD WAS SET OR TIED.
MM INDICATES DATA IS MISSING.
T  INDICATES TRACE AMOUNT.

$$




U.S. Dept. of Commerce
NOAA National Weather Service
1325 East West Highway
Silver Spring, MD 20910
E-mail: w-nws.webmaster@noaa.gov
Page last modified: May 16, 2007
NATIONAL WEATHER SERVICE: for Safety, for Work, for Fun - FOR LIFE