746
CXUS53 KARX 010758
CLMLSE


CLIMATE REPORT
NATIONAL WEATHER SERVICE LA CROSSE WI
157 AM CST MON DEC 1 2014

...................................

...THE LA CROSSE WI CLIMATE SUMMARY FOR THE MONTH OF NOVEMBER 2014...

CLIMATE NORMAL PERIOD 1981 TO 2010
CLIMATE RECORD PERIOD 1873 TO 2014

WEATHER         OBSERVED          NORMAL  DEPART  LAST YEAR`S
                 VALUE   DATE(S)  VALUE   FROM    VALUE  DATE(S)
                                          NORMAL
................................................................
TEMPERATURE (F)
RECORD
 HIGH              80   11/01/1933
 LOW              -21   11/29/1875
HIGHEST            58   11/03        MM      MM       61  11/16
                        11/02
LOWEST              4   11/21        MM      MM        8  11/24
AVG. MAXIMUM     37.1              43.8    -6.7     43.5
AVG. MINIMUM     23.1              28.1    -5.0     26.7
MEAN             30.1              35.9    -5.8     35.1
DAYS MAX >= 90      0               0.0     0.0        0
DAYS MAX <= 32     14               4.5     9.5        4
DAYS MIN <= 32     20              19.6     0.4       20
DAYS MIN <= 0       0               0.1    -0.1        0

PRECIPITATION (INCHES)
RECORD
 MAXIMUM         7.24   1876
 MINIMUM            T   1976
TOTALS           0.96              2.01   -1.05     1.77
DAILY AVG.       0.03              0.07   -0.04     0.06
DAYS >= .01        14               9.0     5.0       10
DAYS >= .10         3               4.7    -1.7        4
DAYS >= .50         0               1.2    -1.2        1
DAYS >= 1.00        0               0.3    -0.3        1
GREATEST
 24 HR. TOTAL    0.43   11/23 TO 11/24

SNOWFALL (INCHES)
RECORDS
 TOTAL           30.3   1991
TOTALS            7.8               4.1     3.7      1.0
SINCE 7/1         7.8               4.3     3.5      1.0
SNOWDEPTH AVG.      1                MM      MM        0
DAYS >= TRACE      17               3.1    13.9        8
DAYS >= 1.0         3               1.2     1.8        0
GREATEST
 SNOW DEPTH         2   11/29                          1  11/22
                        11/28
                        11/27
 24 HR TOTAL      2.7   11/11 TO 11/11

DEGREE_DAYS
HEATING TOTAL    1040               872     168      890
 SINCE 7/1       1600              1500     100     1404
COOLING TOTAL       0                 0       0        0
 SINCE 1/1        822               782      40      917
.................................................................

WIND (MPH)
AVERAGE WIND SPEED              10.2
HIGHEST WIND SPEED/DIRECTION    33/330    DATE  11/08
HIGHEST GUST SPEED/DIRECTION    42/340    DATE  11/08

SKY COVER
POSSIBLE SUNSHINE (PERCENT)   MM
AVERAGE SKY COVER           0.60
NUMBER OF DAYS FAIR            5
NUMBER OF DAYS PC             14
NUMBER OF DAYS CLOUDY         11

AVERAGE RH (PERCENT)     69

WEATHER CONDITIONS. NUMBER OF DAYS WITH
THUNDERSTORM              0     MIXED PRECIP               0
HEAVY RAIN                0     RAIN                       1
LIGHT RAIN               10     FREEZING RAIN              0
LT FREEZING RAIN          3     HAIL                       0
HEAVY SNOW                0     SNOW                       1
LIGHT SNOW               17     SLEET                      1
FOG                      13     FOG W/VIS <= 1/4 MILE      1
HAZE                      8

-  INDICATES NEGATIVE NUMBERS.
R  INDICATES RECORD WAS SET OR TIED.
MM INDICATES DATA IS MISSING.
T  INDICATES TRACE AMOUNT.

$$




U.S. Dept. of Commerce
NOAA National Weather Service
1325 East West Highway
Silver Spring, MD 20910
E-mail: w-nws.webmaster@noaa.gov
Page last modified: May 16, 2007
NATIONAL WEATHER SERVICE: for Safety, for Work, for Fun - FOR LIFE