676
CXUS53 KARX 010716
CLMLSE


CLIMATE REPORT
NATIONAL WEATHER SERVICE LA CROSSE WI
215 AM CDT SAT NOV 1 2014

...................................

...THE LA CROSSE WI CLIMATE SUMMARY FOR THE MONTH OF OCTOBER 2014...

CLIMATE NORMAL PERIOD 1981 TO 2010
CLIMATE RECORD PERIOD 1873 TO 2014

WEATHER         OBSERVED          NORMAL  DEPART  LAST YEAR`S
                 VALUE   DATE(S)  VALUE   FROM    VALUE  DATE(S)
                                          NORMAL
................................................................
TEMPERATURE (F)
RECORD
 HIGH              93   10/06/1963
 LOW                6   10/25/1887
HIGHEST            72   10/27        MM      MM       81  10/01
LOWEST             29   10/31        MM      MM       24  10/22
AVG. MAXIMUM     60.2              59.9     0.3     60.8
AVG. MINIMUM     40.9              40.4     0.5     40.7
MEAN             50.6              50.2     0.4     50.8
DAYS MAX >= 90      0               0.0     0.0        0
DAYS MAX <= 32      0               0.0     0.0        0
DAYS MIN <= 32      3               5.7    -2.7        6
DAYS MIN <= 0       0               0.0     0.0        0

PRECIPITATION (INCHES)
RECORD
 MAXIMUM        12.09   1900
 MINIMUM         0.02   1952
TOTALS           3.53              2.17    1.36     3.84
DAILY AVG.       0.11              0.07    0.04     0.12
DAYS >= .01         5               9.3    -4.3       12
DAYS >= .10         4               4.8    -0.8        5
DAYS >= .50         3               1.2     1.8        3
DAYS >= 1.00        1               0.4     0.6        2
GREATEST
 24 HR. TOTAL    1.75   10/13 TO 10/14

SNOWFALL (INCHES)
RECORDS
 TOTAL            7.0   1917
TOTALS            0.0               0.2    -0.2        T
SINCE 7/1         0.0               0.2    -0.2        T
SNOWDEPTH AVG.      0                MM      MM        0
DAYS >= TRACE       0               0.3    -0.3        2
DAYS >= 1.0         0               0.1    -0.1        0
GREATEST
 SNOW DEPTH         0   MM                             0  MM
 24 HR TOTAL      0.0   10/31 TO 10/31

DEGREE_DAYS
HEATING TOTAL     438               468     -30      434
 SINCE 7/1        560               628     -68      514
COOLING TOTAL       0                 8      -8        1
 SINCE 1/1        822               782      40      917
.................................................................

WIND (MPH)
AVERAGE WIND SPEED              8.5
HIGHEST WIND SPEED/DIRECTION    29/330    DATE  10/30
HIGHEST GUST SPEED/DIRECTION    39/330    DATE  10/30

SKY COVER
POSSIBLE SUNSHINE (PERCENT)   MM
AVERAGE SKY COVER           0.50
NUMBER OF DAYS FAIR           11
NUMBER OF DAYS PC             13
NUMBER OF DAYS CLOUDY          7

AVERAGE RH (PERCENT)     68

WEATHER CONDITIONS. NUMBER OF DAYS WITH
THUNDERSTORM              0     MIXED PRECIP               0
HEAVY RAIN                1     RAIN                       4
LIGHT RAIN               13     FREEZING RAIN              0
LT FREEZING RAIN          0     HAIL                       0
HEAVY SNOW                0     SNOW                       0
LIGHT SNOW                0     SLEET                      0
FOG                      12     FOG W/VIS <= 1/4 MILE      4
HAZE                      3

-  INDICATES NEGATIVE NUMBERS.
R  INDICATES RECORD WAS SET OR TIED.
MM INDICATES DATA IS MISSING.
T  INDICATES TRACE AMOUNT.

$$




U.S. Dept. of Commerce
NOAA National Weather Service
1325 East West Highway
Silver Spring, MD 20910
E-mail: w-nws.webmaster@noaa.gov
Page last modified: May 16, 2007
NATIONAL WEATHER SERVICE: for Safety, for Work, for Fun - FOR LIFE