588
CXUS54 KCRP 060302 CCA
CLMLRD

CLIMATE REPORT
NATIONAL WEATHER SERVICE CORPUS CHRISTI TX
854 PM CST FRI DEC 5 2014

...................................

...THE LAREDO CLIMATE SUMMARY FOR THE MONTH OF NOVEMBER 2014...

***NOTE***
...DATA VALUES FROM NOVEMBER 25TH TO 30TH ARE USED FROM BACKUP
SITE...

CLIMATE NORMAL PERIOD 1981 TO 2010
CLIMATE RECORD PERIOD 1900 TO 2014

WEATHER         OBSERVED          NORMAL  DEPART  LAST YEAR`S
                 VALUE   DATE(S)  VALUE   FROM    VALUE  DATE(S)
                                          NORMAL
................................................................
TEMPERATURE (F)
RECORD
 HIGH             101   11/17/1906
 LOW               21   11/21/1906
HIGHEST            86   11/23        82       4       93  11/17
LOWEST             37   11/17        49     -12       34  11/27
AVG. MAXIMUM     71.3              76.3    -5.0     73.2
AVG. MINIMUM     51.7              55.2    -3.5     53.5
MEAN             61.5              65.8    -4.3     63.3
DAYS MAX >= 90      0               1.2    -1.2        2
DAYS MAX <= 32      0               0.0     0.0        0
DAYS MIN <= 32      0               0.3    -0.3        0
DAYS MIN <= 0       0               0.0     0.0        0

PRECIPITATION (INCHES)
RECORD
 MAXIMUM         6.50   1919
 MINIMUM         0.00   1981
TOTALS           1.81              1.19    0.62     0.40
DAILY AVG.       0.06              0.04    0.02     0.01
DAYS >= .01         4               4.3    -0.3        4
DAYS >= .10         3               2.2     0.8        2
DAYS >= .50         1               0.6     0.4        0
DAYS >= 1.00        1               0.2     0.8        0
GREATEST
 24 HR. TOTAL    1.10   11/06 TO 11/06           11/25 TO 11/25

SNOWFALL (INCHES)
RECORDS
 TOTAL             MM   MM
 24 HR TOTAL       MM
TOTALS            0.0               0.0     0.0      0.0
SINCE 7/1         0.0               0.0     0.0      0.0
SNOWDEPTH AVG.      0                 0       0        0
DAYS >= 1.0         0               0.0     0.0
GREATEST
 SNOW DEPTH         0   MM                             0
 24 HR TOTAL      0.0   11/30 TO 11/30               0.0

DEGREE_DAYS
HEATING TOTAL     158               103      55      165
 SINCE 7/1        158               115      43      165
COOLING TOTAL      61               126     -65      125
 SINCE 1/1       4475              4255     220     4482
.................................................

WIND (MPH)
AVERAGE WIND SPEED              8.9
HIGHEST WIND SPEED/DIRECTION    31/330    DATE  11/16
HIGHEST GUST SPEED/DIRECTION    38/330    DATE  11/16

SKY COVER
AVERAGE SKY COVER           0.40

AVERAGE RH (PERCENT)     67

WEATHER CONDITIONS. NUMBER OF DAYS WITH
THUNDERSTORM              0     MIXED PRECIP               0
HEAVY RAIN                2     RAIN                       3
LIGHT RAIN               10     FREEZING RAIN              0
LT FREEZING RAIN          0     HAIL                       0
HEAVY SNOW                0     SNOW                       0
LIGHT SNOW                0     SLEET                      0
FOG                      11     FOG W/VIS <= 1/4 MILE      4
HAZE                      5

-  INDICATES NEGATIVE NUMBERS.
R  INDICATES RECORD WAS SET OR TIED.
MM INDICATES DATA IS MISSING.
T  INDICATES TRACE AMOUNT.

$$








U.S. Dept. of Commerce
NOAA National Weather Service
1325 East West Highway
Silver Spring, MD 20910
E-mail: w-nws.webmaster@noaa.gov
Page last modified: May 16, 2007
NATIONAL WEATHER SERVICE: for Safety, for Work, for Fun - FOR LIFE