915
CXUS54 KCRP 022113 CCA
CLMLRD

CLIMATE REPORT
NATIONAL WEATHER SERVICE CORPUS CHRISTI TX
312 PM CST FRI JAN 2 2015

...................................

...THE LAREDO CLIMATE SUMMARY FOR THE MONTH OF DECEMBER 2014...

CLIMATE NORMAL PERIOD 1981 TO 2010
CLIMATE RECORD PERIOD 1900 TO 2014

WEATHER         OBSERVED          NORMAL  DEPART  LAST YEAR`S
                 VALUE   DATE(S)  VALUE   FROM    VALUE  DATE(S)
                                          NORMAL
................................................................
TEMPERATURE (F)
RECORD
 HIGH              95   12/04/1977
                        12/06/1951
                        12/03/1942
 LOW               11   12/30/1983
HIGHEST            79   12/01        72       7       91  12/03
LOWEST             37   12/29        43      -6       35  12/24
                                                          12/15
                                                          12/08
AVG. MAXIMUM     67.5              67.7    -0.2     65.6
AVG. MINIMUM     52.7              46.8     5.9     46.1
MEAN             60.1              57.3     2.8     55.9
DAYS MAX >= 90      0               0.0     0.0        1
DAYS MAX <= 32      0               0.0     0.0        0
DAYS MIN <= 32      0               1.9    -1.9        0
DAYS MIN <= 0       0               0.0     0.0        0

PRECIPITATION (INCHES)
RECORD
 MAXIMUM         4.36   2006
 MINIMUM         0.00   2004
TOTALS           0.95              0.88    0.07     1.23
DAILY AVG.       0.03              0.03    0.00     0.04
DAYS >= .01         9               5.6     3.4        5
DAYS >= .10         4               1.7     2.3        3
DAYS >= .50         0               0.5    -0.5        1
DAYS >= 1.00        0               0.2    -0.2        0
GREATEST
 24 HR. TOTAL    0.39   12/27 TO 12/27           12/26 TO 12/26
                                                          12/31 TO 12/31

SNOWFALL (INCHES)
RECORDS
 TOTAL             MM   MM
 24 HR TOTAL       MM
TOTALS            0.0               0.0     0.0      0.0
SINCE 7/1         0.0               0.0     0.0      0.0
SNOWDEPTH AVG.      0                 0       0        0
DAYS >= 1.0         0               0.0     0.0        0
GREATEST
 SNOW DEPTH         0   MM                             0
 24 HR TOTAL      0.0   12/31 TO 12/31               0.0

DEGREE_DAYS
HEATING TOTAL     180               275     -95      312
 SINCE 7/1        338               390     -52      477
COOLING TOTAL      36                35       1       37
 SINCE 1/1       4511              4290     221     4519
..................................................

WIND (MPH)
AVERAGE WIND SPEED              7.8
HIGHEST WIND SPEED/DIRECTION    33/330     DATE   12/23
HIGHEST GUST SPEED/DIRECTION    43/330     DATE   12/23

SKY COVER
AVERAGE SKY COVER           0.70

AVERAGE RH (PERCENT)     78

WEATHER CONDITIONS. NUMBER OF DAYS WITH
THUNDERSTORM              0     MIXED PRECIP               0
HEAVY RAIN                2     RAIN                       2
LIGHT RAIN               14     FREEZING RAIN              0
LT FREEZING RAIN          0     HAIL                       0
HEAVY SNOW                0     SNOW                       0
LIGHT SNOW                0     SLEET                      0
FOG                      21     FOG W/VIS <= 1/4 MILE      6
HAZE                      5

-  INDICATES NEGATIVE NUMBERS.
R  INDICATES RECORD WAS SET OR TIED.
MM INDICATES DATA IS MISSING.
T  INDICATES TRACE AMOUNT.

$$

88














U.S. Dept. of Commerce
NOAA National Weather Service
1325 East West Highway
Silver Spring, MD 20910
E-mail: w-nws.webmaster@noaa.gov
Page last modified: May 16, 2007
NATIONAL WEATHER SERVICE: for Safety, for Work, for Fun - FOR LIFE