241
CXUS54 KCRP 011718
CLMLRD

CLIMATE REPORT
NATIONAL WEATHER SERVICE CORPUS CHRISTI TX
1203 PM CDT TUE APR 1 2014

...................................

...THE LAREDO CLIMATE SUMMARY FOR THE MONTH OF MARCH 2014...

CLIMATE NORMAL PERIOD 1981 TO 2010
CLIMATE RECORD PERIOD 1900 TO 2014

WEATHER         OBSERVED          NORMAL  DEPART  LAST YEAR`S
                 VALUE   DATE(S)  VALUE   FROM    VALUE  DATE(S)
                                          NORMAL
................................................................
TEMPERATURE (F)
RECORD
 HIGH             105   03/06/1991
                        03/27/1984
                        03/26/1950
 LOW               25   03/03/1922
                        03/15/1909
HIGHEST            96   03/28        86      10       99  03/18
LOWEST             37   03/04        53     -16       41  03/01
AVG. MAXIMUM     76.9              79.8    -2.9     83.1
AVG. MINIMUM     54.9              56.9    -2.0     57.8
MEAN             65.9              68.4    -2.5     70.5
DAYS MAX >= 90      6               4.1     1.9        8
DAYS MAX <= 32      0               0.0     0.0        0
DAYS MIN <= 32      0               0.3    -0.3        0
DAYS MIN <= 0       0               0.0     0.0        0

PRECIPITATION (INCHES)
RECORD
 MAXIMUM         4.78   2004
 MINIMUM           MM   MM
TOTALS           1.08              1.12   -0.04        T
DAILY AVG.       0.03              0.04   -0.01        T
DAYS >= .01         5               4.4     0.6        0
DAYS >= .10         2               1.9     0.1        0
DAYS >= .50         1               0.6     0.4        0
DAYS >= 1.00        0               0.2    -0.2        0
GREATEST
 24 HR. TOTAL    0.57   03/10 TO 03/10           03/20 TO 03/20
                                                          03/31 TO 03/31
                                                          03/31 TO 03/31

SNOWFALL (INCHES)
RECORDS
 TOTAL             MM   MM
 24 HR TOTAL       MM
TOTALS            0.0                MM      MM      0.0
SINCE 7/1         0.0               0.0     0.0      0.0
SNOWDEPTH AVG.      0                MM      MM        0
DAYS >= 1.0         0                MM      MM
GREATEST
 SNOW DEPTH         0   MM                             0
 24 HR TOTAL      0.0   03/31 TO 03/31               0.0

DEGREE_DAYS
HEATING TOTAL      99                69      30       37
 SINCE 7/1       1090               913     177      513
COOLING TOTAL     136               173     -37      215
 SINCE 1/1        248               258     -10      369
..................................................

WIND (MPH)
AVERAGE WIND SPEED              10.1
HIGHEST WIND SPEED/DIRECTION    33/020    DATE  03/02
HIGHEST GUST SPEED/DIRECTION    40/330    DATE  03/16

SKY COVER
AVERAGE SKY COVER           0.40

AVERAGE RH (PERCENT)     64

WEATHER CONDITIONS. NUMBER OF DAYS WITH
THUNDERSTORM              3     MIXED PRECIP               0
HEAVY RAIN                2     RAIN                       4
LIGHT RAIN               10     FREEZING RAIN              0
LT FREEZING RAIN          0     HAIL                       0
HEAVY SNOW                0     SNOW                       0
LIGHT SNOW                0     SLEET                      0
FOG                      15     FOG W/VIS <= 1/4 MILE      1
HAZE                      5

-  INDICATES NEGATIVE NUMBERS.
R  INDICATES RECORD WAS SET OR TIED.
MM INDICATES DATA IS MISSING.
T  INDICATES TRACE AMOUNT.

$$

ANM







U.S. Dept. of Commerce
NOAA National Weather Service
1325 East West Highway
Silver Spring, MD 20910
E-mail: w-nws.webmaster@noaa.gov
Page last modified: May 16, 2007
NATIONAL WEATHER SERVICE: for Safety, for Work, for Fun - FOR LIFE