760
CXUS53 KJKL 010736
CLMLOZ

CLIMATE REPORT
NATIONAL WEATHER SERVICE JACKSON KY
336 AM EDT WED OCT 1 2014

...................................

...THE LONDON KY CLIMATE SUMMARY FOR THE MONTH OF SEPTEMBER 2014...

CLIMATE NORMAL PERIOD 1981 TO 2010
CLIMATE RECORD PERIOD 1954 TO 2014

WEATHER         OBSERVED          NORMAL  DEPART  LAST YEAR`S
                 VALUE   DATE(S)  VALUE   FROM    VALUE  DATE(S)
                                          NORMAL
................................................................
TEMPERATURE (F)
RECORD
 HIGH              97   09/05/2007
 LOW               32   09/24/1983
HIGHEST            91   09/02        MM      MM       89  09/10
                        09/01
LOWEST             46   09/23        MM      MM       48  09/14
AVG. MAXIMUM     79.7              79.6     0.1     80.0
AVG. MINIMUM     60.1              56.9     3.2     58.5
MEAN             69.9              68.3     1.6     69.3
DAYS MAX >= 90      2               2.0     0.0        0
DAYS MAX <= 32      0               0.0     0.0        0
DAYS MIN <= 32      0               0.0     0.0        0
DAYS MIN <= 0       0               0.0     0.0        0

PRECIPITATION (INCHES)
RECORD
 MAXIMUM         8.50   2004
 MINIMUM         0.40   2008
TOTALS           1.39              3.37   -1.98     2.61
DAILY AVG.       0.05              0.11   -0.06     0.09
DAYS >= .01         9               8.5     0.5        8
DAYS >= .10         4               5.4    -1.4        5
DAYS >= .50         0               2.3    -2.3        1
DAYS >= 1.00        0               0.9    -0.9        1
GREATEST
 24 HR. TOTAL    0.50   09/11 TO 09/12              1.27

SNOWFALL (INCHES)
RECORDS
 TOTAL             MM   MM
TOTALS             MM               0.0      MM       MM
SINCE 7/1          MM               0.0      MM       MM
SNOWDEPTH AVG.     MM                MM      MM       MM
DAYS >= 1.0        MM               0.0      MM       MM
GREATEST
 SNOW DEPTH        MM                                 MM
 24 HR TOTAL       MM                                 MM

DEGREE_DAYS
HEATING TOTAL      18                46     -28       15
 SINCE 7/1         18                47     -29       15
COOLING TOTAL     173               143      30      149
 SINCE 1/1       1227              1167      60     1041
.................................................................

WIND (MPH)
AVERAGE WIND SPEED              3.7
HIGHEST WIND SPEED/DIRECTION    22/260    DATE  09/02
HIGHEST GUST SPEED/DIRECTION    28/320    DATE  09/06

SKY COVER
POSSIBLE SUNSHINE (PERCENT)   MM
AVERAGE SKY COVER           0.40
NUMBER OF DAYS FAIR           17
NUMBER OF DAYS PC              8
NUMBER OF DAYS CLOUDY          5

AVERAGE RH (PERCENT)     72

WEATHER CONDITIONS. NUMBER OF DAYS WITH
THUNDERSTORM              3     MIXED PRECIP               0
HEAVY RAIN                4     RAIN                       2
LIGHT RAIN               11     FREEZING RAIN              0
LT FREEZING RAIN          0     HAIL                       0
HEAVY SNOW                0     SNOW                       0
LIGHT SNOW                0     SLEET                      0
FOG                      20     FOG W/VIS <= 1/4 MILE      5
HAZE                      1

-  INDICATES NEGATIVE NUMBERS.
R  INDICATES RECORD WAS SET OR TIED.
MM INDICATES DATA IS MISSING.
T  INDICATES TRACE AMOUNT.

$$

RECORDS...

NEW MINIMUM HIGH RECORDS...

69 ON THE 12TH

NEW MAXIMUM LOW RECORDS...

70 ON THE 4TH

TIED MAXIMUM LOW RECORDS...

71 ON THE 1ST
70 ON THE 2ND
69 ON  THE 11TH

..NOTE...ANNUAL COOLING DEGREE DAY TOTAL MISSING TWO DAYS IN JUNE DUE
TO POWER OUTAGE...

$$

CARICO

...






U.S. Dept. of Commerce
NOAA National Weather Service
1325 East West Highway
Silver Spring, MD 20910
E-mail: w-nws.webmaster@noaa.gov
Page last modified: May 16, 2007
NATIONAL WEATHER SERVICE: for Safety, for Work, for Fun - FOR LIFE