400
CXUS53 KJKL 010737 CCA
CLMLOZ

CLIMATE REPORT...CORRECTION
NATIONAL WEATHER SERVICE JACKSON KY
332 AM EDT FRI AUG 1 2014

...................................

...THE LONDON KY CLIMATE SUMMARY FOR THE MONTH OF JULY 2014...

CLIMATE NORMAL PERIOD 1981 TO 2010
CLIMATE RECORD PERIOD 1954 TO 2014

WEATHER         OBSERVED          NORMAL  DEPART  LAST YEAR`S
                 VALUE   DATE(S)  VALUE   FROM    VALUE  DATE(S)
                                          NORMAL
................................................................
TEMPERATURE (F)
RECORD
 HIGH             101   07/01/2012
                        07/31/1999
                        07/30/1999
 LOW               45   07/10/1961
HIGHEST            93   07/13        MM      MM       91  07/17
                                                          07/16
LOWEST             54   07/30        MM      MM       51  07/29
                        07/17
                        07/05
AVG. MAXIMUM     83.8              86.4    -2.6     82.1
AVG. MINIMUM     63.5              66.2    -2.7     64.9
MEAN             73.6              76.3    -2.7     73.5
DAYS MAX >= 90      6               7.2    -1.2        2
DAYS MAX <= 32      0               0.0     0.0        0
DAYS MIN <= 32      0               0.0     0.0        0
DAYS MIN <= 0       0               0.0     0.0        0

PRECIPITATION (INCHES)
RECORD
 MAXIMUM        10.14   1972
 MINIMUM         1.12   1974
TOTALS           7.00              4.04    2.96     7.19
DAILY AVG.       0.23              0.13    0.10     0.23
DAYS >= .01        12              12.5    -0.5       17
DAYS >= .10         9               8.1     0.9        9
DAYS >= .50         2               3.0    -1.0        4
DAYS >= 1.00        1               1.0     0.0        3
GREATEST
 24 HR. TOTAL    4.23   07/14 TO 07/15              2.78

SNOWFALL (INCHES)
RECORDS
 TOTAL             MM   MM
TOTALS             MM               0.0      MM       MM
SINCE 7/1          MM               0.0      MM       MM
SNOWDEPTH AVG.     MM                MM      MM       MM
DAYS >= 1.0        MM               0.0      MM       MM
GREATEST
 SNOW DEPTH        MM                                 MM
 24 HR TOTAL       MM                                 MM

DEGREE_DAYS
HEATING TOTAL       0                 0       0        0
 SINCE 7/1          0                 0       0        0
COOLING TOTAL     275               350     -75      271
 SINCE 1/1        723               707      16      602
.................................................................

WIND (MPH)
AVERAGE WIND SPEED              4.4
HIGHEST WIND SPEED/DIRECTION    30/280    DATE  07/14
HIGHEST GUST SPEED/DIRECTION    48/290    DATE  07/14

SKY COVER
POSSIBLE SUNSHINE (PERCENT)   MM
AVERAGE SKY COVER           0.40
NUMBER OF DAYS FAIR           16
NUMBER OF DAYS PC             13
NUMBER OF DAYS CLOUDY          2

AVERAGE RH (PERCENT)     68

WEATHER CONDITIONS. NUMBER OF DAYS WITH
THUNDERSTORM              8     MIXED PRECIP               0
HEAVY RAIN                7     RAIN                       6
LIGHT RAIN               12     FREEZING RAIN              0
LT FREEZING RAIN          0     HAIL                       0
HEAVY SNOW                0     SNOW                       0
LIGHT SNOW                0     SLEET                      0
FOG                      20     FOG W/VIS <= 1/4 MILE      3
HAZE                      8

-  INDICATES NEGATIVE NUMBERS.
R  INDICATES RECORD WAS SET OR TIED.
MM INDICATES DATA IS MISSING.
T  INDICATES TRACE AMOUNT.

&&

NEW MONTHLY PRECIPITATION RECORD...

3.88 ON THE 14TH

NEW PRECIPITATION RECORD...

3.88 ON THE 14TH

TIED MINIMUM RECORD...

54 ON THE 30TH

NEW MINIMUM HIGH RECORD...

70 ON THE 18TH

TIED MINIMUM HIGH RECORD...

73 ON THE 29TH

&&

...NOTE...COOLING DEGREE DAY TOTAL MISSING TWO DAYS IN JUNE DUE
TO POWER OUTAGE...

$$

CARICO

...CORRECTED TO ADD MISSING DATA NOTE...






U.S. Dept. of Commerce
NOAA National Weather Service
1325 East West Highway
Silver Spring, MD 20910
E-mail: w-nws.webmaster@noaa.gov
Page last modified: May 16, 2007
NATIONAL WEATHER SERVICE: for Safety, for Work, for Fun - FOR LIFE