098
CXUS53 KJKL 010740
CLMLOZ

CLIMATE REPORT
NATIONAL WEATHER SERVICE JACKSON KY
240 AM EST MON DEC 1 2014

...................................

...THE LONDON KY CLIMATE SUMMARY FOR THE MONTH OF NOVEMBER 2014...

CLIMATE NORMAL PERIOD 1981 TO 2010
CLIMATE RECORD PERIOD 1954 TO 2014

WEATHER         OBSERVED          NORMAL  DEPART  LAST YEAR`S
                 VALUE   DATE(S)  VALUE   FROM    VALUE  DATE(S)
                                          NORMAL
................................................................
TEMPERATURE (F)
RECORD
 HIGH              82   11/04/1977
 LOW                2   11/30/1976
HIGHEST            70   11/24        MM      MM       73  11/06
                        11/11
LOWEST             16   11/19        MM      MM       16  11/28
AVG. MAXIMUM     51.4              58.5    -7.1     55.3
AVG. MINIMUM     31.5              36.7    -5.2     32.6
MEAN             41.4              47.6    -6.2     44.0
DAYS MAX >= 90      0               0.0     0.0        0
DAYS MAX <= 32      2               0.2     1.8        1
DAYS MIN <= 32     17              10.9     6.1       17
DAYS MIN <= 0       0               0.0     0.0        0

PRECIPITATION (INCHES)
RECORD
 MAXIMUM         8.53   1986
 MINIMUM         0.40   1976
TOTALS           2.91              3.83   -0.92     2.78
DAILY AVG.       0.10              0.13   -0.03     0.09
DAYS >= .01        11              10.5     0.5       10
DAYS >= .10         6               7.1    -1.1        6
DAYS >= .50         2               2.8    -0.8        1
DAYS >= 1.00        1               1.0     0.0        1
GREATEST
 24 HR. TOTAL    1.24   11/05 TO 11/06              1.09

SNOWFALL (INCHES)
RECORDS
 TOTAL            4.5   1963
                        1959
TOTALS             MM                 T      MM       MM
SINCE 7/1          MM                 T      MM       MM
SNOWDEPTH AVG.     MM                MM      MM       MM
DAYS >= 1.0        MM               0.0      MM       MM
GREATEST
 SNOW DEPTH        MM                                 MM
 24 HR TOTAL       MM                                 MM

DEGREE_DAYS
HEATING TOTAL     699               524     175      623
 SINCE 7/1        944               830     114      867
COOLING TOTAL       0                 2      -2        0
 SINCE 1/1       1247              1190      57     1083
.................................................................

WIND (MPH)
AVERAGE WIND SPEED              6.6
HIGHEST WIND SPEED/DIRECTION    33/220    DATE  11/24
HIGHEST GUST SPEED/DIRECTION    55/230    DATE  11/24

SKY COVER
POSSIBLE SUNSHINE (PERCENT)   MM
AVERAGE SKY COVER           0.50
NUMBER OF DAYS FAIR           11
NUMBER OF DAYS PC              9
NUMBER OF DAYS CLOUDY         10

AVERAGE RH (PERCENT)     62

WEATHER CONDITIONS. NUMBER OF DAYS WITH
THUNDERSTORM              0     MIXED PRECIP               0
HEAVY RAIN                1     RAIN                       6
LIGHT RAIN               10     FREEZING RAIN              0
LT FREEZING RAIN          0     HAIL                       0
HEAVY SNOW                0     SNOW                       0
LIGHT SNOW                5     SLEET                      0
FOG                      10     FOG W/VIS <= 1/4 MILE      0
HAZE                      4

-  INDICATES NEGATIVE NUMBERS.
R  INDICATES RECORD WAS SET OR TIED.
MM INDICATES DATA IS MISSING.
T  INDICATES TRACE AMOUNT.

&&

RECORDS...

NEW MINIMUM RECORDS...

16 ON THE 19TH

NEW MINIMUM HIGH RECORDS...

38 ON THE 1ST
31 ON THE 14TH
27 ON THE 18TH

$$

CARICO

...NOTE...ANNUAL COOLING DEGREE DAY TOTAL MISSING TWO DAYS IN JUNE DUE
TO POWER OUTAGE...






U.S. Dept. of Commerce
NOAA National Weather Service
1325 East West Highway
Silver Spring, MD 20910
E-mail: w-nws.webmaster@noaa.gov
Page last modified: May 16, 2007
NATIONAL WEATHER SERVICE: for Safety, for Work, for Fun - FOR LIFE