015
CXUS53 KJKL 012008
CLMLOZ

CLIMATE REPORT
NATIONAL WEATHER SERVICE JACKSON KY
408 PM EDT SAT NOV 1 2014

...................................

...THE LONDON KY CLIMATE SUMMARY FOR THE MONTH OF OCTOBER 2014...

CLIMATE NORMAL PERIOD 1981 TO 2010
CLIMATE RECORD PERIOD 1954 TO 2014

WEATHER         OBSERVED          NORMAL  DEPART  LAST YEAR`S
                 VALUE   DATE(S)  VALUE   FROM    VALUE  DATE(S)
                                          NORMAL
................................................................
TEMPERATURE (F)
RECORD
 HIGH              92   10/07/2007
 LOW               18   10/26/1962
HIGHEST            85   10/02        MM      MM       85  10/05
LOWEST             35   10/05        MM      MM       25  10/26
AVG. MAXIMUM     68.1              69.4    -1.3     69.4
AVG. MINIMUM     47.9              45.2     2.7     48.0
MEAN             58.0              57.3     0.7     58.7
DAYS MAX >= 90      0               0.1    -0.1        0
DAYS MAX <= 32      0               0.0     0.0        0
DAYS MIN <= 32      0               2.9    -2.9        4
DAYS MIN <= 0       0               0.0     0.0        0

PRECIPITATION (INCHES)
RECORD
 MAXIMUM         8.35   2014
 MINIMUM         0.02   1963
TOTALS           8.35              3.02    5.33     3.55
DAILY AVG.       0.27              0.10    0.17     0.11
DAYS >= .01        15               8.5     6.5       13
DAYS >= .10        12               5.4     6.6        9
DAYS >= .50         6               2.0     4.0        2
DAYS >= 1.00        4               0.6     3.4        0
GREATEST
 24 HR. TOTAL    2.06   10/14 TO 10/14              1.12

SNOWFALL (INCHES)
RECORDS
 TOTAL             MM   MM
TOTALS             MM               0.0      MM       MM
SINCE 7/1          MM               0.0      MM       MM
SNOWDEPTH AVG.     MM                MM      MM       MM
DAYS >= 1.0        MM               0.0      MM       MM
GREATEST
 SNOW DEPTH        MM                                 MM
 24 HR TOTAL       MM                                 MM

DEGREE_DAYS
HEATING TOTAL     227               259     -32      229
 SINCE 7/1        245               306     -61      244
COOLING TOTAL      20                21      -1       42
 SINCE 1/1       1247              1188      59     1083
.................................................................

WIND (MPH)
AVERAGE WIND SPEED              5.0
HIGHEST WIND SPEED/DIRECTION    31/320    DATE  10/07
HIGHEST GUST SPEED/DIRECTION    41/210    DATE  10/09

SKY COVER
POSSIBLE SUNSHINE (PERCENT)   MM
AVERAGE SKY COVER           0.50
NUMBER OF DAYS FAIR           11
NUMBER OF DAYS PC             13
NUMBER OF DAYS CLOUDY          7

AVERAGE RH (PERCENT)     69

WEATHER CONDITIONS. NUMBER OF DAYS WITH
THUNDERSTORM              5     MIXED PRECIP               0
HEAVY RAIN                9     RAIN                      10
LIGHT RAIN               16     FREEZING RAIN              0
LT FREEZING RAIN          0     HAIL                       0
HEAVY SNOW                0     SNOW                       0
LIGHT SNOW                0     SLEET                      0
FOG                      22     FOG W/VIS <= 1/4 MILE      3
HAZE                      3

-  INDICATES NEGATIVE NUMBERS.
R  INDICATES RECORD WAS SET OR TIED.
MM INDICATES DATA IS MISSING.
T  INDICATES TRACE AMOUNT.

$$

CARICO

..NOTE...ANNUAL COOLING DEGREE DAY TOTAL MISSING TWO DAYS IN JUNE DUE
TO POWER OUTAGE...






U.S. Dept. of Commerce
NOAA National Weather Service
1325 East West Highway
Silver Spring, MD 20910
E-mail: w-nws.webmaster@noaa.gov
Page last modified: May 16, 2007
NATIONAL WEATHER SERVICE: for Safety, for Work, for Fun - FOR LIFE