046
CXUS53 KLMK 011026
CLMLOU

CLIMATE REPORT
NATIONAL WEATHER SERVICE LOUISVILLE KY
608 AM EDT WED OCT 1 2014

...................................

...THE LOUISVILLE BOWMAN KY CLIMATE SUMMARY FOR THE MONTH OF SEPTEMBER 2014...

CLIMATE NORMAL PERIOD 1981 TO 2010
CLIMATE RECORD PERIOD 9999 TO 9999

WEATHER         OBSERVED          NORMAL  DEPART  LAST YEAR`S
                 VALUE   DATE(S)  VALUE   FROM    VALUE  DATE(S)
                                          NORMAL
................................................................
TEMPERATURE (F)
RECORD
 HIGH              MM   MM
 LOW               MM   MM
HIGHEST            91   09/04        MM      MM       92  09/10
LOWEST             47   09/23        MM      MM       49  09/15
AVG. MAXIMUM     80.0              80.0     0.0     80.9
AVG. MINIMUM     58.6              59.2    -0.6     61.2
MEAN             69.3              69.6    -0.3     71.1
DAYS MAX >= 90      2               2.4    -0.4        2
DAYS MAX <= 32      0               0.0     0.0        0
DAYS MIN <= 32      0               0.0     0.0        0
DAYS MIN <= 0       0               0.0     0.0        0

PRECIPITATION (INCHES)
RECORD
 MAXIMUM           MM   MM
 MINIMUM           MM   MM
TOTALS           3.14              3.16   -0.02     3.39
DAILY AVG.       0.10              0.11   -0.01     0.11
DAYS >= .01         5                MM      MM        8
DAYS >= .10         2                MM      MM        5
DAYS >= .50         1                MM      MM        3
DAYS >= 1.00        1                MM      MM        1
GREATEST
 24 HR. TOTAL    2.67   09/10 TO 09/11

SNOWFALL (INCHES)
RECORDS
 TOTAL             MM   MM
TOTALS             MM                MM      MM       MM
SINCE 7/1          MM                MM      MM       MM
SNOWDEPTH AVG.     MM                MM      MM       MM
DAYS >= 1.0         0                MM      MM        0
GREATEST
 SNOW DEPTH        MM                                 MM  MM
 24 HR TOTAL       MM

DEGREE_DAYS
HEATING TOTAL      32                36      -4       10
 SINCE 7/1         32                36      -4       10
COOLING TOTAL     167               174      -7      201
 SINCE 1/1       1512              1413      99     1404
.................................................................

WIND (MPH)
AVERAGE WIND SPEED              4.4
HIGHEST WIND SPEED/DIRECTION    26/320    DATE  09/02
HIGHEST GUST SPEED/DIRECTION    34/310    DATE  09/02

SKY COVER
POSSIBLE SUNSHINE (PERCENT)   MM
AVERAGE SKY COVER           0.30
NUMBER OF DAYS FAIR           20
NUMBER OF DAYS PC              8
NUMBER OF DAYS CLOUDY          2

AVERAGE RH (PERCENT)     68

WEATHER CONDITIONS. NUMBER OF DAYS WITH
THUNDERSTORM              0     MIXED PRECIP               0
HEAVY RAIN                3     RAIN                       2
LIGHT RAIN                9     FREEZING RAIN              0
LT FREEZING RAIN          0     HAIL                       0
HEAVY SNOW                0     SNOW                       0
LIGHT SNOW                0     SLEET                      0
FOG                       8     FOG W/VIS <= 1/4 MILE      2
HAZE                      1

-  INDICATES NEGATIVE NUMBERS.
R  INDICATES RECORD WAS SET OR TIED.
MM INDICATES DATA IS MISSING.
T  INDICATES TRACE AMOUNT.

$$







U.S. Dept. of Commerce
NOAA National Weather Service
1325 East West Highway
Silver Spring, MD 20910
E-mail: w-nws.webmaster@noaa.gov
Page last modified: May 16, 2007
NATIONAL WEATHER SERVICE: for Safety, for Work, for Fun - FOR LIFE