166
CXUS53 KLOT 011246
CLMLOT


CLIMATE REPORT
NATIONAL WEATHER SERVICE CHICAGO IL
731 AM CDT FRI AUG 1 2014

...................................

...THE ROMEOVILLE  WFO CLIMATE SUMMARY FOR THE MONTH OF JULY 2014...

CLIMATE NORMAL PERIOD 1981 TO 2010
CLIMATE RECORD PERIOD 1992 TO 2014

WEATHER         OBSERVED          NORMAL  DEPART  LAST YEAR`S
                 VALUE   DATE(S)  VALUE   FROM    VALUE
                                          NORMAL
.............................................................
TEMPERATURE (F)
RECORD
 HIGH             102   07/24/2005
 LOW               48   07/02/2001
HIGHEST            87                MM      MM
LOWEST             53                MM      MM
AVG. MAXIMUM     78.8              84.0    -5.2     81.9
AVG. MINIMUM     59.4              64.1    -4.7     64.2
MEAN             69.1              74.0    -4.9

PRECIPITATION (INCHES)
RECORD
 MAXIMUM        12.91   1996
 MINIMUM         0.69   2013
TOTALS           4.34              4.71   -0.37

SNOWFALL (INCHES)
RECORDS
 TOTAL             MM   MM
TOTALS            0.0               0.0     0.0
SINCE 7/1         0.0               0.0     0.0

DEGREE_DAYS
HEATING TOTAL       9                 2       7
COOLING TOTAL     144               282    -138
 SINCE 1/1        430               520     -90
..............................................................



-  INDICATES NEGATIVE NUMBERS.
R  INDICATES RECORD WAS SET OR TIED.
MM INDICATES DATA IS MISSING.
T  INDICATES TRACE AMOUNT.

$$




U.S. Dept. of Commerce
NOAA National Weather Service
1325 East West Highway
Silver Spring, MD 20910
E-mail: w-nws.webmaster@noaa.gov
Page last modified: May 16, 2007
NATIONAL WEATHER SERVICE: for Safety, for Work, for Fun - FOR LIFE