168
CXUS53 KLOT 011452
CLMLOT


CLIMATE REPORT
NATIONAL WEATHER SERVICE CHICAGO IL
927 AM CDT TUE JUL 1 2014

...................................

...THE ROMEOVILLE  WFO CLIMATE SUMMARY FOR THE MONTH OF JUNE 2014...

CLIMATE NORMAL PERIOD 1981 TO 2010
CLIMATE RECORD PERIOD 1992 TO 2014

WEATHER         OBSERVED          NORMAL  DEPART  LAST YEAR`S
                 VALUE   DATE(S)  VALUE   FROM    VALUE
                                          NORMAL
.............................................................
TEMPERATURE (F)
RECORD
 HIGH             112   06/20/2012
 LOW               38   06/21/1992
HIGHEST            91                MM      MM
LOWEST             50                MM      MM
AVG. MAXIMUM     80.9              80.2     0.7     79.0
AVG. MINIMUM     61.0              59.6     1.4     59.4
MEAN             70.9              69.9     1.0

PRECIPITATION (INCHES)
RECORD
 MAXIMUM           MM   MM
 MINIMUM           MM   MM
TOTALS           9.22              4.34    4.88

SNOWFALL (INCHES)
RECORDS
 TOTAL             MM   MM
TOTALS              T               0.0     0.0
SINCE 7/1        76.7              32.3    44.4

DEGREE_DAYS
HEATING TOTAL      12                33     -21
COOLING TOTAL     198               180      18
 SINCE 1/1        286               238      48
..............................................................



-  INDICATES NEGATIVE NUMBERS.
R  INDICATES RECORD WAS SET OR TIED.
MM INDICATES DATA IS MISSING.
T  INDICATES TRACE AMOUNT.

$$




U.S. Dept. of Commerce
NOAA National Weather Service
1325 East West Highway
Silver Spring, MD 20910
E-mail: w-nws.webmaster@noaa.gov
Page last modified: May 16, 2007
NATIONAL WEATHER SERVICE: for Safety, for Work, for Fun - FOR LIFE