788
CXUS53 KOAX 011730
CLMLNK

CLIMATE REPORT
NATIONAL WEATHER SERVICE OMAHA NEBRASKA
1229 PM CDT FRI AUG 1 2014

...................................

...THE LINCOLN CLIMATE SUMMARY FOR THE MONTH OF JULY 2014...

CLIMATE NORMAL PERIOD 1981 TO 2010
CLIMATE RECORD PERIOD 1887 TO 2014

WEATHER         OBSERVED          NORMAL  DEPART
                 VALUE   DATE(S)  VALUE   FROM
                                          NORMAL
................................................
TEMPERATURE (F)
HIGHEST           102   07/21
LOWEST             48   07/16
AVG. MAXIMUM     87.7              89.0    -1.3
AVG. MINIMUM     62.3              66.1    -3.8
MEAN             75.0              77.6    -2.6
DAYS MAX >= 90     11
DAYS MAX <= 32      0
DAYS MIN <= 32      0
DAYS MIN <= 0       0

PRECIPITATION (INCHES)
RECORD
 MAXIMUM        12.50   1993
 MINIMUM         0.08   1936
TOTALS           0.51              3.40   -2.89
DAILY AVG.       0.02
DAYS >= .01         8
DAYS >= .10         2
DAYS >= .50         0
DAYS >= 1.00        0
GREATEST
 24 HR. TOTAL    0.14   07/09 TO 07/09
                        07/07 TO 07/07

SNOWFALL (INCHES)
TOTALS            0.0               0.0
SINCE 7/1         0.0
SNOWDEPTH AVG.      0
DAYS >= 1.0         0               0.0     0.0
GREATEST
 SNOW DEPTH         0
 24 HR TOTAL      0.0   07/31 TO 07/31

DEGREE DAYS
HEATING TOTAL       2                 1       1
 SINCE 7/1          2                 1       1
COOLING TOTAL     321               390     -69
 SINCE 1/1        759               711      48
.................................................

WIND (MPH)
AVERAGE WIND SPEED              9.2
HIGHEST WIND SPEED/DIRECTION    30/320    DATE  07/01
HIGHEST GUST SPEED/DIRECTION    42/310    DATE  07/01

SKY COVER
AVERAGE SKY COVER           0.20


WEATHER CONDITIONS. NUMBER OF DAYS WITH
THUNDERSTORM              0     MIXED PRECIP               0
HEAVY RAIN                1     RAIN                       3
LIGHT RAIN                9     FREEZING RAIN              0
LT FREEZING RAIN          0     HAIL                       0
HEAVY SNOW                0     SNOW                       0
LIGHT SNOW                0     SLEET                      0
FOG                       4     FOG W/VIS <= 1/4 MILE      0
HAZE                      3

-  INDICATES NEGATIVE NUMBERS.
R  INDICATES RECORD WAS SET OR TIED.
MM INDICATES DATA IS MISSING.
T  INDICATES TRACE AMOUNT.
>= INDICATES GREATER THAN OR EQUAL TO.
<= INDICATES LESS THAN OR EQUAL TO.

&&
...JULY WAS COOLER AND MUCH DRIER THAN NORMAL IN LINCOLN...

THE MONTHLY TOTAL PRECIPITATION OF 0.51 INCHES WAS 2.89 INCHES BELOW
NORMAL AND THE 7TH DRIEST JULY ON RECORD.  WITH AN AVERAGE
TEMPERATURE OF 75.0 DEGREES...WHICH IS 2.6 DEGREES BELOW
NORMAL...THIS WAS THE 25TH COOLEST JULY ON RECORD IN LINCOLN.

THE MONTH OF JULY WAS DOMINATED BY BELOW NORMAL TEMPERATURES
THROUGHOUT THE MONTH...WITH ONLY LIGHT PRECIPITATION AMOUNTS THROUGH
THE MONTH.  TEMPERATURES WERE WELL BELOW NORMAL THROUGH THE
4TH...WITH A QUICK JUMP INTO THE 90S FROM THE 5TH THROUGH THE 7TH
BEFORE COOLER WEATHER RETURNED FROM THE 8TH THROUGH THE 10TH.
THUNDERSTORMS BROUGHT RAINFALL ON THE 5TH...7TH...AND 9TH...WITH NO
DAILY AMOUNTS HIGHER THAN 0.14 INCHES.

TEMPERATURES RETURNED TO THE 90S BRIEFLY ON THE 11TH THROUGH THE
13TH...WITH MUCH COOLER WEATHER FOLLOWING FROM THE 14TH THROUGH THE
19TH.  A DAILY RECORD COLD MINIMUM TEMPERATURE WAS SET ON THE 16TH
AT 48 DEGREES...WHICH WAS THE COLDEST READING OF THE MONTH.  LIGHT
RAINS ALSO WERE RECORDED ON THE 12TH THROUGH 14TH.  WITH A RETURN TO
THE 90S OR HIGHER ON THE 20TH THROUGH THE 22ND...AND AGAIN ON THE
25TH AND 26TH...THE WARMEST TEMPERATURE OF THE MONTH WAS RECORDED ON
THE 21ST AT 102 DEGREES.  THUNDERSTORMS BROUGHT LIGHT RAINS AGAIN ON
THE 25TH AND 26TH...AND  COOLER THAN NORMAL TEMPERATURES PREVAILED
FROM THE 27TH THROUGH THE REST OF THE MONTH.

DAILY RECORDS SET IN JULY 2014:
DATE         RECORD           READING  PREVIOUS RECORD
JULY 16      COLD MIN TEMP     48      50 (1912)


$$

MAYES/TL/JEK/JRB




U.S. Dept. of Commerce
NOAA National Weather Service
1325 East West Highway
Silver Spring, MD 20910
E-mail: w-nws.webmaster@noaa.gov
Page last modified: May 16, 2007
NATIONAL WEATHER SERVICE: for Safety, for Work, for Fun - FOR LIFE