939
CXUS53 KOAX 011511
CLMLNK

CLIMATE REPORT
NATIONAL WEATHER SERVICE OMAHA NEBRASKA
1011 AM CDT MON SEP 1 2014

...................................

...THE LINCOLN CLIMATE SUMMARY FOR THE MONTH OF AUGUST 2014...

CLIMATE NORMAL PERIOD 1981 TO 2010
CLIMATE RECORD PERIOD 1887 TO 2014

WEATHER         OBSERVED          NORMAL  DEPART
                 VALUE   DATE(S)  VALUE   FROM
                                          NORMAL
................................................
TEMPERATURE (F)
HIGHEST            96   08/20
LOWEST             51   08/12
AVG. MAXIMUM     86.6              86.8    -0.2
AVG. MINIMUM     65.5              63.8     1.7
MEAN             76.1              75.3     0.8
DAYS MAX >= 90     12
DAYS MAX <= 32      0
DAYS MIN <= 32      0
DAYS MIN <= 0       0

PRECIPITATION (INCHES)
RECORD
 MAXIMUM        13.98   1910
 MINIMUM         0.07   1976
TOTALS           7.54              3.49    4.05
DAILY AVG.       0.24
DAYS >= .01        14
DAYS >= .10        11
DAYS >= .50         5
DAYS >= 1.00        2
GREATEST
 24 HR. TOTAL    3.31   08/27 TO 08/28

SNOWFALL (INCHES)
RECORDS
 TOTAL              T   2007
                        2004
                        2002
TOTALS            0.0
SINCE 7/1         0.0
DAYS >= 1.0         0
GREATEST
 SNOW DEPTH         0
 24 HR TOTAL      0.0

DEGREE DAYS
HEATING TOTAL       0                 5      -5
 SINCE 7/1          2                 6      -4
COOLING TOTAL     352               324      28
 SINCE 1/1       1111              1035      76
.................................................

WIND (MPH)
AVERAGE WIND SPEED              7.9
HIGHEST WIND SPEED/DIRECTION    41/020    DATE  08/26
HIGHEST GUST SPEED/DIRECTION    53/020    DATE  08/26

SKY COVER
AVERAGE SKY COVER           0.30


WEATHER CONDITIONS. NUMBER OF DAYS WITH
THUNDERSTORM             12     MIXED PRECIP               0
HEAVY RAIN                6     RAIN                       7
LIGHT RAIN               15     FREEZING RAIN              0
LT FREEZING RAIN          0     HAIL                       0
HEAVY SNOW                0     SNOW                       0
LIGHT SNOW                0     SLEET                      0
FOG                      13     FOG W/VIS <= 1/4 MILE      0
HAZE                      2

-  INDICATES NEGATIVE NUMBERS.
R  INDICATES RECORD WAS SET OR TIED.
MM INDICATES DATA IS MISSING.
T  INDICATES TRACE AMOUNT.
>  INDICATES GREATHER THAN OR EQUAL TO.
<  INDICATES LESS THAN OR EQUAL TO.


&&

...LINCOLN WEATHER SUMMARY FOR AUGUST 2014...

AUGUST 2014 WAS THE 6TH WETTEST.  COMPLETE SUMMARIES FORTHCOMING ON
TUESDAY SEPTEMBER 2ND.

$$




U.S. Dept. of Commerce
NOAA National Weather Service
1325 East West Highway
Silver Spring, MD 20910
E-mail: w-nws.webmaster@noaa.gov
Page last modified: May 16, 2007
NATIONAL WEATHER SERVICE: for Safety, for Work, for Fun - FOR LIFE