260
CXUS55 KRIW 021130 AAA
CLMLND

CLIMATE REPORT...AMENDED
NATIONAL WEATHER SERVICE RIVERTON WY
233 PM MDT TUE JUL 1 2014

...PRELIMINARY MONTHLY CLIMATE SUMMARY FOR THE HUNT FIELD IN LANDER
FOR THE MONTH OF JUNE 2014...

...OFFICIAL CLIMATE DATA FOR THE MONTH OF JUNE 2014 WILL BE
AVAILABLE APPROXIMATELY IN AUGUST 2014 FROM THE NATIONAL CLIMATIC
DATA CENTER (HTTP://WWW.NCDC.NOAA.GOV/OL/CLIMATEDATA.HTML).
UNOFFICIAL ASOS DAILY SUMMARIES ARE AVAILABLE ON THE INTERNET AT
HTTP://WWW.CRH.NOAA.GOV/RIW/CLIMATE/...

...JUNE WAS SLIGHTLY WARMER AND DRIER THAN NORMAL IN LANDER...

THE AVERAGE TEMPERATURE FOR LANDER IN JUNE WAS 61.1 DEGREES...WHICH
WAS 1.9 DEGREES BELOW NORMAL. THE WARMEST READING WAS 87 DEGREES ON
THE 10TH...AND THE COLDEST READING WAS 32 DEGREES ON THE
19TH...SETTING A NEW RECORD. THIS BROKE THE PREVIOUS RECORD OF 33
DEGREES...SET IN 1920.

TOTAL PRECIPITATION FOR THE MONTH WAS 0.60 INCHES...WHICH WAS 47
PERCENT OF NORMAL. THE WETTEST 24 HOUR PERIOD FOR THE MONTH WAS ON
THE 26TH AND THE 27TH...WHEN 0.19 OF AN INCH OF PRECIPITATION FELL.
NO PRECIPITATION RECORDS WERE SET DURING THE MONTH. THE HIGHEST WIND
GUST WAS 63 MPH...WHICH OCCURRED ON THE 4TH.


...THE LANDER WY CLIMATE SUMMARY FOR THE MONTH OF JUNE 2014...

CLIMATE NORMAL PERIOD 1981 TO 2010
CLIMATE RECORD PERIOD 1891 TO 2014

WEATHER         OBSERVED          NORMAL  DEPART
                 VALUE   DATE(S)  VALUE   FROM
                                          NORMAL
................................................
TEMPERATURE (F)
RECORD
 HIGH             100   06/23/1954
 LOW               25   06/03/1951
HIGHEST            87   06/10
LOWEST             32   06/19
AVG. MAXIMUM     76.8              77.5    -0.7
AVG. MINIMUM     45.3              48.4    -3.1
MEAN             61.1              63.0    -1.9
DAYS MAX >= 90      0
DAYS MAX <= 32      0
DAYS MIN <= 32      1
DAYS MIN <= 0       0

PRECIPITATION (INCHES)
RECORD
 MAXIMUM         6.88   1947
 MINIMUM         0.00   1971
                        1956
TOTALS           0.60              1.27   -0.67
DAILY AVG.       0.02              0.04   -0.02
DAYS >= .01        10
DAYS >= .10         2
DAYS >= .50         0
DAYS >= 1.00        0
GREATEST
 24 HR. TOTAL    0.19   06/26 TO 06/27

SNOWFALL (INCHES)
TOTALS            0.0               0.1    -0.1
SINCE 7/1        75.7              91.4   -15.7
SNOWDEPTH AVG.      0
DAYS >= 1.0         0

DEGREE_DAYS
HEATING TOTAL     136               126      10
 SINCE 7/1       7720              7748     -28
COOLING TOTAL      23                64     -41
 SINCE 1/1         41                69     -28
.................................................

WIND (MPH)
AVERAGE WIND SPEED              7.9
RESULTANT WIND SPEED/DIRECTION   2/275
HIGHEST WIND SPEED/DIRECTION    47/250    DATE  06/04
HIGHEST GUST SPEED/DIRECTION    63/250    DATE  06/04

SKY COVER
POSSIBLE SUNSHINE (PERCENT)   MM
AVERAGE SKY COVER           0.20
NUMBER OF DAYS FAIR           23
NUMBER OF DAYS PC              7
NUMBER OF DAYS CLOUDY          0

AVERAGE RH (PERCENT)     47

WEATHER CONDITIONS. NUMBER OF DAYS WITH
THUNDERSTORM              8     MIXED PRECIP               0
HEAVY RAIN                0     RAIN                       2
LIGHT RAIN               12     FREEZING RAIN              0
LT FREEZING RAIN          0     HAIL                       0
HEAVY SNOW                0     SNOW                       0
LIGHT SNOW                0     SLEET                      0
FOG                       3     FOG W/VIS <= 1/4 MILE      0
HAZE                      2

-  INDICATES NEGATIVE NUMBERS.
R  INDICATES RECORD WAS SET OR TIED.
MM INDICATES DATA IS MISSING.
T  INDICATES TRACE AMOUNT.

LOOKING AHEAD TO JULY 2014...THE AVERAGE HIGH TEMPERATURE ON THE
FIRST OF THE MONTH IS 84 DEGREES...AND THE AVERAGE LOW TEMPERATURE
IS 53 DEGREES. THE AVERAGE HIGH BY THE END OF THE MONTH IS 88
DEGREES...AND THE AVERAGE LOW TEMPERATURE IS 57. THE AVERAGE MONTHLY
PRECIPITATION IS 0.78.

$$









U.S. Dept. of Commerce
NOAA National Weather Service
1325 East West Highway
Silver Spring, MD 20910
E-mail: w-nws.webmaster@noaa.gov
Page last modified: May 16, 2007
NATIONAL WEATHER SERVICE: for Safety, for Work, for Fun - FOR LIFE