139
CXHW51 PHFO 011625
CLMLIH


CLIMATE REPORT
NATIONAL WEATHER SERVICE HONOLULU HI
625 AM HST TUE JUL 1 2014

...................................

...THE LIHUE HI CLIMATE SUMMARY FOR THE MONTH OF JUNE 2014...

CLIMATE NORMAL PERIOD 1981 TO 2010
CLIMATE RECORD PERIOD 1946 TO 2014

WEATHER         OBSERVED          NORMAL  DEPART  LAST YEAR`S
                 VALUE   DATE(S)  VALUE   FROM    VALUE  DATE(S)
                                          NORMAL
................................................................
TEMPERATURE (F)
RECORD
 HIGH              89   06/15/1969
 LOW               61   06/03/1987
HIGHEST            84   06/30        83       1       85  06/01
LOWEST             70   06/28        73      -3       66  06/27
                        06/21
                        06/17
AVG. MAXIMUM     82.1              83.3    -1.2     82.7
AVG. MINIMUM     72.8              73.0    -0.2     72.3
MEAN             77.4              78.1    -0.7     77.5
DAYS MAX >= 90      0               0.0     0.0        0
DAYS MAX <= 32      0               0.0     0.0        0
DAYS MIN <= 32      0               0.0     0.0        0
DAYS MIN <= 0       0               0.0     0.0        0

PRECIPITATION (INCHES)
RECORD
 MAXIMUM         4.83   1991
 MINIMUM         0.32   2007
TOTALS           3.13              1.61    1.52     0.70
DAILY AVG.       0.10              0.05    0.05     0.02
DAYS >= .01        17              17.2    -0.2       20
DAYS >= .10         4               5.0    -1.0        2
DAYS >= .50         1               0.4     0.6        0
DAYS >= 1.00        1               0.2     0.8        0
GREATEST
 24 HR. TOTAL    1.78   06/02 TO 06/02              0.16
                        06/01 TO 06/02
                        06/02 TO 06/02

SNOWFALL (INCHES)
RECORDS
 TOTAL             MM   0
TOTALS            0.0               0.0     0.0      0.0
SINCE 7/1         0.0               0.0     0.0      0.0
SNOWDEPTH AVG.      0                MM      MM        0
DAYS >= 1.0         0               0.0     0.0        0
GREATEST
 SNOW DEPTH         0   MM                             0  MM
 24 HR TOTAL      0.0   06/30 TO 06/30               0.0

DEGREE_DAYS
HEATING TOTAL       0                 0       0        0
 SINCE 7/1          0                 0       0        0
COOLING TOTAL     380               394     -14      382
 SINCE 1/1       1601              1633     -32     1464
.................................................................

WIND (MPH)
AVERAGE WIND SPEED              13.5
HIGHEST WIND SPEED/DIRECTION    25/040    DATE  06/24
HIGHEST GUST SPEED/DIRECTION    31/070    DATE  06/17

SKY COVER
POSSIBLE SUNSHINE (PERCENT)   MM
AVERAGE SKY COVER           0.60
NUMBER OF DAYS FAIR            0
NUMBER OF DAYS PC             25
NUMBER OF DAYS CLOUDY          5

AVERAGE RH (PERCENT)     78

WEATHER CONDITIONS. NUMBER OF DAYS WITH
THUNDERSTORM              0     MIXED PRECIP               1
HEAVY RAIN                4     RAIN                       5
LIGHT RAIN               18     FREEZING RAIN              0
LT FREEZING RAIN          0     HAIL                       0
HEAVY SNOW                0     SNOW                       0
LIGHT SNOW                0     SLEET                      0
FOG                      13     FOG W/VIS <= 1/4 MILE      0
HAZE                      6

-  INDICATES NEGATIVE NUMBERS.
R  INDICATES RECORD WAS SET OR TIED.
MM INDICATES DATA IS MISSING.
T  INDICATES TRACE AMOUNT.

$$




U.S. Dept. of Commerce
NOAA National Weather Service
1325 East West Highway
Silver Spring, MD 20910
E-mail: w-nws.webmaster@noaa.gov
Page last modified: May 16, 2007
NATIONAL WEATHER SERVICE: for Safety, for Work, for Fun - FOR LIFE