142
CXUS46 KLOX 020138
CLMLGB


CLIMATE REPORT
NATIONAL WEATHER SERVICE LOS ANGELES/OXNARD CA
537 PM PST THU JAN 1 2015

...................................

...THE LONG BEACH AIRPORT CA CLIMATE SUMMARY FOR THE YEAR OF 2014...

CLIMATE NORMAL PERIOD 1981 TO 2010
CLIMATE RECORD PERIOD 1958 TO 2014

WEATHER         OBSERVED          NORMAL  DEPART  LAST YEAR`S
                 VALUE   DATE(S)  VALUE   FROM    VALUE
                                          NORMAL
.............................................................
TEMPERATURE (F)
HIGHEST           101   09/14        75      26
                        05/15
                        05/14
LOWEST             40   12/27        55     -15
AVG. MAXIMUM     77.0              74.1     2.9
AVG. MINIMUM     58.4              55.4     3.0
MEAN             67.7              64.7     3.0
DAYS MAX >= 90     34
DAYS MAX <= 32      0
DAYS MIN <= 32      0
DAYS MIN <= 0       0

PRECIPITATION (INCHES)
RECORD
 MAXIMUM           MM   MM
 MINIMUM           MM   MM
TOTALS           8.64             12.26   -3.62
DAILY AVG.       0.02
DAYS >= .01        28
DAYS >= .10        18
DAYS >= .50         7
DAYS >= 1.00        3
GREATEST
 24 HR. TOTAL    1.55   MM
 STORM TOTAL       MM
 (MM/DD(HH))

DEGREE_DAYS
HEATING TOTAL     621              1217    -596     1015
 SINCE 7/1        218               420    -202      313
COOLING TOTAL    1707              1126     581     1239
 SINCE 1/1       1707              1126     581     1239
..............................................................

WIND (MPH)
AVERAGE WIND SPEED              4.6
HIGHEST WIND SPEED/DIRECTION    28/270    DATE  12/17
HIGHEST GUST SPEED/DIRECTION    36/210    DATE  12/12

SKY COVER
POSSIBLE SUNSHINE (PERCENT)   MM
AVERAGE SKY COVER           0.30
NUMBER OF DAYS FAIR          244
NUMBER OF DAYS PC             95
NUMBER OF DAYS CLOUDY         26

AVERAGE RH (PERCENT)     62

WEATHER CONDITIONS. NUMBER OF DAYS WITH
THUNDERSTORM              0     MIXED PRECIP               0
HEAVY RAIN                9     RAIN                      15
LIGHT RAIN               31     FREEZING RAIN              0
LT FREEZING RAIN          0     HAIL                       0
HEAVY SNOW                0     SNOW                       0
LIGHT SNOW                0     SLEET                      0
FOG                      93     FOG W/VIS <= 1/4 MILE     24
HAZE                    114

-  INDICATES NEGATIVE NUMBERS.
R  INDICATES RECORD WAS SET OR TIED.
MM INDICATES DATA IS MISSING.
T  INDICATES TRACE AMOUNT.

$$




U.S. Dept. of Commerce
NOAA National Weather Service
1325 East West Highway
Silver Spring, MD 20910
E-mail: w-nws.webmaster@noaa.gov
Page last modified: May 16, 2007
NATIONAL WEATHER SERVICE: for Safety, for Work, for Fun - FOR LIFE