823
CXUS51 KOKX 011556
CLMLGA

CLIMATE REPORT
NATIONAL WEATHER SERVICE NEW YORK NY
1156 AM EDT TUE APR 1 2014

...................................

...THE LAGUARDIA NY CLIMATE SUMMARY FOR THE MONTH OF MARCH 2014...

CLIMATE NORMAL PERIOD 1981 TO 2010
CLIMATE RECORD PERIOD 1948 TO 2014

WEATHER         OBSERVED          NORMAL  DEPART  LAST YEAR`S
                 VALUE   DATE(S)  VALUE   FROM    VALUE  DATE(S)
                                          NORMAL
................................................................
TEMPERATURE (F)
RECORD
 HIGH              83   03/27/1998
                        03/13/1990
 LOW                8   03/01/1980
HIGHEST            65   03/11        MM      MM       58  03/30
LOWEST             13   03/04        MM      MM       29  03/18
                                                          03/04
AVG. MAXIMUM     44.5              49.8    -5.3     45.9
AVG. MINIMUM     29.7              34.6    -4.9     35.0
MEAN             37.1              42.2    -5.1     40.5
DAYS MAX >= 90      0               0.0     0.0        0
DAYS MAX <= 32      3               0.8     2.2        0
DAYS MIN <= 32     18              10.1     7.9       10
DAYS MIN <= 0       0               0.0     0.0        0

PRECIPITATION (INCHES)
RECORD
 MAXIMUM         9.55   2010
 MINIMUM         0.74   2006
TOTALS           3.66              3.97   -0.31     2.43
DAILY AVG.       0.12              0.13   -0.01     0.08
DAYS >= .01         7              10.7    -3.7        8
DAYS >= .10         5               6.8    -1.8        7
DAYS >= .50         2               2.6    -0.6        2
DAYS >= 1.00        1               1.0     0.0        0
GREATEST
 24 HR. TOTAL    1.79   03/29 TO 03/29           03/12 TO 03/12

 STORM TOTAL       MM                                 MM
 (MM/DD(HH))            MM


SNOWFALL (INCHES)
RECORDS
 TOTAL           18.9   1958

 24 HR TOTAL       MM
TOTALS            0.4               4.4    -4.0      6.1
 LIQUID EQUIV    0.04              0.40   -0.36     0.61
SINCE 7/1        52.1              26.4    25.7     22.2
 LIQUID 7/1      5.21              2.60             2.22
DAYS >= TRACE       6               2.1     3.9       11
DAYS >= 1.0         0               1.2    -1.2        2
GREATEST
 SNOW DEPTH         0   MM                             2  03/19
 24 HR TOTAL      0.4   03/03 TO 03/03           03/12 TO 03/12

 STORM TOTAL       MM                                 MM
 (MM/DD(HH))            MM                    03/12(00) TO 03/12(00)


DEGREE_DAYS
HEATING TOTAL     858               707     151      752
 SINCE 7/1       4515              4136     379     3947
COOLING TOTAL       0                 0       0        0
 SINCE 1/1          0                 0       0        0
...................................................

WIND (MPH)
AVERAGE WIND SPEED              12.1
HIGHEST WIND SPEED/DIRECTION    36/310    DATE  03/26
HIGHEST GUST SPEED/DIRECTION    46/320    DATE  03/26

SKY COVER
POSSIBLE SUNSHINE (PERCENT)   MM
AVERAGE SKY COVER           0.70
NUMBER OF DAYS FAIR            3
NUMBER OF DAYS PC             15
NUMBER OF DAYS CLOUDY         13

AVERAGE RH (PERCENT)     49

WEATHER CONDITIONS. NUMBER OF DAYS WITH
THUNDERSTORM              0     MIXED PRECIP               0
HEAVY RAIN                3     RAIN                       5
LIGHT RAIN               10     FREEZING RAIN              0
LT FREEZING RAIN          0     HAIL                       0
HEAVY SNOW                0     SNOW                       2
LIGHT SNOW                4     SLEET                      0
FOG                       5     FOG W/VIS <= 1/4 MILE      0
HAZE                      1

-  INDICATES NEGATIVE NUMBERS.
R  INDICATES RECORD WAS SET OR TIED.
MM INDICATES DATA IS MISSING.
T  INDICATES TRACE AMOUNT.

$$







U.S. Dept. of Commerce
NOAA National Weather Service
1325 East West Highway
Silver Spring, MD 20910
E-mail: w-nws.webmaster@noaa.gov
Page last modified: May 16, 2007
NATIONAL WEATHER SERVICE: for Safety, for Work, for Fun - FOR LIFE