216
CXUS51 KOKX 011505
CLMLGA

CLIMATE REPORT
NATIONAL WEATHER SERVICE NEW YORK NY
1105 AM EDT FRI AUG 1 2014

...................................

...THE LAGUARDIA NY CLIMATE SUMMARY FOR THE MONTH OF JULY 2014...

CLIMATE NORMAL PERIOD 1981 TO 2010
CLIMATE RECORD PERIOD 1945 TO 2014

WEATHER         OBSERVED          NORMAL  DEPART  LAST YEAR`S
                 VALUE   DATE(S)  VALUE   FROM    VALUE  DATE(S)
                                          NORMAL
................................................................
TEMPERATURE (F)
RECORD
 HIGH             107   07/03/1966
 LOW               56   07/01/1988
                        07/06/1979
                        07/05/1979
                        07/06/1972
HIGHEST            93   07/08        MM      MM      100  07/19
                                                          07/18
LOWEST             65   07/30        MM      MM       64  07/25
                        07/29
                        07/05
AVG. MAXIMUM     84.3              85.3    -1.0     87.8
AVG. MINIMUM     69.6              69.5     0.1     74.5
MEAN             77.0              77.4    -0.4     81.2
DAYS MAX >= 90      3               7.2    -4.2       15
DAYS MAX <= 32      0               0.0     0.0        0
DAYS MIN <= 32      0               0.0     0.0        0
DAYS MIN <= 0       0               0.0     0.0        0

PRECIPITATION (INCHES)
RECORD
 MAXIMUM        12.33   1975
 MINIMUM         0.56   1999
TOTALS           3.99              4.50   -0.51     2.80
DAILY AVG.       0.13              0.15   -0.02     0.09
DAYS >= .01         9               9.9    -0.9       11
DAYS >= .10         9               6.5     2.5        6
DAYS >= .50         4               3.0     1.0        2
DAYS >= 1.00        0               1.3    -1.3        0
GREATEST
 24 HR. TOTAL    1.38   07/14 TO 07/15           07/02 TO 07/03
                                                          07/03 TO 07/03
                                                          07/03 TO 07/04
 STORM TOTAL       MM                                 MM
 (MM/DD(HH))            MM                    07/03(00) TO 07/03(00)
                                                 07/03(00) TO 07/03(00)4
                                                 07/04(00) TO 07/04(00)4

SNOWFALL (INCHES)
RECORDS
 TOTAL             MM   0
 24 HR TOTAL       MM
TOTALS            0.0               0.0     0.0      0.0
 LIQUID EQUIV    0.00              0.00    0.00     0.00
SINCE 7/1         0.0               0.0     0.0      0.0
 LIQUID 7/1      0.00              0.00             0.00
DAYS >= TRACE       0               0.0     0.0        0
DAYS >= 1.0         0               0.0     0.0        0
GREATEST
 SNOW DEPTH         0   MM                             0  MM
 24 HR TOTAL      0.0   07/31 TO 07/31           07/31 TO 07/31
                                                          07/03 TO 07/03
                                                          07/04 TO 07/04
 STORM TOTAL       MM                                 MM
 (MM/DD(HH))            MM                    07/31(00) TO 07/31(00)
                                                 07/03(00) TO 07/03(00)4
                                                 07/04(00) TO 07/04(00)4

DEGREE_DAYS
HEATING TOTAL       0                 0       0        0
 SINCE 7/1          0                 0       0        0
COOLING TOTAL     382               385      -3      509
 SINCE 1/1        664               682     -18      878
.....................................................

WIND (MPH)
AVERAGE WIND SPEED              9.4
HIGHEST WIND SPEED/DIRECTION    35/330    DATE  07/03
HIGHEST GUST SPEED/DIRECTION    44/330    DATE  07/03

SKY COVER
POSSIBLE SUNSHINE (PERCENT)   MM
AVERAGE SKY COVER           0.60
NUMBER OF DAYS FAIR            2
NUMBER OF DAYS PC             20
NUMBER OF DAYS CLOUDY          9

AVERAGE RH (PERCENT)     61

WEATHER CONDITIONS. NUMBER OF DAYS WITH
THUNDERSTORM              0     MIXED PRECIP               0
HEAVY RAIN                5     RAIN                       5
LIGHT RAIN               12     FREEZING RAIN              0
LT FREEZING RAIN          0     HAIL                       0
HEAVY SNOW                0     SNOW                       0
LIGHT SNOW                0     SLEET                      0
FOG                       7     FOG W/VIS <= 1/4 MILE      0
HAZE                      1

-  INDICATES NEGATIVE NUMBERS.
R  INDICATES RECORD WAS SET OR TIED.
MM INDICATES DATA IS MISSING.
T  INDICATES TRACE AMOUNT.

$$







U.S. Dept. of Commerce
NOAA National Weather Service
1325 East West Highway
Silver Spring, MD 20910
E-mail: w-nws.webmaster@noaa.gov
Page last modified: May 16, 2007
NATIONAL WEATHER SERVICE: for Safety, for Work, for Fun - FOR LIFE