644
CXUS54 KLCH 020916
CLMLFT


CLIMATE REPORT
NATIONAL WEATHER SERVICE LAKE CHARLES, LA
416 AM CDT WED JUL 2 2014

...................................

...THE LAFAYETTE CLIMATE SUMMARY FOR THE MONTH OF JUNE 2014...

CLIMATE NORMAL PERIOD 1981 TO 2010
CLIMATE RECORD PERIOD 1893 TO 2014

WEATHER         OBSERVED          NORMAL  DEPART  LAST YEAR`S
                 VALUE   DATE(S)  VALUE   FROM    VALUE  DATE(S)
                                          NORMAL
................................................................
TEMPERATURE (F)
RECORD
 HIGH             106   06/27/1930
 LOW               51   06/03/1903
HIGHEST            93   06/13        MM      MM       MM  MM
                        06/12
                        06/08
LOWEST             69   06/11        MM      MM       MM  MM
AVG. MAXIMUM     89.7              90.5    -0.8       MM
AVG. MINIMUM     73.7              72.7     1.0       MM
MEAN             81.7              81.6     0.1       MM
DAYS MAX >= 90     20              17.2     2.8       MM
DAYS MAX <= 32      0               0.0     0.0       MM
DAYS MIN <= 32      0               0.0     0.0       MM
DAYS MIN <= 0       0               0.0     0.0       MM

PRECIPITATION (INCHES)
RECORD
 MAXIMUM        19.96   2001
 MINIMUM         0.04   1979
TOTALS           8.59              7.08    1.51       MM
DAILY AVG.       0.29              0.24    0.05       MM
DAYS >= .01        11              12.5    -1.5       MM
DAYS >= .10         8               8.9    -0.9       MM
DAYS >= .50         6               4.8     1.2       MM
DAYS >= 1.00        2               2.4    -0.4       MM
GREATEST
 24 HR. TOTAL    3.69   06/10 TO 06/10

SNOWFALL (INCHES)
RECORDS
 TOTAL             MM   5
TOTALS            0.0               0.0     0.0       MM
SINCE 7/1         0.8                 T     0.8       MM
SNOWDEPTH AVG.      0                MM      MM       MM
DAYS >= 1.0         0               0.0     0.0       MM
GREATEST
 24 HR TOTAL      0.0   06/30 TO 06/30

DEGREE_DAYS
HEATING TOTAL       0                 0       0       MM
 SINCE 7/1       1956              1420     536       MM
COOLING TOTAL     507               498       9       MM
 SINCE 1/1        976              1112    -136       MM
.................................................................

WIND (MPH)
AVERAGE WIND SPEED              5.4
HIGHEST WIND SPEED/DIRECTION    29/250    DATE  06/10
HIGHEST GUST SPEED/DIRECTION    38/260    DATE  06/10

SKY COVER
POSSIBLE SUNSHINE (PERCENT)   MM
AVERAGE SKY COVER           0.30
NUMBER OF DAYS FAIR           20
NUMBER OF DAYS PC             10
NUMBER OF DAYS CLOUDY          0

AVERAGE RH (PERCENT)     76

WEATHER CONDITIONS. NUMBER OF DAYS WITH
THUNDERSTORM              0     MIXED PRECIP               0
HEAVY RAIN                8     RAIN                       9
LIGHT RAIN               12     FREEZING RAIN              0
LT FREEZING RAIN          0     HAIL                       0
HEAVY SNOW                0     SNOW                       0
LIGHT SNOW                0     SLEET                      0
FOG                      21     FOG W/VIS <= 1/4 MILE      1
HAZE                      4

-  INDICATES NEGATIVE NUMBERS.
R  INDICATES RECORD WAS SET OR TIED.
MM INDICATES DATA IS MISSING.
T  INDICATES TRACE AMOUNT.

$$




U.S. Dept. of Commerce
NOAA National Weather Service
1325 East West Highway
Silver Spring, MD 20910
E-mail: w-nws.webmaster@noaa.gov
Page last modified: May 16, 2007
NATIONAL WEATHER SERVICE: for Safety, for Work, for Fun - FOR LIFE