005
CXUS54 KLCH 010824
CLMLCH


CLIMATE REPORT
NATIONAL WEATHER SERVICE LAKE CHARLES, LA
323 AM CDT SAT NOV 1 2014

...................................

...THE LAKE CHARLES CLIMATE SUMMARY FOR THE MONTH OF OCTOBER 2014...

CLIMATE NORMAL PERIOD 1981 TO 2010
CLIMATE RECORD PERIOD 1895 TO 2014

WEATHER         OBSERVED          NORMAL  DEPART  LAST YEAR`S
                 VALUE   DATE(S)  VALUE   FROM    VALUE  DATE(S)
                                          NORMAL
................................................................
TEMPERATURE (F)
RECORD
 HIGH             103   10/02/1900
 LOW               30   10/31/1993
HIGHEST            89   10/02        MM      MM       MM  MM
                        10/01
LOWEST             49   10/25        MM      MM       MM  MM
AVG. MAXIMUM     82.6              80.8     1.8       MM
AVG. MINIMUM     60.1              59.4     0.7       MM
MEAN             71.4              70.1     1.3       MM
DAYS MAX >= 90      0               0.9    -0.9       MM
DAYS MAX <= 32      0               0.0     0.0       MM
DAYS MIN <= 32      0               0.0     0.0       MM
DAYS MIN <= 0       0               0.0     0.0       MM

PRECIPITATION (INCHES)
RECORD
 MAXIMUM        21.44   2002
 MINIMUM         0.00   1963
                        1952
TOTALS           2.51              4.90   -2.39       MM
DAILY AVG.       0.08              0.16   -0.08       MM
DAYS >= .01         7               7.8    -0.8       MM
DAYS >= .10         4               4.8    -0.8       MM
DAYS >= .50         3               2.6     0.4       MM
DAYS >= 1.00        1               1.7    -0.7       MM
GREATEST
 24 HR. TOTAL    1.06   10/02 TO 10/03

SNOWFALL (INCHES)
RECORDS
 TOTAL             MM   5
TOTALS            0.0               0.0     0.0       MM
SINCE 7/1         0.0               0.0     0.0       MM
SNOWDEPTH AVG.      0                MM      MM       MM
DAYS >= 1.0         0               0.0     0.0       MM
GREATEST
 SNOW DEPTH         0   MM                            MM  MM
 24 HR TOTAL      0.0   10/31 TO 10/31

DEGREE_DAYS
HEATING TOTAL       5                35     -30       MM
 SINCE 7/1          5                36     -31       MM
COOLING TOTAL     210               193      17       MM
 SINCE 1/1       2669              2733     -64       MM
.................................................................

WIND (MPH)
AVERAGE WIND SPEED              5.7
HIGHEST WIND SPEED/DIRECTION    33/MM     DATE   MM
HIGHEST GUST SPEED/DIRECTION    47/MM     DATE   MM

SKY COVER
POSSIBLE SUNSHINE (PERCENT)   MM
AVERAGE SKY COVER           0.20
NUMBER OF DAYS FAIR           23
NUMBER OF DAYS PC              8
NUMBER OF DAYS CLOUDY          0

AVERAGE RH (PERCENT)     72

WEATHER CONDITIONS. NUMBER OF DAYS WITH
THUNDERSTORM              0     MIXED PRECIP               0
HEAVY RAIN                5     RAIN                       5
LIGHT RAIN                6     FREEZING RAIN              0
LT FREEZING RAIN          0     HAIL                       0
HEAVY SNOW                0     SNOW                       0
LIGHT SNOW                0     SLEET                      0
FOG                      21     FOG W/VIS <= 1/4 MILE      5
HAZE                      3

-  INDICATES NEGATIVE NUMBERS.
R  INDICATES RECORD WAS SET OR TIED.
MM INDICATES DATA IS MISSING.
T  INDICATES TRACE AMOUNT.

$$





U.S. Dept. of Commerce
NOAA National Weather Service
1325 East West Highway
Silver Spring, MD 20910
E-mail: w-nws.webmaster@noaa.gov
Page last modified: May 16, 2007
NATIONAL WEATHER SERVICE: for Safety, for Work, for Fun - FOR LIFE