007
CXUS52 KILM 042138
CLMLBT


CLIMATE REPORT
NATIONAL WEATHER SERVICE WILMINGTON NC
535 PM EDT FRI JUL 4 2014

...................................

...THE LUMBERTON NC CLIMATE SUMMARY FOR THE MONTH OF JUNE 2014...

CLIMATE NORMAL PERIOD 1981 TO 2010
CLIMATE RECORD PERIOD 9999 TO 9999

WEATHER         OBSERVED          NORMAL  DEPART  LAST YEAR`S
                 VALUE   DATE(S)  VALUE   FROM    VALUE  DATE(S)
                                          NORMAL
................................................................
TEMPERATURE (F)
HIGHEST            98   06/19                        100
                        06/10
LOWEST             50R  06/02                         59
AVG. MAXIMUM     91.9              88.5     3.4     89.2
AVG. MINIMUM     68.0              67.4     0.6     67.9
MEAN             80.0              78.0     2.0     78.6
DAYS MAX >= 90     22              13.0     9.0       16
DAYS MAX <= 32      0               0.0     0.0        0
DAYS MIN <= 32      0               0.0     0.0        0
DAYS MIN <= 0       0               0.0     0.0        0

PRECIPITATION (INCHES)
RECORD
 MAXIMUM        12.25   1969
 MINIMUM         0.81   1954
TOTALS           7.57              4.34    3.23    10.71
DAILY AVG.       0.25              0.14    0.11     0.36
DAYS >= .01        12                                 19
DAYS >= .10         8                                 13
DAYS >= .50         5                                  8
DAYS >= 1.00        3                                  4
GREATEST
 24 HR. TOTAL    2.91   06/23 TO 06/24

DEGREE_DAYS
HEATING TOTAL       0                 0       0        0
COOLING TOTAL     458               388      70      401
.................................................

WIND (MPH)
AVERAGE WIND SPEED              5.2
RESULTANT WIND SPEED/DIRECTION   1/163
HIGHEST WIND SPEED/DIRECTION    35/060    DATE  06/27
HIGHEST GUST SPEED/DIRECTION    46/070    DATE  06/27

SKY COVER
POSSIBLE SUNSHINE (PERCENT)   MM
AVERAGE SKY COVER           0.20
NUMBER OF DAYS FAIR           25
NUMBER OF DAYS PC              5
NUMBER OF DAYS CLOUDY          0

AVERAGE RH (PERCENT)     68

WEATHER CONDITIONS. NUMBER OF DAYS WITH
THUNDERSTORM             11     MIXED PRECIP               0
HEAVY RAIN                9     RAIN                       6
LIGHT RAIN               11     FREEZING RAIN              0
LT FREEZING RAIN          0     HAIL                       0
HEAVY SNOW                0     SNOW                       0
LIGHT SNOW                0     SLEET                      0
FOG                      21     FOG W/VIS <= 1/4 MILE      3
HAZE                      8

-  INDICATES NEGATIVE NUMBERS.
R  INDICATES RECORD WAS SET OR TIED.
MM INDICATES DATA IS MISSING.
T  INDICATES TRACE AMOUNT.

$$





U.S. Dept. of Commerce
NOAA National Weather Service
1325 East West Highway
Silver Spring, MD 20910
E-mail: w-nws.webmaster@noaa.gov
Page last modified: May 16, 2007
NATIONAL WEATHER SERVICE: for Safety, for Work, for Fun - FOR LIFE