182
CXUS52 KILM 031407
CLMLBT


CLIMATE REPORT
NATIONAL WEATHER SERVICE WILMINGTON NC
1005 AM EDT FRI OCT 3 2014

...................................

...THE LUMBERTON NC CLIMATE SUMMARY FOR THE MONTH OF SEPTEMBER 2014...

CLIMATE NORMAL PERIOD 1981 TO 2010
CLIMATE RECORD PERIOD 9999 TO 9999

WEATHER         OBSERVED          NORMAL  DEPART  LAST YEAR`S
                 VALUE   DATE(S)  VALUE   FROM    VALUE  DATE(S)
                                          NORMAL
................................................................
TEMPERATURE (F)
HIGHEST            97   09/02                         92
LOWEST             57   09/30                         51
AVG. MAXIMUM     82.4              83.7    -1.3     84.5
AVG. MINIMUM     66.7              62.3     4.4     62.0
MEAN             74.5              73.0     1.5     73.2
DAYS MAX >= 90      7               4.0     3.0        8
DAYS MAX <= 32      0               0.0     0.0        0
DAYS MIN <= 32      0               0.0     0.0        0
DAYS MIN <= 0       0               0.0     0.0        0

PRECIPITATION (INCHES)
RECORD
 MAXIMUM        16.92   1999
 MINIMUM         0.26   1985
TOTALS           3.92              4.80   -0.88     1.40
DAILY AVG.       0.13              0.16   -0.03     0.05
DAYS >= .01        12                                  5
DAYS >= .10         9                                  5
DAYS >= .50         4                                  0
DAYS >= 1.00        0                                  0
GREATEST
 24 HR. TOTAL    1.29   09/07 TO 09/08

DEGREE_DAYS
HEATING TOTAL       6                 9      -3        0
COOLING TOTAL     298               249      49      256
.................................................

WIND (MPH)
AVERAGE WIND SPEED              5.3
RESULTANT WIND SPEED/DIRECTION   2/043
HIGHEST WIND SPEED/DIRECTION    22/020    DATE  09/16
HIGHEST GUST SPEED/DIRECTION    29/010    DATE  09/16

SKY COVER
POSSIBLE SUNSHINE (PERCENT)   MM
AVERAGE SKY COVER           0.50
NUMBER OF DAYS FAIR           12
NUMBER OF DAYS PC              7
NUMBER OF DAYS CLOUDY         11

AVERAGE RH (PERCENT)     79

WEATHER CONDITIONS. NUMBER OF DAYS WITH
THUNDERSTORM              6     MIXED PRECIP               0
HEAVY RAIN                5     RAIN                       8
LIGHT RAIN               12     FREEZING RAIN              0
LT FREEZING RAIN          0     HAIL                       0
HEAVY SNOW                0     SNOW                       0
LIGHT SNOW                0     SLEET                      0
FOG                      22     FOG W/VIS <= 1/4 MILE      2
HAZE                      3

-  INDICATES NEGATIVE NUMBERS.
R  INDICATES RECORD WAS SET OR TIED.
MM INDICATES DATA IS MISSING.
T  INDICATES TRACE AMOUNT.

$$





U.S. Dept. of Commerce
NOAA National Weather Service
1325 East West Highway
Silver Spring, MD 20910
E-mail: w-nws.webmaster@noaa.gov
Page last modified: May 16, 2007
NATIONAL WEATHER SERVICE: for Safety, for Work, for Fun - FOR LIFE