934
CXUS53 KLBF 011320
CLMLBF


CLIMATE REPORT
NATIONAL WEATHER SERVICE NORTH PLATTE
820 AM CDT MON SEP 1 2014

...................................

...THE NORTH PLATTE NE CLIMATE SUMMARY FOR THE MONTH OF AUGUST 2014...

CLIMATE NORMAL PERIOD 1981 TO 2010
CLIMATE RECORD PERIOD 1874 TO 2014

WEATHER         OBSERVED          NORMAL  DEPART  LAST YEAR`S
                 VALUE   DATE(S)  VALUE   FROM    VALUE  DATE(S)
                                          NORMAL
................................................................
TEMPERATURE (F)
RECORD
 HIGH             108   08/02/2008
                        08/11/1936
                        00/00/2194
 LOW               35   08/28/1976
HIGHEST            95   08/17        98      -3      102  08/29
LOWEST             50   08/01        46       4       54  08/09
AVG. MAXIMUM     86.8              86.1     0.7     87.6
AVG. MINIMUM     59.2              58.2     1.0     62.0
MEAN             73.0              72.1     0.9     74.8
DAYS MAX >= 90     12              10.1     1.9       11
DAYS MAX <= 32      0               0.0     0.0        0
DAYS MIN <= 32      0               0.0     0.0        0
DAYS MIN <= 0       0               0.0     0.0        0

PRECIPITATION (INCHES)
RECORD
 MAXIMUM         7.16   MM
                        1950
 MINIMUM         0.06   1967
TOTALS           5.10              2.29    2.81     3.51
DAILY AVG.       0.16              0.07    0.09     0.11
DAYS >= .01        12               8.8     3.2        6
DAYS >= .10         8               4.2     3.8        4
DAYS >= .50         4               1.7     2.3        2
DAYS >= 1.00        1               0.5     0.5        2
GREATEST
 24 HR. TOTAL    1.63   08/09 TO 08/10           08/05 TO 08/05
                                                          08/04 TO 08/05
                                                          08/05 TO 08/05

SNOWFALL (INCHES)
RECORDS
 TOTAL              T   2008
                        2004
TOTALS            0.0               0.0     0.0      0.0
SINCE 7/1         0.0               0.0     0.0      0.0
SNOWDEPTH AVG.      0                MM      MM        0
DAYS >= 1.0         0               0.0     0.0        0
GREATEST
 SNOW DEPTH         0   MM                             0  MM
 24 HR TOTAL      0.0   MM

DEGREE_DAYS
HEATING TOTAL       0                15     -15        0
 SINCE 7/1         17                20      -3       13
COOLING TOTAL     254               236      18      308
 SINCE 1/1        669               695     -26      837
......................................................

WIND (MPH)
AVERAGE WIND SPEED              7.1
HIGHEST WIND SPEED/DIRECTION    33/300    DATE  08/08
HIGHEST GUST SPEED/DIRECTION    42/300    DATE  08/08

SKY COVER
POSSIBLE SUNSHINE (PERCENT)   MM
AVERAGE SKY COVER           0.20
NUMBER OF DAYS FAIR           25
NUMBER OF DAYS PC              5
NUMBER OF DAYS CLOUDY          1

AVERAGE RH (PERCENT)     69

WEATHER CONDITIONS. NUMBER OF DAYS WITH
THUNDERSTORM              0     MIXED PRECIP               0
HEAVY RAIN                8     RAIN                       6
LIGHT RAIN               17     FREEZING RAIN              0
LT FREEZING RAIN          0     HAIL                       0
HEAVY SNOW                0     SNOW                       0
LIGHT SNOW                0     SLEET                      0
FOG                      16     FOG W/VIS <= 1/4 MILE      3
HAZE                      2

-  INDICATES NEGATIVE NUMBERS.
R  INDICATES RECORD WAS SET OR TIED.
MM INDICATES DATA IS MISSING.
T  INDICATES TRACE AMOUNT.

$$




U.S. Dept. of Commerce
NOAA National Weather Service
1325 East West Highway
Silver Spring, MD 20910
E-mail: w-nws.webmaster@noaa.gov
Page last modified: May 16, 2007
NATIONAL WEATHER SERVICE: for Safety, for Work, for Fun - FOR LIFE