521
CXUS53 KLBF 011302
CLMLBF

CLIMATE REPORT
NATIONAL WEATHER SERVICE NORTH PLATTE
747 AM CDT SAT NOV 1 2014

...................................

...THE NORTH PLATTE NE CLIMATE SUMMARY FOR THE MONTH OF OCTOBER 2014...

CLIMATE NORMAL PERIOD 1981 TO 2010
CLIMATE RECORD PERIOD 1874 TO 2014

WEATHER         OBSERVED          NORMAL  DEPART  LAST YEAR`S
                 VALUE   DATE(S)  VALUE   FROM    VALUE  DATE(S)
                                          NORMAL
................................................................
TEMPERATURE (F)
RECORD
 HIGH              96   10/05/1947
 LOW                4   10/28/1925
                        10/29/1913
HIGHEST            85   10/26        86      -1       81  10/02
LOWEST             20   10/29        17       3       24  10/31
AVG. MAXIMUM     69.7              64.5     5.2     61.1
AVG. MINIMUM     34.6              33.6     1.0     34.1
MEAN             52.2              49.1     3.1     47.6
DAYS MAX >= 90      0               0.3    -0.3        0
DAYS MAX <= 32      0               0.4    -0.4        0
DAYS MIN <= 32     12              13.3    -1.3       15
DAYS MIN <= 0       0               0.0     0.0        0

PRECIPITATION (INCHES)
RECORD
 MAXIMUM         5.80   1946
 MINIMUM            T   1933
TOTALS           0.73              1.55   -0.82     1.66
DAILY AVG.       0.02              0.05   -0.03     0.05
DAYS >= .01         5               6.6    -1.6        6
DAYS >= .10         3               3.4    -0.4        2
DAYS >= .50         0               0.9    -0.9        1
DAYS >= 1.00        0               0.3    -0.3        1
GREATEST
 24 HR. TOTAL    0.45   10/01 TO 10/02           10/13 TO 10/14
                                                          10/31 TO 10/31
                                                          10/31 TO 10/31

SNOWFALL (INCHES)
RECORDS
 TOTAL           30.3   2009
TOTALS            0.0               2.1    -2.1      0.0
SINCE 7/1           T               2.3    -2.3      0.0
SNOWDEPTH AVG.      0                MM      MM        0
DAYS >= 1.0         0               0.6    -0.6        0
GREATEST
 SNOW DEPTH         0   MM                             0  MM
 24 HR TOTAL      0.0   MM

DEGREE_DAYS
HEATING TOTAL     391               498    -107      531
 SINCE 7/1        531               669    -138      614
COOLING TOTAL       0                 3      -3        0
 SINCE 1/1        744               768     -24      998
..................................................

WIND (MPH)
AVERAGE WIND SPEED              8.1
HIGHEST WIND SPEED/DIRECTION    43/310    DATE  10/05
HIGHEST GUST SPEED/DIRECTION    61/320    DATE  10/05

SKY COVER
POSSIBLE SUNSHINE (PERCENT)   MM
AVERAGE SKY COVER           0.20
NUMBER OF DAYS FAIR           24
NUMBER OF DAYS PC              7
NUMBER OF DAYS CLOUDY          0

AVERAGE RH (PERCENT)     61

WEATHER CONDITIONS. NUMBER OF DAYS WITH
THUNDERSTORM              0     MIXED PRECIP               0
HEAVY RAIN                2     RAIN                       3
LIGHT RAIN                5     FREEZING RAIN              0
LT FREEZING RAIN          0     HAIL                       0
HEAVY SNOW                0     SNOW                       0
LIGHT SNOW                0     SLEET                      0
FOG                       6     FOG W/VIS <= 1/4 MILE      2
HAZE                      2

-  INDICATES NEGATIVE NUMBERS.
R  INDICATES RECORD WAS SET OR TIED.
MM INDICATES DATA IS MISSING.
T  INDICATES TRACE AMOUNT.

$$







U.S. Dept. of Commerce
NOAA National Weather Service
1325 East West Highway
Silver Spring, MD 20910
E-mail: w-nws.webmaster@noaa.gov
Page last modified: May 16, 2007
NATIONAL WEATHER SERVICE: for Safety, for Work, for Fun - FOR LIFE