303
CXUS53 KLBF 011050
CLMLBF


CLIMATE REPORT
NATIONAL WEATHER SERVICE NORTH PLATTE
542 AM CDT TUE JUL 1 2014

...................................

...THE NORTH PLATTE NE CLIMATE SUMMARY FOR THE MONTH OF JUNE 2014...

CLIMATE NORMAL PERIOD 1981 TO 2010
CLIMATE RECORD PERIOD 1874 TO 2014

WEATHER         OBSERVED          NORMAL  DEPART  LAST YEAR`S
                 VALUE   DATE(S)  VALUE   FROM    VALUE  DATE(S)
                                          NORMAL
................................................................
TEMPERATURE (F)
RECORD
 HIGH             107   06/26/2012
                        06/15/1952
                        54/01/2206
 LOW               29   06/02/1969
HIGHEST            93   06/17        96      -3       97  06/21
                        06/03
LOWEST             43   06/10        41       2       33  06/02
AVG. MAXIMUM     81.0              81.8    -0.8     84.6
AVG. MINIMUM     54.6              54.0     0.6     53.8
MEAN             67.8              67.9    -0.1     69.2
DAYS MAX >= 90      4               5.4    -1.4        8
DAYS MAX <= 32      0               0.0     0.0        0
DAYS MIN <= 32      0               0.0     0.0        0
DAYS MIN <= 0       0               0.0     0.0        0

PRECIPITATION (INCHES)
RECORD
 MAXIMUM        10.47   1951
 MINIMUM         0.33   1952
TOTALS           8.75              3.42    5.33     1.95
DAILY AVG.       0.29              0.11    0.18     0.07
DAYS >= .01        15              10.5     4.5        9
DAYS >= .10         9               6.6     2.4        5
DAYS >= .50         7               2.6     4.4        0
DAYS >= 1.00        3               0.6     2.4        0
GREATEST
24 HR. TOTAL    2.32   06/06 TO 06/06


SNOWFALL (INCHES)
RECORDS
 TOTAL              T   2013
                        2009
                        2008
TOTALS              TR              0.0     0.0        T
SINCE 7/1        29.8              28.5     1.3     30.2
SNOWDEPTH AVG.      0                MM      MM        0
DAYS >= 1.0         0               0.0     0.0        0
GREATEST
 SNOW DEPTH         0   MM                             0  MM
 24 HR TOTAL        TR  06/30 TO 06/30

DEGREE_DAYS
HEATING TOTAL      39                51     -12       47
 SINCE 7/1       6869              6686     183     6763
COOLING TOTAL     131               138      -7      179
 SINCE 1/1        180               166      14      227
.....................................................

WIND (MPH)
AVERAGE WIND SPEED              8.8
HIGHEST WIND SPEED/DIRECTION    66/290    DATE  06/06
HIGHEST GUST SPEED/DIRECTION    85/290    DATE  06/06

SKY COVER
POSSIBLE SUNSHINE (PERCENT)   MM
AVERAGE SKY COVER           0.30
NUMBER OF DAYS FAIR           19
NUMBER OF DAYS PC              9
NUMBER OF DAYS CLOUDY          2

AVERAGE RH (PERCENT)     69

WEATHER CONDITIONS. NUMBER OF DAYS WITH
THUNDERSTORM              0     MIXED PRECIP               0
HEAVY RAIN                8     RAIN                       8
LIGHT RAIN               18     FREEZING RAIN              0
LT FREEZING RAIN          0     HAIL                       4
HEAVY SNOW                0     SNOW                       0
LIGHT SNOW                0     SLEET                      0
FOG                      16     FOG W/VIS <= 1/4 MILE      1
HAZE                      6

-  INDICATES NEGATIVE NUMBERS.
R  INDICATES RECORD WAS SET OR TIED.
MM INDICATES DATA IS MISSING.
T  INDICATES TRACE AMOUNT.

$$






U.S. Dept. of Commerce
NOAA National Weather Service
1325 East West Highway
Silver Spring, MD 20910
E-mail: w-nws.webmaster@noaa.gov
Page last modified: May 16, 2007
NATIONAL WEATHER SERVICE: for Safety, for Work, for Fun - FOR LIFE