226
CXUS54 KLUB 011548
CLMLBB


CLIMATE REPORT
NATIONAL WEATHER SERVICE LUBBOCK, TX
1047 AM CDT WED OCT 1 2014

...................................

...THE LUBBOCK CLIMATE SUMMARY FOR THE MONTH OF SEPTEMBER 2014...

CLIMATE NORMAL PERIOD 1981 TO 2010
CLIMATE RECORD PERIOD 1911 TO 2014

WEATHER         OBSERVED          NORMAL  DEPART  LAST YEAR`S
                 VALUE   DATE(S)  VALUE   FROM    VALUE  DATE(S)
                                          NORMAL
................................................................
TEMPERATURE (F)
RECORD
 HIGH             105   09/19/1930
 LOW               33   09/21/1983
                        09/29/1916
HIGHEST           104   09/01                         99  09/01
LOWEST             47   09/13                         43  09/29
AVG. MAXIMUM     80.4              84.5    -4.1     88.7
AVG. MINIMUM     62.6              58.8     3.8     61.5
MEAN             71.5              71.7    -0.2     75.1
DAYS MAX >= 90      6               8.0    -2.0       14
DAYS MAX <= 32      0               0.0     0.0        0
DAYS MIN <= 32      0               0.0     0.0        0
DAYS MIN <= 0       0               0.0     0.0        0

PRECIPITATION (INCHES)
RECORD
 MAXIMUM        13.93   1936
 MINIMUM         0.00   1954
TOTALS           6.94              2.51    4.43     0.54
DAILY AVG.       0.23              0.08    0.15     0.02
DAYS >= .01        14                                  5
DAYS >= .10        11                                  1
DAYS >= .50         4                                  0
DAYS >= 1.00        2                                  0
GREATEST
 24 HR. TOTAL    2.94   09/24 TO 09/25

DEGREE_DAYS
HEATING TOTAL      25                23       2        4
 SINCE 7/1         25                23       2        4
COOLING TOTAL     228               223       5      316
 SINCE 1/1       1857              1749     108     2044
.................................................................

WIND (MPH)
AVERAGE WIND SPEED              10.3
HIGHEST WIND SPEED/DIRECTION    33/340    DATE  09/17
HIGHEST GUST SPEED/DIRECTION    46/340    DATE  09/17

SKY COVER
POSSIBLE SUNSHINE (PERCENT)   MM
AVERAGE SKY COVER           0.60
NUMBER OF DAYS FAIR            8
NUMBER OF DAYS PC              6
NUMBER OF DAYS CLOUDY         16

AVERAGE RH (PERCENT)     72

WEATHER CONDITIONS. NUMBER OF DAYS WITH
THUNDERSTORM              0     MIXED PRECIP               0
HEAVY RAIN                5     RAIN                      10
LIGHT RAIN               15     FREEZING RAIN              0
LT FREEZING RAIN          0     HAIL                       0
HEAVY SNOW                0     SNOW                       0
LIGHT SNOW                0     SLEET                      0
FOG                      20     FOG W/VIS <= 1/4 MILE      1
HAZE                      3

-  INDICATES NEGATIVE NUMBERS.
R  INDICATES RECORD WAS SET OR TIED.
MM INDICATES DATA IS MISSING.
T  INDICATES TRACE AMOUNT.

$$




U.S. Dept. of Commerce
NOAA National Weather Service
1325 East West Highway
Silver Spring, MD 20910
E-mail: w-nws.webmaster@noaa.gov
Page last modified: May 16, 2007
NATIONAL WEATHER SERVICE: for Safety, for Work, for Fun - FOR LIFE