667
CXUS54 KLUB 231500
CLMLBB


CLIMATE REPORT
NATIONAL WEATHER SERVICE LUBBOCK, TX
900 AM CST FRI JAN 23 2015

...................................

...THE LUBBOCK CLIMATE SUMMARY FOR THE MONTH OF DECEMBER 2014...

CLIMATE NORMAL PERIOD 1981 TO 2010
CLIMATE RECORD PERIOD 1911 TO 2015

WEATHER         OBSERVED          NORMAL  DEPART  LAST YEAR`S
                 VALUE   DATE(S)  VALUE   FROM    VALUE  DATE(S)
                                          NORMAL
................................................................
TEMPERATURE (F)
RECORD
 HIGH              83   12/06/1939
 LOW               -2   12/22/1989
                        12/28/1924
HIGHEST            68   12/05                         77  12/03
                        12/03
LOWEST             10   12/31                         10  12/10
                                                          12/07
AVG. MAXIMUM     54.8              54.1     0.7     53.4
AVG. MINIMUM     32.3              27.1     5.2     24.1
MEAN             43.5              40.6     2.9     38.7
DAYS MAX >= 90      0               0.0     0.0        0
DAYS MAX <= 32      2               1.8     0.2        4
DAYS MIN <= 32     13              22.6    -9.6       26
DAYS MIN <= 0       0               0.1    -0.1        0

PRECIPITATION (INCHES)
RECORD
 MAXIMUM         2.70   1942
 MINIMUM         0.00   1955
TOTALS           0.39              0.76   -0.37     0.60
DAILY AVG.       0.01              0.02   -0.01     0.02
DAYS >= .01         7                                  4
DAYS >= .10         2                                  1
DAYS >= .50         0                                  0
DAYS >= 1.00        0                                  0
GREATEST
 24 HR. TOTAL    0.12   12/30 TO 12/30

SNOWFALL (INCHES)
RECORDS
 TOTAL           10.5   1942
 24 HR TOTAL       MM
 SNOW DEPTH        MM   MM
TOTALS            2.4               2.3     0.1      0.2
SINCE 7/1         2.9               3.2    -0.3      2.4
SNOWDEPTH AVG.      0                MM      MM        0
DAYS >= TRACE       4               1.8     2.2        5
DAYS >= 1.0         1               0.7     0.3        0
GREATEST
 SNOW DEPTH         1   12/31                          0  MM
                        12/27
 24 HR TOTAL      1.3   MM                       12/21 TO 12/21
                                                          12/21 TO 12/21
                                                          12/21 TO 12/21

DEGREE_DAYS
HEATING TOTAL     659               756     -97      804
 SINCE 7/1       1334              1398     -64     1457
COOLING TOTAL       0                 0       0        0
 SINCE 1/1       1917              1804     113     2123
..................................................

WIND (MPH)
AVERAGE WIND SPEED              10.9
HIGHEST WIND SPEED/DIRECTION    37/270    DATE  12/14
HIGHEST GUST SPEED/DIRECTION    51/350    DATE  12/30

SKY COVER
POSSIBLE SUNSHINE (PERCENT)   MM
AVERAGE SKY COVER           0.60
NUMBER OF DAYS FAIR            5
NUMBER OF DAYS PC             14
NUMBER OF DAYS CLOUDY         12

AVERAGE RH (PERCENT)     67

WEATHER CONDITIONS. NUMBER OF DAYS WITH
THUNDERSTORM              0     MIXED PRECIP               1
HEAVY RAIN                0     RAIN                       1
LIGHT RAIN                8     FREEZING RAIN              0
LT FREEZING RAIN          2     HAIL                       0
HEAVY SNOW                0     SNOW                       5
LIGHT SNOW                4     SLEET                      3
FOG                      18     FOG W/VIS <= 1/4 MILE      4
HAZE                      9

-  INDICATES NEGATIVE NUMBERS.
R  INDICATES RECORD WAS SET OR TIED.
MM INDICATES DATA IS MISSING.
T  INDICATES TRACE AMOUNT.

$$




U.S. Dept. of Commerce
NOAA National Weather Service
1325 East West Highway
Silver Spring, MD 20910
E-mail: w-nws.webmaster@noaa.gov
Page last modified: May 16, 2007
NATIONAL WEATHER SERVICE: for Safety, for Work, for Fun - FOR LIFE