673
CXUS54 KLUB 012108
CLMLBB


CLIMATE REPORT
NATIONAL WEATHER SERVICE LUBBOCK, TX
307 PM CST MON DEC 1 2014

...................................

...THE LUBBOCK CLIMATE SUMMARY FOR THE MONTH OF NOVEMBER 2014...

CLIMATE NORMAL PERIOD 1981 TO 2010
CLIMATE RECORD PERIOD 1911 TO 2014

WEATHER         OBSERVED          NORMAL  DEPART  LAST YEAR`S
                 VALUE   DATE(S)  VALUE   FROM    VALUE  DATE(S)
                                          NORMAL
................................................................
TEMPERATURE (F)
RECORD
 HIGH              90   11/09/2006
 LOW                    11/23/1957
HIGHEST            81   11/10                         78  11/16
LOWEST             12   11/17                         23  11/27
AVG. MAXIMUM     60.8              63.6    -2.8     61.5
AVG. MINIMUM     32.2              35.9    -3.7     35.4
MEAN             46.5              49.8    -3.3     48.5
DAYS MAX >= 90      0               0.0     0.0        0
DAYS MAX <= 32      2               0.2     1.8        3
DAYS MIN <= 32     15               9.5     5.5       13
DAYS MIN <= 0       0               0.0     0.0        0

PRECIPITATION (INCHES)
RECORD
 MAXIMUM         6.65   2004
 MINIMUM         0.00   1999
                        1960
TOTALS           2.95              0.85    2.10     0.54
DAILY AVG.       0.10              0.03    0.07     0.02
DAYS >= .01         3                                  4
DAYS >= .10         2                                  2
DAYS >= .50         2                                  0
DAYS >= 1.00        1                                  0
GREATEST
 24 HR. TOTAL    2.89   11/03 TO 11/04

SNOWFALL (INCHES)
RECORDS
 TOTAL           21.4   1980
 24 HR TOTAL       MM
 SNOW DEPTH        MM   MM
TOTALS            0.5               0.9    -0.4      2.2
SINCE 7/1         0.5               0.9    -0.4      2.2
SNOWDEPTH AVG.      0                MM      MM        0
DAYS >= TRACE       2               0.6     1.4        4
DAYS >= 1.0         0               0.3    -0.3        1
GREATEST
 SNOW DEPTH         1   11/17                          2  11/25
                        11/16
 24 HR TOTAL      0.5   11/16 TO 11/16           11/24 TO 11/24
                                                          11/24 TO 11/24
                                                          11/24 TO 11/24

DEGREE_DAYS
HEATING TOTAL     548               460      88      490
 SINCE 7/1        675               642      33      653
COOLING TOTAL       0                 3      -3        3
 SINCE 1/1       1917              1804     113     2123
.....................................................

WIND (MPH)
AVERAGE WIND SPEED              11.8
HIGHEST WIND SPEED/DIRECTION    40/290    DATE  11/23
HIGHEST GUST SPEED/DIRECTION    49/290    DATE  11/23

SKY COVER
POSSIBLE SUNSHINE (PERCENT)   MM
AVERAGE SKY COVER           0.40
NUMBER OF DAYS FAIR           13
NUMBER OF DAYS PC             10
NUMBER OF DAYS CLOUDY          7

AVERAGE RH (PERCENT)     55

WEATHER CONDITIONS. NUMBER OF DAYS WITH
THUNDERSTORM              0     MIXED PRECIP               0
HEAVY RAIN                2     RAIN                       2
LIGHT RAIN                2     FREEZING RAIN              0
LT FREEZING RAIN          1     HAIL                       0
HEAVY SNOW                0     SNOW                       1
LIGHT SNOW                2     SLEET                      0
FOG                       5     FOG W/VIS <= 1/4 MILE      0
HAZE                      5

-  INDICATES NEGATIVE NUMBERS.
R  INDICATES RECORD WAS SET OR TIED.
MM INDICATES DATA IS MISSING.
T  INDICATES TRACE AMOUNT.

$$




U.S. Dept. of Commerce
NOAA National Weather Service
1325 East West Highway
Silver Spring, MD 20910
E-mail: w-nws.webmaster@noaa.gov
Page last modified: May 16, 2007
NATIONAL WEATHER SERVICE: for Safety, for Work, for Fun - FOR LIFE