689
CXUS54 KLUB 011319
CLMLBB


CLIMATE REPORT
NATIONAL WEATHER SERVICE LUBBOCK, TX
819 AM CDT TUE APR 1 2014

...................................

...THE LUBBOCK CLIMATE SUMMARY FOR THE MONTH OF MARCH 2014...

CLIMATE NORMAL PERIOD 1981 TO 2010
CLIMATE RECORD PERIOD 1911 TO 2014

WEATHER         OBSERVED          NORMAL  DEPART  LAST YEAR`S
                 VALUE   DATE(S)  VALUE   FROM    VALUE  DATE(S)
                                          NORMAL
................................................................
TEMPERATURE (F)
RECORD
 HIGH              95   03/11/1989
                        03/31/1946
 LOW               -2   03/02/1922
HIGHEST            85   03/01                         88  03/15
LOWEST              9   03/03                         19  03/25
AVG. MAXIMUM     68.3              66.7     1.6     70.3
AVG. MINIMUM     33.0              37.0    -4.0     36.5
MEAN             50.6              51.9    -1.3     53.4
DAYS MAX >= 90      0               0.3    -0.3        0
DAYS MAX <= 32      1               0.2     0.8        0
DAYS MIN <= 32     16               8.6     7.4       11
DAYS MIN <= 0       0               0.0     0.0        0

PRECIPITATION (INCHES)
RECORD
 MAXIMUM         5.94   2007
 MINIMUM         0.00   1956
TOTALS           0.17              1.10   -0.93        T
DAILY AVG.       0.01              0.04   -0.03        T
DAYS >= .01         2                                  0
DAYS >= .10         1                                  0
DAYS >= .50         0                                  0
DAYS >= 1.00        0                                  0
GREATEST
 24 HR. TOTAL    0.16   03/26 TO 03/26

SNOWFALL (INCHES)
RECORDS
 TOTAL           16.5   1915
 24 HR TOTAL       MM
 SNOW DEPTH        MM   MM
TOTALS              T               0.6    -0.6      0.0
SINCE 7/1         4.2               8.0    -3.8      3.7
SNOWDEPTH AVG.      0                MM      MM        0
DAYS >= TRACE       2               0.8     1.2        0
DAYS >= 1.0         0               0.1    -0.1        0
GREATEST
 SNOW DEPTH         0   MM                             0  MM
 24 HR TOTAL        T   03/08 TO 03/08           03/31 TO 03/31
                                                          03/31 TO 03/31
                                                          03/31 TO 03/31

DEGREE_DAYS
HEATING TOTAL     440               415      25      356
 SINCE 7/1       3292              3154     138     2886
COOLING TOTAL       3                 7      -4        2
 SINCE 1/1          3                 7      -4        2
..................................................

WIND (MPH)
AVERAGE WIND SPEED              14.5
HIGHEST WIND SPEED/DIRECTION    47/280    DATE  03/18
HIGHEST GUST SPEED/DIRECTION    58/270    DATE  03/18

SKY COVER
POSSIBLE SUNSHINE (PERCENT)   MM
AVERAGE SKY COVER           0.40
NUMBER OF DAYS FAIR           13
NUMBER OF DAYS PC             17
NUMBER OF DAYS CLOUDY          1

AVERAGE RH (PERCENT)     41

WEATHER CONDITIONS. NUMBER OF DAYS WITH
THUNDERSTORM              0     MIXED PRECIP               0
HEAVY RAIN                0     RAIN                       0
LIGHT RAIN                4     FREEZING RAIN              1
LT FREEZING RAIN          1     HAIL                       0
HEAVY SNOW                0     SNOW                       0
LIGHT SNOW                2     SLEET                      1
FOG                       3     FOG W/VIS <= 1/4 MILE      0
HAZE                     16

-  INDICATES NEGATIVE NUMBERS.
R  INDICATES RECORD WAS SET OR TIED.
MM INDICATES DATA IS MISSING.
T  INDICATES TRACE AMOUNT.

$$





U.S. Dept. of Commerce
NOAA National Weather Service
1325 East West Highway
Silver Spring, MD 20910
E-mail: w-nws.webmaster@noaa.gov
Page last modified: May 16, 2007
NATIONAL WEATHER SERVICE: for Safety, for Work, for Fun - FOR LIFE