049
CXUS54 KLUB 022258
CLMLBB


CLIMATE REPORT
NATIONAL WEATHER SERVICE LUBBOCK, TX
548 PM CDT WED JUL 2 2014

...................................

...THE LUBBOCK CLIMATE SUMMARY FOR THE MONTH OF JUNE 2014...

CLIMATE NORMAL PERIOD 1981 TO 2010
CLIMATE RECORD PERIOD 1911 TO 2014

WEATHER         OBSERVED          NORMAL  DEPART  LAST YEAR`S
                 VALUE   DATE(S)  VALUE   FROM    VALUE  DATE(S)
                                          NORMAL
................................................................
TEMPERATURE (F)
RECORD
 HIGH             114   06/27/1994
 LOW               39   06/02/1917
HIGHEST           103   06/04                        107  06/26
LOWEST             54   06/10                         56  06/05
AVG. MAXIMUM     90.7              90.6     0.1     93.4
AVG. MINIMUM     66.0              64.2     1.8     67.6
MEAN             78.3              77.4     0.9     80.5
DAYS MAX >= 90     18              16.6     1.4       19
DAYS MAX <= 32      0               0.0     0.0        0
DAYS MIN <= 32      0               0.0     0.0        0
DAYS MIN <= 0       0               0.0     0.0        0

PRECIPITATION (INCHES)
RECORD
 MAXIMUM         8.48   2000
 MINIMUM            T   2011
                        1990
TOTALS           2.59              3.04   -0.45     1.67
DAILY AVG.       0.09              0.10   -0.01     0.06
DAYS >= .01         8                                  9
DAYS >= .10         6                                  5
DAYS >= .50         2                                  0
DAYS >= 1.00        0                                  0
GREATEST
 24 HR. TOTAL    0.89   06/13 TO 06/13
                        06/13 TO 06/14

DEGREE_DAYS
HEATING TOTAL       0                 2      -2        0
 SINCE 7/1       3513              3379     134     3208
COOLING TOTAL     407               374      33      474
 SINCE 1/1        686               620      66      789
.................................................................

WIND (MPH)
AVERAGE WIND SPEED              14.9
HIGHEST WIND SPEED/DIRECTION    40/020    DATE  06/09
HIGHEST GUST SPEED/DIRECTION    52/160    DATE  06/17

SKY COVER
POSSIBLE SUNSHINE (PERCENT)   MM
AVERAGE SKY COVER           0.50
NUMBER OF DAYS FAIR            7
NUMBER OF DAYS PC             23
NUMBER OF DAYS CLOUDY          0

AVERAGE RH (PERCENT)     58

WEATHER CONDITIONS. NUMBER OF DAYS WITH
THUNDERSTORM              0     MIXED PRECIP               0
HEAVY RAIN                4     RAIN                       1
LIGHT RAIN                9     FREEZING RAIN              0
LT FREEZING RAIN          0     HAIL                       0
HEAVY SNOW                0     SNOW                       0
LIGHT SNOW                0     SLEET                      0
FOG                       8     FOG W/VIS <= 1/4 MILE      0
HAZE                      7

-  INDICATES NEGATIVE NUMBERS.
R  INDICATES RECORD WAS SET OR TIED.
MM INDICATES DATA IS MISSING.
T  INDICATES TRACE AMOUNT.

$$





U.S. Dept. of Commerce
NOAA National Weather Service
1325 East West Highway
Silver Spring, MD 20910
E-mail: w-nws.webmaster@noaa.gov
Page last modified: May 16, 2007
NATIONAL WEATHER SERVICE: for Safety, for Work, for Fun - FOR LIFE