801
CXUS54 KLUB 011435
CLMLBB


CLIMATE REPORT
NATIONAL WEATHER SERVICE LUBBOCK, TX
934 AM CDT FRI AUG 1 2014

...................................

...THE LUBBOCK CLIMATE SUMMARY FOR THE MONTH OF JULY 2014...

CLIMATE NORMAL PERIOD 1981 TO 2010
CLIMATE RECORD PERIOD 1911 TO 2014

WEATHER         OBSERVED          NORMAL  DEPART  LAST YEAR`S
                 VALUE   DATE(S)  VALUE   FROM    VALUE  DATE(S)
                                          NORMAL
................................................................
TEMPERATURE (F)
RECORD
 HIGH             109   07/10/1940
 LOW               49   07/05/1915
HIGHEST           100   07/25                        101  07/14
LOWEST             62   07/18                         60  07/15
                                                          07/14
AVG. MAXIMUM     90.1              92.8    -2.7     90.5
AVG. MINIMUM     67.9              67.7     0.2     68.0
MEAN             79.0              80.3    -1.3     79.2
DAYS MAX >= 90     20              22.3    -2.3       19
DAYS MAX <= 32      0               0.0     0.0        0
DAYS MIN <= 32      0               0.0     0.0        0
DAYS MIN <= 0       0               0.0     0.0        0

PRECIPITATION (INCHES)
RECORD
 MAXIMUM         7.20   1976
 MINIMUM         0.00   1970
TOTALS           2.64              1.91    0.73     3.37
DAILY AVG.       0.09              0.06    0.03     0.11
DAYS >= .01         8                                  8
DAYS >= .10         5                                  6
DAYS >= .50         1                                  1
DAYS >= 1.00        1                                  1
GREATEST
 24 HR. TOTAL    1.96   07/02 TO 07/03

DEGREE_DAYS
HEATING TOTAL       0                 0       0        0
 SINCE 7/1          0                 0       0        0
COOLING TOTAL     443               473     -30      450
 SINCE 1/1       1129              1093      36     1239
.................................................................

WIND (MPH)
AVERAGE WIND SPEED              11.0
HIGHEST WIND SPEED/DIRECTION    36/120    DATE  07/01
HIGHEST GUST SPEED/DIRECTION    46/120    DATE  07/01

SKY COVER
POSSIBLE SUNSHINE (PERCENT)   MM
AVERAGE SKY COVER           0.50
NUMBER OF DAYS FAIR           10
NUMBER OF DAYS PC             15
NUMBER OF DAYS CLOUDY          6

AVERAGE RH (PERCENT)     57

WEATHER CONDITIONS. NUMBER OF DAYS WITH
THUNDERSTORM              0     MIXED PRECIP               0
HEAVY RAIN                2     RAIN                       2
LIGHT RAIN                8     FREEZING RAIN              0
LT FREEZING RAIN          0     HAIL                       0
HEAVY SNOW                0     SNOW                       0
LIGHT SNOW                0     SLEET                      0
FOG                      11     FOG W/VIS <= 1/4 MILE      0
HAZE                      6

-  INDICATES NEGATIVE NUMBERS.
R  INDICATES RECORD WAS SET OR TIED.
MM INDICATES DATA IS MISSING.
T  INDICATES TRACE AMOUNT.

$$




U.S. Dept. of Commerce
NOAA National Weather Service
1325 East West Highway
Silver Spring, MD 20910
E-mail: w-nws.webmaster@noaa.gov
Page last modified: May 16, 2007
NATIONAL WEATHER SERVICE: for Safety, for Work, for Fun - FOR LIFE