795
CXUS55 KVEF 011122
CLMLAS

CLIMATE REPORT
NATIONAL WEATHER SERVICE LAS VEGAS, NV
414 AM PDT TUE APR 1 2014

...................................

...THE LAS VEGAS NV CLIMATE SUMMARY FOR THE MONTH OF MARCH 2014...

CLIMATE NORMAL PERIOD 1981 TO 2010
CLIMATE RECORD PERIOD 1937 TO 2014

WEATHER         OBSERVED          NORMAL  DEPART  LAST YEAR`S
                 VALUE   DATE(S)  VALUE   FROM    VALUE  DATE(S)
                                          NORMAL
................................................................
TEMPERATURE (F)
RECORD
 HIGH              92   03/21/2004
 LOW               19   03/02/1939
HIGHEST            86   03/17        84       2       MM  MM
LOWEST             45   03/02        37       8       MM  MM
AVG. MAXIMUM     73.8              70.3     3.5       MM
AVG. MINIMUM     52.4              49.4     3.0       MM
MEAN             63.1              59.9     3.2       MM
DAYS MAX >= 90      0               0.2    -0.2       MM
DAYS MAX <= 32      0               0.0     0.0       MM
DAYS MIN <= 32      0               0.0     0.0       MM
DAYS MIN <= 0       0               0.0     0.0       MM

PRECIPITATION (INCHES)
RECORD
 MAXIMUM         4.80   1992
 MINIMUM         0.00   1972
TOTALS           0.00R             0.44   -0.44       MM
DAILY AVG.       0.00              0.01   -0.01       MM
DAYS >= .01         0               2.9    -2.9       MM
DAYS >= .10         0               1.2    -1.2       MM
DAYS >= .50         0               0.3    -0.3       MM
DAYS >= 1.00        0               0.0     0.0       MM
GREATEST
 24 HR. TOTAL    0.00   03/31 TO 03/31
                        03/30 TO 03/30
                        03/29 TO 03/29

SNOWFALL (INCHES)
RECORDS
 TOTAL            0.1   1976
 24 HR TOTAL        T
TOTALS            0.0               0.0     0.0       MM
SINCE 7/1         0.0
SNOWDEPTH AVG.      0
DAYS >= TRACE       0
DAYS >= 1.0         0
GREATEST
 SNOW DEPTH         0
 24 HR TOTAL      0.0   03/31 TO 03/31
 STORM TOTAL       MM
 (MM/DD(HH))

DEGREE_DAYS
HEATING TOTAL      85               189    -104       MM
 SINCE 7/1       1471              1880    -409       MM
COOLING TOTAL      31                30       1       MM
 SINCE 1/1         34                31       3       MM

FREEZE DATES
RECORD
 EARLIEST     10/21/1949
 LATEST       04/12/1967
EARLIEST                        11/25
LATEST                          02/28
.................................................................

WIND (MPH)
AVERAGE WIND SPEED              8.9
HIGHEST WIND SPEED/DIRECTION    36/330    DATE  03/17
HIGHEST GUST SPEED/DIRECTION    47/330    DATE  03/17

SKY COVER
POSSIBLE SUNSHINE (PERCENT)   MM
AVERAGE SKY COVER           0.40
NUMBER OF DAYS FAIR           12
NUMBER OF DAYS PC             19
NUMBER OF DAYS CLOUDY          0

AVERAGE RH (PERCENT)     24

WEATHER CONDITIONS. NUMBER OF DAYS WITH
THUNDERSTORM              0     MIXED PRECIP               0
HEAVY RAIN                0     RAIN                       0
LIGHT RAIN                0     FREEZING RAIN              0
LT FREEZING RAIN          0     HAIL                       0
HEAVY SNOW                0     SNOW                       0
LIGHT SNOW                0     SLEET                      0
FOG                       0     FOG W/VIS <= 1/4 MILE      0
HAZE                      0

-  INDICATES NEGATIVE NUMBERS.
R  INDICATES RECORD WAS SET OR TIED.
MM INDICATES DATA IS MISSING.
T  INDICATES TRACE AMOUNT.

$$








U.S. Dept. of Commerce
NOAA National Weather Service
1325 East West Highway
Silver Spring, MD 20910
E-mail: w-nws.webmaster@noaa.gov
Page last modified: May 16, 2007
NATIONAL WEATHER SERVICE: for Safety, for Work, for Fun - FOR LIFE