348
CXUS55 KCYS 031854
CLMLAR


CLIMATE REPORT
NATIONAL WEATHER SERVICE CHEYENNE WY
1254 PM MDT THU JUL 3 2014

...................................

...THE LARAMIE WY AIRPORT CLIMATE SUMMARY FOR THE MONTH OF JUNE 2014...

CLIMATE NORMAL PERIOD 1981 TO 2010
CLIMATE RECORD PERIOD 1948 TO 2014

WEATHER         OBSERVED          NORMAL  DEPART  LAST YEAR`S
                 VALUE   DATE(S)  VALUE   FROM    VALUE
                                          NORMAL
.............................................................
TEMPERATURE (F)
RECORD
 HIGH              94   06/23/1954
 LOW               22   06/04/1984
                        06/03/1954
HIGHEST            86   06/26        MM      MM       90
LOWEST             29   06/09        MM      MM       30
AVG. MAXIMUM     72.6              72.5     0.1     80.5
AVG. MINIMUM     40.7              41.9    -1.2     44.4
MEAN             56.7              57.2    -0.5     62.4
DAYS MAX >= 90      0               0.2                3
DAYS MAX <= 32      0               0.0                0
DAYS MIN <= 32      3               1.3                1
DAYS MIN <= 0       0               0.0                0

PRECIPITATION (INCHES)
RECORD
 MAXIMUM         4.75   1991
 MINIMUM         0.24   2012
TOTALS           0.76              1.54   -0.78     0.44
DAYS >= .01         6               8.5    -2.5        4
DAYS >= .10         3               4.0    -1.0        2
DAYS >= .50         0               0.7    -0.7        0
DAYS >= 1.00        0               0.2    -0.2        0
GREATEST
 24 HR. TOTAL    0.25   06/23 TO 06/23

DEGREE_DAYS
HEATING TOTAL     242               241       1      103
 SINCE 7/1       8632              8830    -198     8570
COOLING TOTAL       3                 7      -4       36
 SINCE 1/1          3                 7      -4       36
..............................................................

WIND (MPH)
AVERAGE WIND SPEED              12.2
HIGHEST WIND SPEED/DIRECTION    45/260    DATE  06/14
HIGHEST GUST SPEED/DIRECTION    55/260    DATE  06/14

SKY COVER
POSSIBLE SUNSHINE (PERCENT)   MM
AVERAGE SKY COVER           0.10
NUMBER OF DAYS FAIR           26
NUMBER OF DAYS PC              4
NUMBER OF DAYS CLOUDY          0

AVERAGE RH (PERCENT)     54

WEATHER CONDITIONS. NUMBER OF DAYS WITH
THUNDERSTORM              0     MIXED PRECIP               0
HEAVY RAIN                2     RAIN                       3
LIGHT RAIN                9     FREEZING RAIN              0
LT FREEZING RAIN          0     HAIL                       0
HEAVY SNOW                0     SNOW                       0
LIGHT SNOW                0     SLEET                      0
FOG                       5     FOG W/VIS <= 1/4 MILE      1
HAZE                      3

-  INDICATES NEGATIVE NUMBERS.
R  INDICATES RECORD WAS SET OR TIED.
MM INDICATES DATA IS MISSING.
T  INDICATES TRACE AMOUNT.

$$




U.S. Dept. of Commerce
NOAA National Weather Service
1325 East West Highway
Silver Spring, MD 20910
E-mail: w-nws.webmaster@noaa.gov
Page last modified: May 16, 2007
NATIONAL WEATHER SERVICE: for Safety, for Work, for Fun - FOR LIFE