733
CXUS55 KCYS 082117
CLMLAR


CLIMATE REPORT
NATIONAL WEATHER SERVICE CHEYENNE WY
216 PM MST MON DEC 8 2014

...................................

...THE LARAMIE WY AIRPORT CLIMATE SUMMARY FOR THE MONTH OF NOVEMBER 2014...

CLIMATE NORMAL PERIOD 1981 TO 2010
CLIMATE RECORD PERIOD 1948 TO 2014

WEATHER         OBSERVED          NORMAL  DEPART  LAST YEAR`S
                 VALUE   DATE(S)  VALUE   FROM    VALUE
                                          NORMAL
.............................................................
TEMPERATURE (F)
RECORD
 HIGH              70   11/15/1999
 LOW              -26   11/25/1993
HIGHEST            64   11/01        MM      MM       59
LOWEST            -24   11/13        17     -41       -5
AVG. MAXIMUM     40.8              41.3    -0.5     44.6
AVG. MINIMUM     15.1              17.4    -2.3     19.4
MEAN             28.0              29.3    -1.3     32.0
DAYS MAX >= 90      0               0.0                0
DAYS MAX <= 32      8               7.8                4
DAYS MIN <= 32     26              27.6               30
DAYS MIN <= 0       5               2.6                1

PRECIPITATION (INCHES)
RECORD
 MAXIMUM         2.62   1983
 MINIMUM         0.00   1949
TOTALS           0.54              0.54    0.00     0.46
DAYS >= .01         9               5.7     3.3        5
DAYS >= .10         2               1.9     0.1        2
DAYS >= .50         0               0.1    -0.1        0
DAYS >= 1.00        0               0.0     0.0        0
GREATEST
 24 HR. TOTAL    0.22   11/02 TO 11/03

DEGREE_DAYS
HEATING TOTAL    1105              1069      36      981
 SINCE 7/1       2128              2312    -184     2122
COOLING TOTAL       0                 0       0        0
 SINCE 1/1         67                67       0      162
..............................................................

WIND (MPH)
AVERAGE WIND SPEED              13.8
HIGHEST WIND SPEED/DIRECTION    46/270    DATE  11/25
HIGHEST GUST SPEED/DIRECTION    59/270    DATE  11/25

SKY COVER
POSSIBLE SUNSHINE (PERCENT)   MM
AVERAGE SKY COVER           0.30
NUMBER OF DAYS FAIR           16
NUMBER OF DAYS PC             12
NUMBER OF DAYS CLOUDY          1

AVERAGE RH (PERCENT)     58

WEATHER CONDITIONS. NUMBER OF DAYS WITH
THUNDERSTORM              0     MIXED PRECIP               0
HEAVY RAIN                0     RAIN                       0
LIGHT RAIN                4     FREEZING RAIN              0
LT FREEZING RAIN          0     HAIL                       0
HEAVY SNOW                0     SNOW                       4
LIGHT SNOW               12     SLEET                      0
FOG                      14     FOG W/VIS <= 1/4 MILE      4
HAZE                      3

-  INDICATES NEGATIVE NUMBERS.
R  INDICATES RECORD WAS SET OR TIED.
MM INDICATES DATA IS MISSING.
T  INDICATES TRACE AMOUNT.

$$




U.S. Dept. of Commerce
NOAA National Weather Service
1325 East West Highway
Silver Spring, MD 20910
E-mail: w-nws.webmaster@noaa.gov
Page last modified: May 16, 2007
NATIONAL WEATHER SERVICE: for Safety, for Work, for Fun - FOR LIFE